NOAA-Style Climate Reports


Report for 2012 April
                   MONTHLY CLIMATOLOGICAL SUMMARY for APR. 2012

NAME: Vantage Pro Plus   CITY: Sand Point   STATE: MI 
ELEV:   598 ft  LAT:  43° 54' 37" N  LONG:  83° 23' 03" W

                   TEMPERATURE (°F), RAIN  (in), WIND SPEED (mph)

                                      HEAT  COOL        AVG
    MEAN                              DEG   DEG         WIND                 DOM
DAY TEMP  HIGH   TIME   LOW    TIME   DAYS  DAYS  RAIN  SPEED HIGH   TIME    DIR
------------------------------------------------------------------------------------
 1  42.8  50.8   5:15p  38.4  12:45a  22.2   0.0  0.00   7.4  22.0   6:30a    NE
 2  42.6  49.8   3:00p  36.8   7:15a  22.4   0.0  0.00   5.7  22.0   4:00p   ENE
 3  45.6  55.4   6:15p  37.4   1:15a  19.4   0.0  0.00   4.1  26.0  11:15a     S
 4  45.9  54.0  12:00p  41.7   1:00a  19.1   0.0  0.00   6.9  28.0   3:30p    NE
 5  38.9  44.3  12:15a  36.5   7:45a  26.1   0.0  0.00  10.2  28.0  12:45a    NE
 6  43.1  48.8   3:15p  38.8   4:00a  21.9   0.0  0.00   6.5  20.0   2:30a     N
 7  48.1  60.5   4:45p  36.4   6:30a  16.9   0.0  0.00   3.3  14.0   8:30p   ESE
 8  52.9  60.5   1:45p  45.7  12:00m  12.1   0.0  0.00   7.9  31.0   5:15p    NW
 9  49.4  58.1   4:00p  42.8   1:45a  15.6   0.0  0.00   5.4  27.0  12:00m    NW
10  42.3  51.4   1:30p  37.8  11:30p  22.7   0.0  0.00  11.3  32.0   6:45p    NW
11  42.6  48.8   5:45p  38.0  12:15a  22.4   0.0  0.00   9.4  28.0   4:15a     N
12  44.5  54.1   5:00p  38.8   7:00a  20.5   0.0  0.00   3.7  20.0   7:45p   ENE
13  48.0  61.1   5:45p  36.7   7:15a  17.0   0.0  0.00   3.7  14.0   1:00p   ESE
14  58.3  68.0   3:15p  50.0   2:45a   7.1   0.4  0.00  10.0  22.0   6:30a   SSW
15  61.8  69.6   5:15p  56.2   4:30a   4.1   0.9  0.09  10.2  26.0   2:45p   SSW
16  59.7  67.8  11:30a  43.7  12:00m   5.6   0.4  0.36  18.8  47.0   5:45p     S
17  41.6  49.2   5:30p  36.2  12:00m  23.4   0.0  0.00   6.7  33.0   2:30a    NW
18  49.5  62.7   5:30p  34.9   6:30a  15.5   0.0  0.00  10.5  27.0   5:15p     S
19  50.2  56.9   1:30a  41.8  11:45p  14.8   0.0  0.00   8.6  28.0  11:45p    NE
20  42.5  46.7   9:45a  39.5   7:45p  22.5   0.0  0.44  12.8  35.0   3:15p     N
21  41.8  46.0   4:00p  38.8   6:00a  23.2   0.0  0.00  11.8  29.0  12:45a     N
22  45.5  49.7   1:45p  41.4   2:00a  19.5   0.0  0.00  10.7  26.0  11:15a     N
23  48.6  56.0   4:30p  42.5   7:00a  16.4   0.0  0.00  13.7  32.0  10:15p     N
24  50.9  60.8   3:30p  43.0   6:45a  14.1   0.0  0.00  10.9  31.0  10:15a    NW
25  51.3  59.9   6:15p  43.4   6:45a  13.7   0.0  0.00   3.6  18.0  12:30a    NW
26  48.3  54.5   4:30p  39.1  11:45p  16.7   0.0  0.03   8.2  33.0   4:30p     N
27  41.7  48.9   3:30p  36.4   5:15a  23.3   0.0  0.00   7.1  26.0  12:15a     N
28  41.8  49.4   1:30p  36.4   1:00a  23.2   0.0  0.00   4.0  19.0   6:30p   ESE
29  46.4  57.2   4:45p  37.5  12:15a  18.6   0.0  0.00   4.6  18.0   3:15p     N
30  46.5  50.7   5:30p  42.3   1:00a  18.5   0.0  0.17   5.7  16.0   3:30a   SSE
-------------------------------------------------------------------------------------
    47.1  69.6    15    34.9    18   538.5   1.7  1.09   8.1  47.0    16       N

Max >=  90.0:  0
Max <=  32.0:  0
Min <=  32.0:  0
Min <=   0.0:  0
Max Rain: 0.44 ON 04/20/12
Days of Rain: 5 (>.01 in) 3 (>.1 in) 0 (>1 in)
Heat Base:  65.0  Cool Base:  65.0  Method: Integration