NOAA-Style Climate Reports


Report for 2012 May
                   MONTHLY CLIMATOLOGICAL SUMMARY for MAY. 2012

NAME: Vantage Pro Plus   CITY: Sand Point   STATE: MI 
ELEV:   598 ft  LAT:  43° 54' 37" N  LONG:  83° 23' 03" W

                   TEMPERATURE (°F), RAIN  (in), WIND SPEED (mph)

                                      HEAT  COOL        AVG
    MEAN                              DEG   DEG         WIND                 DOM
DAY TEMP  HIGH   TIME   LOW    TIME   DAYS  DAYS  RAIN  SPEED HIGH   TIME    DIR
------------------------------------------------------------------------------------
 1  52.0  57.2   3:30p  47.2   1:15a  13.0   0.0  0.00   2.4  11.0   7:00a     N
 2  58.5  74.2   6:15p  47.4   5:30a   7.5   1.1  0.00   5.1  17.0  10:00a   SSE
 3  61.3  78.8   3:30p  51.6   8:15a   4.9   1.2  0.39   5.7  30.0   8:15a     S
 4  55.3  61.0   5:00a  50.7  11:30p   9.7   0.0  0.00   5.0  22.0   3:00p    NE
 5  48.3  50.8  12:30a  46.9   9:30p  16.7   0.0  0.00   9.1  27.0  10:30a    NE
 6  52.1  62.4   6:00p  46.9   2:30a  12.9   0.0  0.00   6.0  20.0   9:15p    NE
 7  54.5  58.2  11:15a  52.0   7:45a  10.5   0.0  0.02   2.9  17.0   2:00a   ESE
 8  58.0  66.2   7:30p  52.3  12:00m   7.0   0.0  0.00   2.5  17.0   9:00p     N
 9  53.2  57.9   1:15p  50.4   7:30a  11.8   0.0  0.00   4.2  18.0   6:45a    NE
10  54.0  61.4   5:30p  45.5   6:45a  11.0   0.0  0.00   4.7  18.0  12:45a     N
11  62.5  73.7   5:00p  53.4   6:00a   4.7   2.1  0.00   3.9  14.0   3:45p   SSW
12  62.9  67.5   6:00p  58.4  12:00m   2.2   0.1  0.00   4.1  19.0  10:45a   SSW
13  59.7  64.9   5:45p  54.7   6:30a   5.3   0.0  0.00   3.7  13.0   4:15a    NE
14  64.7  75.4   4:45p  54.7   2:15a   3.5   3.2  0.00   3.9  11.0   8:15a     S
15  68.2  80.0   4:00p  57.4  11:00p   1.8   4.9  0.13   5.8  32.0  10:00p   SSW
16  54.7  62.7   2:15p  46.9  12:00m  10.3   0.0  0.11   6.3  25.0   7:45a     N
17  54.8  64.6   6:30p  46.6  12:15a  10.2   0.0  0.00   3.3  13.0   3:30p   SSE
18  63.6  74.5   7:00p  53.7  12:30a   3.9   2.5  0.00   5.2  18.0   2:30a     S
19  70.5  84.8   2:45p  58.1   6:00a   1.5   7.1  0.00   2.4  14.0   4:15p     S
20  76.0  87.1  12:45p  64.9   4:45a   0.0  11.0  0.00   4.6  17.0   8:00p     S
21  67.0  73.9  12:15a  58.7   9:30p   1.4   3.5  0.01   4.9  24.0  11:00p     N
22  58.7  63.3   6:30p  54.1   7:00a   6.3   0.0  0.00   8.1  25.0   5:15a     N
23  62.5  71.0   1:00p  53.2   3:30a   3.7   1.2  0.00   3.2  16.0   4:00p     N
24  73.6  83.6   3:00p  62.8   4:30a   0.4   8.9  0.00   7.0  21.0   2:30p     S
25  75.2  80.2   5:30p  70.6  12:00m   0.0  10.2  0.00   8.3  26.0   2:30a     S
26  63.6  70.6  12:15a  60.1   5:45a   2.0   0.6  0.00   4.5  17.0   3:00p    NE
27  64.7  70.6   7:45p  59.3   8:45a   1.7   1.4  0.56   4.2  32.0  10:15a     S
28  76.0  86.5   4:45p  65.1   3:15a   0.0  11.0  0.00   3.9  12.0   6:30p   SSW
29  73.0  79.3  12:15a  66.0  12:00m   0.0   8.0  0.00   6.8  28.0   7:30p   WSW
30  61.0  68.5   1:00p  52.2  11:00p   4.2   0.1  0.00   3.9  19.0  12:00m    NW
31  53.1  57.4   2:15p  48.8   6:00a  11.9   0.0  0.00   7.3  22.0   1:45a    NE
-------------------------------------------------------------------------------------
    61.7  87.1    20    45.5    10   180.0  78.1  1.22   4.9  32.0    15       S

Max >=  90.0:  0
Max <=  32.0:  0
Min <=  32.0:  0
Min <=   0.0:  0
Max Rain: 0.56 ON 05/27/12
Days of Rain: 5 (>.01 in) 4 (>.1 in) 0 (>1 in)
Heat Base:  65.0  Cool Base:  65.0  Method: Integration