NOAA-Style Climate Reports


Report for 2012 June
                   MONTHLY CLIMATOLOGICAL SUMMARY for JUN. 2012

NAME: Vantage Pro Plus   CITY: Sand Point   STATE: MI 
ELEV:   598 ft  LAT:  43° 54' 37" N  LONG:  83° 23' 03" W

                   TEMPERATURE (°F), RAIN  (in), WIND SPEED (mph)

                                      HEAT  COOL        AVG
    MEAN                              DEG   DEG         WIND                 DOM
DAY TEMP  HIGH   TIME   LOW    TIME   DAYS  DAYS  RAIN  SPEED HIGH   TIME    DIR
------------------------------------------------------------------------------------
 1  52.5  54.0   7:15p  51.3  11:15p  12.5   0.0  0.44   8.2  32.0  12:00p    NE
 2  55.9  63.5   3:45p  49.4   6:00a   9.1   0.0  0.06  10.7  39.0  10:00a     W
 3  61.4  72.5   3:45p  56.8  12:15a   4.2   0.6  0.00   5.7  28.0   1:45a     W
 4  58.9  63.2   1:00p  55.6   6:45a   6.1   0.0  0.01   7.4  22.0   6:45a     N
 5  60.4  67.3   4:30p  54.8   5:45a   4.8   0.2  0.00   4.6  24.0   1:45a    NE
 6  64.0  74.0   1:15p  56.0   5:15a   3.3   2.3  0.00   1.8  17.0  10:30a   NNW
 7  67.3  76.1   3:00p  59.3   6:00a   1.6   3.9  0.00   1.6  11.0   6:45p     N
 8  69.8  77.0   2:30p  61.9   4:15a   0.4   5.2  0.00   3.9  19.0   3:30p   WSW
 9  73.9  82.6   4:30p  67.0   5:15a   0.0   8.9  0.07   3.1  14.0  10:30p    SW
10  78.2  89.0   4:00p  68.8   6:15a   0.0  13.2  0.00   1.9  12.0  12:45a   WSW
11  75.4  80.4   5:45p  71.5   7:00a   0.0  10.4  0.00   6.6  20.0   8:15p     S
12  70.1  76.3   1:45p  57.9  12:00m   0.7   5.8  0.06   7.1  30.0   8:15p    NW
13  58.5  65.2   1:15p  53.1   5:15a   6.5   0.0  0.00   5.8  27.0   1:15a     N
14  64.6  77.0   7:00p  50.8   3:45a   4.3   3.9  0.00   3.4  16.0  10:00p   ESE
15  70.9  79.5   6:00p  62.4   2:00a   0.6   6.5  0.00   3.5  13.0   5:15p     S
16  76.0  85.2   3:00p  66.4   5:00a   0.0  11.0  0.00   4.2  16.0   6:15p     S
17  73.8  77.7   6:00p  70.0  12:15p   0.0   8.8  0.04   5.2  26.0   5:00a     S
18  73.2  82.6   5:45p  64.3   6:45a   0.0   8.2  0.05   5.9  25.0   2:15p     S
19  81.0  86.9   2:30p  76.5  12:15a   0.0  16.0  0.00   4.6  18.0   4:15a    SW
20  82.4  88.2   3:45p  76.3   6:30a   0.0  17.4  0.00   4.8  17.0  10:45a   SSW
21  77.5  85.9  12:45p  72.1   3:45p   0.0  12.5  0.01   6.3  26.0   2:00p     S
22  70.2  78.0   1:00p  63.6   6:45a   0.1   5.2  0.36   1.9  18.0   3:30p   NNE
23  71.1  78.9   1:45p  62.5   6:00a   0.4   6.5  0.00   1.4   8.0   1:00p     E
24  71.4  80.8   2:30p  67.0  11:15p   0.0   6.4  0.16   4.1  19.0   6:00p     S
25  65.7  70.3   6:15p  62.1   4:30a   0.9   1.6  0.01   7.9  27.0   4:15a     N
26  70.4  78.8   5:15p  62.2   4:00a   0.6   5.9  0.00   3.1  17.0   5:45a   WSW
27  74.3  83.4   5:15p  63.9   7:00a   0.0   9.4  0.00   1.1  13.0  11:15a    SW
28  79.7  91.1   7:15p  71.6   6:30a   0.0  14.7  0.00   1.9  13.0   9:00a    SW
29  79.4  89.0   5:30p  73.3   6:00a   0.0  14.4  0.00   3.0  16.0   7:45a   WNW
30  79.4  91.1   5:15p  71.0  12:00m   0.0  14.4  0.00   4.5  21.0   8:00a   WSW
-------------------------------------------------------------------------------------
    70.2  91.1    28    49.4     2    56.1 213.3  1.27   4.5  39.0     2       S

Max >=  90.0:  2
Max <=  32.0:  0
Min <=  32.0:  0
Min <=   0.0:  0
Max Rain: 0.44 ON 06/01/12
Days of Rain: 8 (>.01 in) 3 (>.1 in) 0 (>1 in)
Heat Base:  65.0  Cool Base:  65.0  Method: Integration