NOAA-Style Climate Reports


Report for 2012 August
                   MONTHLY CLIMATOLOGICAL SUMMARY for AUG. 2012

NAME: Vantage Pro Plus   CITY: Sand Point   STATE: MI 
ELEV:   598 ft  LAT:  43° 54' 37" N  LONG:  83° 23' 03" W

                   TEMPERATURE (°F), RAIN  (in), WIND SPEED (mph)

                                      HEAT  COOL        AVG
    MEAN                              DEG   DEG         WIND                 DOM
DAY TEMP  HIGH   TIME   LOW    TIME   DAYS  DAYS  RAIN  SPEED HIGH   TIME    DIR
------------------------------------------------------------------------------------
 1  73.6  79.7   6:00p  67.0   7:00a   0.0   8.6  0.00   2.9  18.0  12:45a     N
 2  74.5  79.1   8:00p  69.3   6:45a   0.0   9.5  0.03   3.5  27.0   9:00a   SSW
 3  75.1  80.0   1:30p  72.1   6:00a   0.0  10.1  0.00   5.7  26.0   4:15p    NE
 4  80.2  88.8   1:15p  71.8   4:15a   0.0  15.2  0.00   1.6   8.0  11:00p     S
 5  77.2  84.2   2:30p  70.0  12:00m   0.0  12.2  0.00   7.4  28.0   1:30p    NW
 6  72.8  80.2   4:45p  62.4   7:00a   0.2   7.9  0.00   3.0  16.0  12:00m   SSW
 7  74.8  84.6   5:00p  66.4   7:00a   0.0   9.8  0.46   3.7  21.0   6:15p   SSW
 8  71.9  78.0   3:30p  67.8   8:00a   0.0   6.9  0.00   4.6  20.0   2:30a     N
 9  67.6  70.5  12:15a  64.4   9:00a   0.0   2.6  0.37   5.3  28.0   9:45p    NE
10  64.8  66.7   3:15a  62.2  11:30p   0.5   0.3  2.87  14.7  41.0  11:15p    NE
11  65.7  68.1   1:45p  63.8   9:45p   0.2   1.0  0.26   7.2  28.0  12:15a     N
12  70.0  77.0   3:15p  64.4  12:15a   0.0   5.0  0.00   3.3  16.0  11:00p    NW
13  68.0  73.2   1:30p  63.9   6:00p   0.0   3.1  0.12   1.0  12.0  12:15a   WNW
14  68.3  74.2   5:15p  62.8   6:15a   0.3   3.6  0.03   0.9  10.0   2:30p   WSW
15  71.5  78.9   5:15p  65.4   7:15a   0.0   6.5  0.00   1.6  13.0   8:15a    SW
16  71.4  78.6  12:30p  65.9  12:00m   0.0   6.4  0.04   5.3  24.0  10:30p     S
17  67.7  74.5   5:15p  62.4   8:00a   0.3   3.0  0.00   5.9  24.0   9:00p    NW
18  67.2  73.5   4:00p  59.2   7:00a   1.3   3.5  0.00   3.4  16.0   2:45p    SW
19  66.0  72.8   1:30p  61.9   5:45a   0.6   1.6  0.01   2.0  29.0   4:15p     N
20  66.1  74.2   1:45p  58.2   6:45a   1.6   2.7  0.01   1.7  11.0   7:45a     N
21  68.9  76.3   4:30p  61.3   7:30a   0.8   4.7  0.00   2.0  11.0   1:45p   SSW
22  71.8  79.3   5:00p  64.9   5:30a   0.0   6.8  0.00   2.3  13.0   1:45p   SSW
23  73.5  83.8   5:00p  63.8   7:15a   0.1   8.6  0.00   1.0   7.0   3:00p   SSW
24  76.1  86.1   4:45p  67.8   6:15a   0.0  11.1  0.00   2.3  12.0   3:00p     S
25  76.7  87.1   1:30p  68.5   7:00a   0.0  11.7  0.00   3.1  12.0   3:00p     S
26  78.0  88.2   3:45p  69.8   6:45a   0.0  13.0  0.35   3.9  13.0   7:00p     S
27  74.9  81.9   5:45p  71.0   2:45a   0.0   9.9  0.33   2.2  18.0   7:45p     N
28  68.8  75.6   1:15p  63.9  12:00m   0.0   3.9  0.00   5.2  22.0   7:00a     N
29  69.0  76.5   5:15p  61.3   4:00a   0.9   4.8  0.00   1.7  11.0   1:45p   SSW
30  73.1  82.1   5:15p  63.9   7:45a   0.1   8.2  0.00   4.9  16.0   4:15p   SSW
31  76.6  85.5   5:00p  72.1   7:00a   0.0  11.6  0.00   5.3  22.0   9:15a    SW
-------------------------------------------------------------------------------------
    71.7  88.8     4    58.2    20     6.9 213.8  4.88   3.8  41.0    10     SSW

Max >=  90.0:  0
Max <=  32.0:  0
Min <=  32.0:  0
Min <=   0.0:  0
Max Rain: 2.87 ON 08/10/12
Days of Rain: 10 (>.01 in) 7 (>.1 in) 1 (>1 in)
Heat Base:  65.0  Cool Base:  65.0  Method: Integration