NOAA-Style Climate Reports


Report for 2012 September
                   MONTHLY CLIMATOLOGICAL SUMMARY for SEP. 2012

NAME: Vantage Pro Plus   CITY: Sand Point   STATE: MI 
ELEV:   598 ft  LAT:  43° 54' 37" N  LONG:  83° 23' 03" W

                   TEMPERATURE (°F), RAIN  (in), WIND SPEED (mph)

                                      HEAT  COOL        AVG
    MEAN                              DEG   DEG         WIND                 DOM
DAY TEMP  HIGH   TIME   LOW    TIME   DAYS  DAYS  RAIN  SPEED HIGH   TIME    DIR
------------------------------------------------------------------------------------
 1  71.2  78.2   1:15p  66.7   7:15a   0.0   6.2  0.00   6.2  22.0   3:45p     N
 2  71.9  81.5   1:30p  67.3  11:45p   0.0   6.9  0.00   5.2  22.0   5:00p    NE
 3  71.0  79.5   2:15p  62.8   5:30a   0.3   6.3  0.00   2.5  17.0   3:30p   ESE
 4  72.1  77.7   5:15p  69.6  11:00a   0.0   7.1  0.06   1.8  12.0   8:15a   NNE
 5  72.8  82.4   2:00p  68.0   6:45a   0.0   7.8  0.03   2.9  31.0   3:00p     S
 6  72.5  81.5   5:15p  64.9   7:30a   0.0   7.5  0.00   1.0  11.0  12:45a     N
 7  68.7  71.8  12:30p  60.8  10:15p   0.5   4.1  0.29   2.6  32.0   9:45p     N
 8  63.6  71.5   1:30p  59.3   7:45a   2.4   0.9  0.07   7.1  26.0   8:30a    NW
 9  63.6  69.6   5:15p  58.7   3:45a   2.3   0.9  0.00   3.9  18.0  10:00p     N
10  65.0  72.0   5:15p  59.0   7:45a   1.7   1.7  0.00   3.2  12.0   3:15a     N
11  67.6  77.0   3:30p  57.5   6:30a   1.8   4.4  0.00   5.5  14.0   3:15p     S
12  71.1  81.0   3:45p  62.4   7:15a   0.3   6.4  0.00   5.7  14.0   3:45p     S
13  66.8  76.3   4:00p  57.4  11:15p   1.3   3.0  0.18   4.5  24.0   6:30p     N
14  61.8  70.8   2:15p  54.8   4:45a   4.2   1.0  0.25   4.4  20.0   2:15a     N
15  61.1  67.2   5:15p  57.2   7:00a   4.0   0.1  0.00   4.2  21.0   2:45a     N
16  65.4  75.4   4:00p  56.5   2:45a   2.7   3.1  0.00   3.6  19.0   9:30a    SW
17  66.9  75.8   2:15p  59.6   6:15a   1.5   3.4  0.00   5.3  12.0  11:15a     S
18  56.7  66.2   2:00a  49.8  11:45p   8.3   0.1  0.17   8.4  32.0   8:15p     N
19  55.0  64.3   5:15p  48.6   4:30a  10.0   0.0  0.00   5.3  22.0  11:15p     S
20  60.9  68.5   3:30p  54.3   5:30a   4.4   0.3  0.06   8.3  25.0   2:30a     S
21  57.9  66.5   2:45p  52.8   7:15a   7.1   0.0  0.01   4.0  25.0   5:15p   SSW
22  53.9  60.4   4:00p  49.7  12:00m  11.1   0.0  0.01   6.5  26.0   4:15p    NW
23  50.3  55.9   1:15p  46.7   5:15a  14.7   0.0  0.13   5.5  24.0   7:15a   WNW
24  53.4  61.0   4:30p  44.1   8:15a  11.6   0.0  0.00   7.7  26.0   3:00p   SSW
25  60.3  70.1   3:00p  52.3   8:15a   5.4   0.7  0.00   5.1  21.0   4:15a   SSW
26  58.1  63.6   1:45p  53.1  11:15p   6.9   0.0  0.00   4.9  18.0  11:45a     N
27  56.9  63.5   1:45p  51.3  11:00p   8.1   0.0  0.00   4.1  17.0   1:45p     N
28  55.8  63.9   1:45p  48.8   6:15a   9.2   0.0  0.00   1.3   8.0  11:00a   ENE
29  57.5  66.2   1:15p  50.8   2:00a   7.5   0.0  0.00   2.6  17.0   7:15p    SE
30  56.3  62.2   2:15p  49.8   7:00a   8.7   0.0  0.01   4.2  22.0   1:15p    NE
-------------------------------------------------------------------------------------
    62.9  82.4     5    44.1    24   136.0  71.9  1.27   4.6  32.0     7       N

Max >=  90.0:  0
Max <=  32.0:  0
Min <=  32.0:  0
Min <=   0.0:  0
Max Rain: 0.29 ON 09/07/12
Days of Rain: 9 (>.01 in) 5 (>.1 in) 0 (>1 in)
Heat Base:  65.0  Cool Base:  65.0  Method: Integration