NOAA-Style Climate Reports


Report for 2012 October
                   MONTHLY CLIMATOLOGICAL SUMMARY for OCT. 2012

NAME: Vantage Pro Plus   CITY: Sand Point   STATE: MI 
ELEV:   598 ft  LAT:  43° 54' 37" N  LONG:  83° 23' 03" W

                   TEMPERATURE (°F), RAIN  (in), WIND SPEED (mph)

                                      HEAT  COOL        AVG
    MEAN                              DEG   DEG         WIND                 DOM
DAY TEMP  HIGH   TIME   LOW    TIME   DAYS  DAYS  RAIN  SPEED HIGH   TIME    DIR
------------------------------------------------------------------------------------
 1  56.4  63.6   5:15p  51.0   3:15a   8.6   0.0  0.00   1.0   8.0   4:45a    SW
 2  59.9  66.4   1:45p  54.0   4:15a   5.2   0.1  0.00   2.8  19.0   4:30p     S
 3  61.9  65.1   1:30p  60.1  12:15a   3.1   0.0  0.02   2.1  11.0  12:30a     N
 4  63.4  71.1   5:00p  59.3   6:30a   2.7   1.1  0.16   5.3  19.0   7:45a   SSW
 5  55.5  64.6  12:15a  49.8   9:15a   9.5   0.0  0.00   8.7  29.0   1:45a   WSW
 6  48.3  54.0   2:15p  43.5  11:30p  16.7   0.0  0.00   7.9  30.0   7:45a     W
 7  46.0  51.4   1:15p  41.7   5:00a  19.0   0.0  0.00   4.1  19.0   9:15p    NW
 8  46.9  55.6   4:15p  38.1   8:00a  18.1   0.0  0.00   5.8  19.0   1:15a     S
 9  52.4  61.0   3:45p  43.4  12:15a  12.6   0.0  0.00  12.2  22.0   3:15p     S
10  46.0  55.1  12:15a  42.7   9:45p  19.0   0.0  0.13   8.9  31.0   4:30p     W
11  45.6  55.3   1:45p  37.1   5:30a  19.4   0.0  0.02   9.3  35.0   3:00p     S
12  43.6  49.8   1:45p  39.7   6:30a  21.4   0.0  0.01   5.6  22.0   1:45a     N
13  44.2  52.8  11:00p  37.2   6:15a  20.8   0.0  0.20   5.5  16.0   2:30p     S
14  59.2  65.7   5:15p  50.6  12:45a   5.9   0.0  0.48   8.0  32.0   5:00p     S
15  48.6  57.1  12:15a  45.3  12:00m  16.4   0.0  0.03   9.0  34.0   5:30a    NW
16  47.7  55.0   5:00p  40.5   7:15a  17.3   0.0  0.01   2.8  20.0   1:30a   WSW
17  58.5  69.1   2:45p  49.8  12:15a   7.0   0.5  0.06   6.6  19.0   2:45p     S
18  55.9  60.5  12:30a  51.3  10:00p   9.1   0.0  0.11   7.7  28.0  10:30a     S
19  51.2  55.4   2:00p  48.5  12:00m  13.8   0.0  0.05   3.6  27.0   3:00p     S
20  49.6  53.5   4:45p  47.3   4:30a  15.4   0.0  0.14   3.1  19.0   2:45p    NW
21  50.9  58.7   4:30p  46.1   6:00a  14.1   0.0  0.00   3.4  17.0   5:15a   SSW
22  54.1  65.5   1:45p  45.5   7:30a  10.9   0.0  0.33   2.2  12.0   3:15p   SSW
23  56.1  58.5  12:15a  54.1   8:30a   8.9   0.0  0.20   2.8  16.0   9:15a   ESE
24  59.6  69.6   2:45p  55.3   2:45a   5.6   0.2  0.10   2.5  12.0   3:30p    SE
25  66.0  74.4   4:30p  59.5   6:45a   1.7   2.7  0.00  11.1  30.0   2:30p     S
26  51.4  67.5  12:15a  46.7  12:00m  13.8   0.2  0.00   7.4  30.0   2:15a    NW
27  46.7  52.2   1:45p  44.0   3:45a  18.3   0.0  0.00   8.7  26.0   1:30a     N
28  44.8  47.6   1:45p  43.3   7:45a  20.2   0.0  0.00  14.8  33.0   8:45a     N
29  44.3  46.0  12:15a  41.3  12:00m  20.7   0.0  0.00  20.2  47.0  10:30p     N
30  41.4  43.5   2:45p  39.0   4:00a  23.6   0.0  0.34  24.8  51.0   5:15a     N
31  41.2  42.7   6:45p  38.8  10:00a  23.8   0.0  0.11  10.1  37.0   2:00a    NW
-------------------------------------------------------------------------------------
    51.5  74.4    25    37.1    11   422.6   4.8  2.50   7.4  51.0    30       S

Max >=  90.0:  0
Max <=  32.0:  0
Min <=  32.0:  0
Min <=   0.0:  0
Max Rain: 0.48 ON 10/14/12
Days of Rain: 16 (>.01 in) 10 (>.1 in) 0 (>1 in)
Heat Base:  65.0  Cool Base:  65.0  Method: Integration