NOAA-Style Climate Reports


Report for 2012 November
                   MONTHLY CLIMATOLOGICAL SUMMARY for NOV. 2012

NAME: Vantage Pro Plus   CITY: Sand Point   STATE: MI 
ELEV:   598 ft  LAT:  43° 54' 37" N  LONG:  83° 23' 03" W

                   TEMPERATURE (°F), RAIN  (in), WIND SPEED (mph)

                                      HEAT  COOL        AVG
    MEAN                              DEG   DEG         WIND                 DOM
DAY TEMP  HIGH   TIME   LOW    TIME   DAYS  DAYS  RAIN  SPEED HIGH   TIME    DIR
------------------------------------------------------------------------------------
 1  43.2  48.0   3:30p  39.5  11:15p  21.8   0.0  0.01   8.6  27.0  11:45p    NW
 2  38.9  41.0   4:15p  36.2   8:45a  26.1   0.0  0.00   9.2  27.0   8:45a     N
 3  37.7  41.7   2:00p  35.9   7:45p  27.3   0.0  0.00   7.0  24.0   4:45a     N
 4  36.9  39.8  12:45p  34.4   7:45p  28.1   0.0  0.00   3.9  17.0   9:15a    NW
 5  37.1  39.1   3:00p  35.2  12:00m  27.9   0.0  0.00   5.8  22.0   6:45a     N
 6  37.6  40.5   1:30p  35.2  12:15a  27.4   0.0  0.00   2.5   8.0   8:00a   SSE
 7  39.8  46.3   2:00p  35.3   5:30a  25.2   0.0  0.00   2.8  14.0   3:30p   ENE
 8  40.5  45.0  12:30p  37.4   7:30a  24.5   0.0  0.00   2.5  12.0  12:45p   WSW
 9  42.3  45.3   4:00p  38.0   4:15a  22.7   0.0  0.00   2.2  10.0  12:30a   SSW
10  48.4  52.5   2:45p  43.0   3:15a  16.6   0.0  0.00   4.7  16.0   7:15a   ESE
11  57.2  63.6   1:00p  49.1   2:30a   7.8   0.0  0.00  15.6  36.0   9:00p     S
12  44.8  59.3  12:15a  33.4  11:30p  20.2   0.0  0.16  14.1  34.0   6:45p   WSW
13  35.0  40.8   3:00p  31.2   7:15a  30.0   0.0  0.00   8.0  28.0  12:45a     W
14  34.2  37.7   4:15p  28.7   7:45a  30.8   0.0  0.00   4.0  13.0  11:15p     S
15  36.9  43.8   1:15p  30.6   6:15a  28.1   0.0  0.00   2.6  12.0   1:15p     S
16  39.9  46.4   2:30p  34.7   4:45a  25.1   0.0  0.00   2.4  10.0   1:00a     W
17  38.2  45.7   3:00p  30.9   8:00a  26.8   0.0  0.00   2.1   8.0  10:45a    NE
18  39.2  44.8   1:00p  36.1   7:00a  25.8   0.0  0.00   3.3  11.0   6:45a   SSE
19  41.1  50.8   2:30p  33.7   7:30a  23.9   0.0  0.00   1.4   7.0   3:30p     E
20  42.0  47.2   1:00p  37.4   7:45a  23.0   0.0  0.00   1.2  10.0   3:15p     E
21  44.0  53.8   2:00p  37.1   5:30a  21.0   0.0  0.00   3.5  14.0  11:45p    NW
22  50.0  57.9   2:15p  43.3   3:45a  15.0   0.0  0.01  14.0  31.0  10:15p   SSW
23  40.9  52.6   5:15a  33.3  11:15p  24.1   0.0  0.01  15.5  42.0  12:15p     W
24  32.4  34.1   1:45p  30.7   7:30a  32.6   0.0  0.00   8.8  28.0  12:15a    NW
25  31.4  34.7  11:15p  28.1   5:45a  33.6   0.0  0.02  10.1  25.0   1:00p     W
26  33.0  36.4   2:00p  29.6  11:45p  32.0   0.0  0.00   7.3  25.0   2:15a     W
27  31.2  35.9  12:00p  27.8   5:45a  33.8   0.0  0.00   7.1  20.0   9:45p    NW
28  34.0  40.4   1:45p  29.3  12:15a  31.0   0.0  0.00   8.6  25.0   4:45a     W
29  36.6  42.4   2:00p  29.6   1:15a  28.4   0.0  0.00   6.2  19.0   9:15p   SSW
30  35.8  38.2   1:30p  34.3   5:30a  29.2   0.0  0.00   6.5  22.0   3:15a   ENE
-------------------------------------------------------------------------------------
    39.3  63.6    11    27.8    27   769.8   0.0  0.21   6.4  42.0    23      NW

Max >=  90.0:  0
Max <=  32.0:  0
Min <=  32.0: 10
Min <=   0.0:  0
Max Rain: 0.16 ON 11/12/12
Days of Rain: 2 (>.01 in) 1 (>.1 in) 0 (>1 in)
Heat Base:  65.0  Cool Base:  65.0  Method: Integration