NOAA-Style Climate Reports


Report for 2012 December
                   MONTHLY CLIMATOLOGICAL SUMMARY for DEC. 2012

NAME: Vantage Pro Plus   CITY: Sand Point   STATE: MI 
ELEV:   598 ft  LAT:  43° 54' 37" N  LONG:  83° 23' 03" W

                   TEMPERATURE (°F), RAIN  (in), WIND SPEED (mph)

                                      HEAT  COOL        AVG
    MEAN                              DEG   DEG         WIND                 DOM
DAY TEMP  HIGH   TIME   LOW    TIME   DAYS  DAYS  RAIN  SPEED HIGH   TIME    DIR
------------------------------------------------------------------------------------
 1  37.0  47.3  12:00m  33.1   6:30a  28.0   0.0  0.04   6.3  19.0  10:00p   SSE
 2  46.9  51.0  10:15a  43.1   1:00a  18.1   0.0  0.40   7.9  21.0   6:00a   SSW
 3  47.6  57.4  11:45p  40.1   6:15a  17.4   0.0  0.00   8.4  29.0  10:45p     S
 4  47.9  59.0   3:15a  39.0  12:00m  17.1   0.0  0.00   8.7  27.0   2:15a    SW
 5  32.9  39.0  12:15a  29.4  11:45p  32.1   0.0  0.00   7.5  26.0   1:45a    NW
 6  33.8  37.7  11:45p  29.3  12:45a  31.2   0.0  0.00   9.4  18.0   5:30a     S
 7  39.8  45.5   2:15p  37.5  12:15a  25.2   0.0  0.00   4.8  16.0  12:30a   SSW
 8  36.2  39.7  12:15a  33.9  10:15p  28.8   0.0  0.02   8.1  25.0   4:45a     N
 9  34.4  36.1   5:30a  31.6   6:15p  30.6   0.0  0.02   6.3  27.0   3:00p   ENE
10  32.5  36.8   1:15a  26.8  11:45p  32.5   0.0  0.00   6.8  25.0   8:45p    NW
11  29.8  33.9   2:30p  25.4   7:00a  35.2   0.0  0.00   8.3  30.0   9:15p   SSW
12  34.2  38.8   2:45p  31.9   4:15a  30.8   0.0  0.00   9.4  25.0   4:45a   SSW
13  36.6  42.3   2:15p  32.4   7:15a  28.4   0.0  0.00  14.8  27.0  11:45a     S
14  36.1  42.4   1:45p  32.8  10:30p  28.9   0.0  0.00   4.7  21.0  12:30a    NE
15  37.1  40.4   7:45p  33.1   3:45a  27.9   0.0  0.11   9.0  26.0   9:00p   ESE
16  43.1  46.7   1:45p  40.1  12:15a  21.9   0.0  0.04   8.7  21.0  12:15a     S
17  39.6  42.7  12:15a  35.6  11:00p  25.4   0.0  0.00   4.4  17.0   2:30a   SSW
18  35.9  39.0   2:15p  33.6   7:15p  29.1   0.0  0.00   3.2  16.0  10:45a   WSW
19  37.8  43.4   3:15p  31.9  11:30p  27.2   0.0  0.00   2.3  11.0  11:30a   WSW
20  38.3  43.3  11:00p  32.2  12:15a  26.7   0.0  0.24  11.8  39.0   3:45p   ESE
21  32.2  42.3  12:15a  28.7  12:45p  32.8   0.0  0.21  14.3  41.0  12:45p     N
22  31.6  33.3   8:45p  30.2   3:15a  33.4   0.0  0.00  10.3  38.0   2:15a    NW
23  30.0  32.2  12:15a  27.0  12:00m  35.0   0.0  0.00   7.5  24.0   3:30a    NW
24  29.0  31.8   1:00p  26.2   8:15a  36.0   0.0  0.04   4.6  22.0   7:30p     N
25  30.7  36.4   2:00p  26.6   7:45a  34.3   0.0  0.00   9.0  25.0   2:00a     N
26  30.9  31.9   6:45a  30.0  10:15p  34.1   0.0  0.03  12.3  36.0   7:15p    NE
27  28.2  33.3   3:15p  24.7  11:45p  36.8   0.0  0.05  10.1  33.0   1:15a     N
28  26.0  29.9   1:45p  22.8   7:45a  39.0   0.0  0.00   2.6  11.0   6:30p    NW
29  27.9  30.6  11:15a  25.1  12:30a  37.1   0.0  0.00   6.5  29.0  11:15a     N
30  28.4  31.6  12:30p  25.0  12:30a  36.6   0.0  0.00   9.3  28.0  10:15p   SSW
31  29.1  34.1   3:30p  24.2  12:00m  35.9   0.0  0.00  10.6  30.0   7:00a   SSW
-------------------------------------------------------------------------------------
    34.9  59.0     4    22.8    28   933.5   0.0  1.20   8.0  41.0    21       N

Max >=  90.0:  0
Max <=  32.0:  5
Min <=  32.0: 18
Min <=   0.0:  0
Max Rain: 0.40 ON 12/02/12
Days of Rain: 11 (>.01 in) 4 (>.1 in) 0 (>1 in)
Heat Base:  65.0  Cool Base:  65.0  Method: Integration