NOAA-Style Climate Reports


Report for 2013 January
                   MONTHLY CLIMATOLOGICAL SUMMARY for JAN. 2013

NAME: Vantage Pro Plus   CITY: Sand Point   STATE: MI 
ELEV:   598 ft  LAT:  43° 54' 37" N  LONG:  83° 23' 03" W

                   TEMPERATURE (°F), RAIN  (in), WIND SPEED (mph)

                                      HEAT  COOL        AVG
    MEAN                              DEG   DEG         WIND                 DOM
DAY TEMP  HIGH   TIME   LOW    TIME   DAYS  DAYS  RAIN  SPEED HIGH   TIME    DIR
------------------------------------------------------------------------------------
 1  23.4  26.6   1:45p  20.6  11:30p  41.6   0.0  0.00   6.8  22.0   7:30p   NNW
 2  23.4  27.0   4:00p  19.5   1:45a  41.6   0.0  0.00   7.0  22.0  12:30p     W
 3  26.9  29.9   8:30p  22.5   7:15a  38.1   0.0  0.00  11.4  27.0  11:45p   SSW
 4  29.6  33.9   3:15p  27.0   8:45a  35.4   0.0  0.00  14.7  33.0   1:30a   WSW
 5  29.8  34.9   3:30p  21.2   8:15a  35.2   0.0  0.00   8.0  22.0  10:00p   SSW
 6  33.4  35.2   2:00p  30.5  10:15p  31.6   0.0  0.03   9.2  26.0   6:45p   SSW
 7  31.8  35.5   3:30p  29.6   4:45a  33.2   0.0  0.00  14.4  36.0  12:15p   SSW
 8  31.5  37.1   2:15p  27.8   9:00a  33.5   0.0  0.00   9.3  27.0   1:00a   SSW
 9  36.5  42.8   3:30p  29.0   1:00a  28.5   0.0  0.01  12.0  34.0   5:30p     W
10  34.1  40.1   2:45p  28.4   8:15a  30.9   0.0  0.00   4.2  13.0  11:45p    SW
11  39.3  47.0   5:45p  35.0   1:30a  25.7   0.0  0.42  10.6  24.0   3:45a   SSE
12  43.0  50.6  12:45p  37.1  12:15a  22.0   0.0  0.00  10.4  24.0   9:45a   SSW
13  36.2  42.8  12:15a  29.6  12:00m  28.8   0.0  0.44   4.6  26.0  11:45p   WNW
14  25.4  30.3   2:00p  22.2   9:00a  39.6   0.0  0.00   8.7  26.0   2:45a     W
15  24.9  28.7   2:00p  22.6   8:15a  40.1   0.0  0.00   6.2  18.0   1:00a   SSW
16  27.7  33.6   6:00p  21.2   8:15a  37.3   0.0  0.00  11.4  32.0  12:30p   SSW
17  22.7  32.1  12:15a  15.3  11:30p  42.3   0.0  0.00   7.0  30.0   7:15p     N
18  22.3  34.6  11:00p  14.0   6:30a  42.7   0.0  0.00  11.9  29.0  11:00p     S
19  36.8  39.5   7:15p  33.4  12:00m  28.2   0.0  0.06  15.0  29.0   7:15p   SSW
20  20.2  33.6   1:30a  14.7  12:00m  44.8   0.0  0.04  11.1  42.0   1:45a   WNW
21  12.8  16.9   1:00p   4.2  12:00m  52.2   0.0  0.00   9.5  29.0  12:00m     W
22   5.5  12.6   3:15p   1.0   5:30a  59.5   0.0  0.00   9.9  28.0   1:00a   WNW
23  11.6  16.3   8:30p   5.5  12:15a  53.4   0.0  0.00   7.3  22.0   8:30a     W
24  14.1  18.9   2:45p  10.4  10:00p  50.9   0.0  0.00   9.8  37.0   3:15a     N
25  16.1  20.1   3:30p  11.9  12:30a  48.9   0.0  0.00   6.9  18.0   3:30p     S
26  22.7  32.7   2:15p  16.1  11:30p  42.3   0.0  0.00   3.0  13.0  11:00a     W
27  23.7  29.4   5:00p  15.0  12:30a  41.3   0.0  0.02   7.9  20.0  11:15a     S
28  34.3  37.8  12:45p  26.9  12:15a  30.7   0.0  0.02   7.3  24.0   2:15a     S
29  38.9  47.6  11:30p  33.9   2:00a  26.1   0.0  0.75  10.2  24.0  11:00p     S
30  38.7  50.6   3:00a  31.5  12:00m  26.3   0.0  0.32   7.3  34.0  11:30p   NNW
31  22.9  31.5  12:15a  18.2  11:00p  42.1   0.0  0.00  13.0  37.0   2:00a     W
-------------------------------------------------------------------------------------
    27.1  50.6    12     1.0    22  1174.8   0.0  2.11   9.2  42.0    20       W

Max >=  90.0:  0
Max <=  32.0: 12
Min <=  32.0: 27
Min <=   0.0:  0
Max Rain: 0.75 ON 01/29/13
Days of Rain: 9 (>.01 in) 4 (>.1 in) 0 (>1 in)
Heat Base:  65.0  Cool Base:  65.0  Method: Integration