NOAA-Style Climate Reports


Report for 2013 March
                   MONTHLY CLIMATOLOGICAL SUMMARY for MAR. 2013

NAME: Vantage Pro Plus   CITY: Sand Point   STATE: MI 
ELEV:   598 ft  LAT:  43° 54' 37" N  LONG:  83° 23' 03" W

                   TEMPERATURE (°F), RAIN  (in), WIND SPEED (mph)

                                      HEAT  COOL        AVG
    MEAN                              DEG   DEG         WIND                 DOM
DAY TEMP  HIGH   TIME   LOW    TIME   DAYS  DAYS  RAIN  SPEED HIGH   TIME    DIR
------------------------------------------------------------------------------------
 1  26.4  29.7  12:15a  24.4   9:15a  38.6   0.0  0.00  12.7  27.0   2:00a     N
 2  25.2  27.9  12:15a  22.5  12:00m  39.8   0.0  0.00   8.9  25.0  12:15a     N
 3  22.1  29.4   3:00p  16.3   5:45a  42.9   0.0  0.00   5.3  18.0   1:30a     N
 4  22.6  31.3   1:15p  15.3   6:45a  42.5   0.0  0.00   3.3  13.0   3:45a    NW
 5  26.7  39.1   1:45p  18.9   7:00a  37.5   0.0  0.00   5.3  25.0   6:00p    NE
 6  33.2  41.1   1:45p  27.9   5:15a  31.8   0.0  0.00   5.2  20.0  12:15a    NE
 7  31.4  37.1   4:30p  24.2  11:45p  32.2   0.0  0.00   3.9  14.0   7:45a     N
 8  30.1  38.5   4:00p  24.2  12:30a  34.2   0.0  0.00   2.2  10.0   7:00a    NW
 9  33.4  39.1   2:10p  27.9   6:15a  31.5   0.0  0.01   7.2  17.0  11:00p   WSW
10  39.5  44.4   2:40p  34.2  12:40a  24.1   0.0  0.01   6.8  21.0  11:30p     S
11  40.0  43.7  12:50p  35.7   2:50a  25.0   0.0  0.15  10.6  25.0  10:50p   SSE
12  33.2  36.1  12:10a  30.0  12:00m  31.8   0.0  0.00  10.0  26.0  12:40a    SW
13  28.3  33.6   5:00p  23.9   8:30a  36.7   0.0  0.00  10.7  31.0  10:00p    NW
14  29.7  36.3   5:30p  24.2   4:00a  35.3   0.0  0.00   6.5  25.0  12:40a   SSW
15  33.5  40.9   3:40p  30.1  12:00m  31.5   0.0  0.00   7.6  24.0   5:30a   WSW
16  26.0  30.1  12:10a  22.4   9:30p  39.0   0.0  0.03   7.4  24.0   2:50a    NE
17  22.4  25.3   1:20p  18.6  12:00m  42.6   0.0  0.00   7.8  30.0   7:00a     N
18  27.7  33.6  12:00p  18.6  12:10a  37.3   0.0  0.06   7.2  26.0   3:40p    SE
19  26.7  33.0   1:50a  23.1   8:20a  38.3   0.0  0.00  14.9  36.0   5:10a   WSW
20  24.9  29.2   2:10p  21.7  11:50p  40.1   0.0  0.00   9.9  25.0   1:50a     W
21  26.5  32.0   2:20p  20.4   5:10a  38.5   0.0  0.00   8.7  24.0   2:10a    NW
22  30.0  35.2   2:50p  25.6   4:50a  35.0   0.0  0.00   7.6  25.0   2:50a   WNW
23  31.7  36.0   4:40p  28.4   7:50a  33.3   0.0  0.00   5.3  15.0  12:20a    SW
24  31.7  35.3   3:50p  28.7   1:50a  33.3   0.0  0.00   7.7  26.0   5:00p    NE
25  34.7  38.0   2:30p  32.1  12:10a  30.3   0.0  0.00  11.0  28.0   9:10a    NE
26  36.8  46.1   1:40p  33.1   3:50a  28.2   0.0  0.00   4.6  16.0  10:20p   NNW
27  36.9  45.7   2:20p  33.2   5:20a  28.1   0.0  0.00   6.1  23.0  12:00p   WNW
28  39.3  49.0   5:40p  33.6   7:40a  25.7   0.0  0.00   5.6  17.0  12:30a    NW
29  38.3  50.4   4:00p  32.1   7:30a  26.7   0.0  0.00   3.8  14.0   9:30p    NW
30  39.9  53.3   2:30p  28.1   6:30a  25.1   0.0  0.00   2.8  15.0   4:30p     E
31  43.7  53.5   3:30p  36.5  12:00m  21.3   0.0  0.03  10.1  28.0  11:50p     S
-------------------------------------------------------------------------------------
    31.4  53.5    31    15.3     4  1038.2   0.0  0.29   7.3  36.0    19      NW

Max >=  90.0:  0
Max <=  32.0:  8
Min <=  32.0: 23
Min <=   0.0:  0
Max Rain: 0.15 ON 03/11/13
Days of Rain: 4 (>.01 in) 1 (>.1 in) 0 (>1 in)
Heat Base:  65.0  Cool Base:  65.0  Method: Integration