NOAA-Style Climate Reports


Report for 2013 April
                   MONTHLY CLIMATOLOGICAL SUMMARY for APR. 2013

NAME: Vantage Pro Plus   CITY: Sand Point   STATE: MI 
ELEV:   598 ft  LAT:  43° 54' 37" N  LONG:  83° 23' 03" W

                   TEMPERATURE (°F), RAIN  (in), WIND SPEED (mph)

                                      HEAT  COOL        AVG
    MEAN                              DEG   DEG         WIND                 DOM
DAY TEMP  HIGH   TIME   LOW    TIME   DAYS  DAYS  RAIN  SPEED HIGH   TIME    DIR
------------------------------------------------------------------------------------
 1  30.0  36.5  12:10a  27.0  12:00m  34.5   0.0  0.00  11.5  34.0   2:40a    NW
 2  30.5  38.6   4:40p  25.0   3:50a  34.5   0.0  0.00   9.3  28.0   7:50p    NW
 3  32.0  39.3   5:30p  25.4   4:00a  33.0   0.0  0.00   7.9  23.0   8:10a    NW
 4  39.7  51.7   3:50p  30.6   7:00a  25.3   0.0  0.00  10.7  25.0   9:20a   SSW
 5  34.9  39.8  12:30p  28.9  11:40p  30.1   0.0  0.00   8.0  24.0   6:10a    NE
 6  35.7  43.2  11:40p  29.6   4:50a  29.3   0.0  0.00  13.3  35.0  11:30p   SSE
 7  43.6  51.0   5:50a  38.8  12:00m  21.4   0.0  0.00  10.6  37.0   1:00a    NW
 8  39.1  48.4  12:00p  30.9   6:50a  25.9   0.0  0.64   6.3  23.0   3:00p   ESE
 9  38.5  42.6   2:30p  36.5  11:20p  26.5   0.0  0.93   5.1  27.0   8:30p   NNW
10  36.8  37.7   9:20a  35.9  12:40p  28.2   0.0  0.48  11.1  33.0   4:40p    NE
11  34.0  37.7   4:20a  32.1   8:10a  31.0   0.0  0.44   7.9  33.0   8:10a   ENE
12  36.1  39.8   4:20p  32.8  12:10a  28.9   0.0  0.58   4.1  20.0   6:40a   ENE
13  37.2  41.4   2:20p  34.5   9:20a  27.8   0.0  0.01  10.8  30.0   7:40p   WSW
14  37.6  43.6   5:50p  32.9   7:20a  27.4   0.0  0.00   6.5  23.0  12:30a   ESE
15  49.6  63.5   5:30p  37.3   2:30a  15.4   0.0  0.10  10.6  26.0  11:30a     S
16  47.5  55.7   5:00p  40.0  12:00m  17.5   0.0  0.69   5.1  18.0  10:30p    SW
17  39.7  43.7  12:00m  35.7   6:50a  25.3   0.0  0.31   8.0  25.0   1:10p    NE
18  50.3  64.3   1:50p  42.2   5:30a  14.7   0.0  1.27   8.0  38.0  10:20p   SSE
19  44.9  59.3   1:10a  36.0  12:00m  20.1   0.0  0.31  18.6  45.0   1:20a    SW
20  33.2  38.6   6:00p  28.0   7:00a  31.8   0.0  0.00  10.1  34.0   5:00a   WNW
21  37.5  47.3   6:50p  28.4   6:00a  27.5   0.0  0.00   6.5  20.0   8:20p   NNE
22  45.3  58.0   6:20p  34.9   6:20a  19.7   0.0  0.00   9.3  17.0   6:40a   SSE
23  50.7  59.0  11:30a  43.5  12:00m  14.3   0.0  0.48  10.8  24.0  10:00a   SSE
24  38.8  44.6   7:10p  34.1   7:40a  26.2   0.0  0.45   7.7  24.0   2:20a     N
25  42.5  50.5   4:50p  36.8   5:00a  22.5   0.0  0.04   9.3  30.0   6:20p   SSW
26  48.1  58.4   4:40p  36.2   7:00a  16.9   0.0  0.00   8.4  24.0   9:50p   SSW
27  56.5  68.2   4:20p  46.0   6:40a   8.8   0.3  0.00   8.5  22.0   2:30a   SSW
28  55.9  67.8   1:20p  48.7   5:10a   9.2   0.1  0.00   6.9  20.0   1:20p   SSE
29  57.6  67.0   5:40p  50.1   6:20a   7.5   0.1  0.00   4.1  18.0  11:10p    SE
30  60.9  68.2   5:50p  56.1   6:40a   4.5   0.4  0.12  13.0  31.0   5:50p     S
-------------------------------------------------------------------------------------
    42.2  68.2    27    25.0     2   685.7   0.9  6.85   8.9  45.0    19     SSE

Max >=  90.0:  0
Max <=  32.0:  0
Min <=  32.0:  9
Min <=   0.0:  0
Max Rain: 1.27 ON 04/18/13
Days of Rain: 14 (>.01 in) 12 (>.1 in) 1 (>1 in)
Heat Base:  65.0  Cool Base:  65.0  Method: Integration