NOAA-Style Climate Reports


Report for 2013 June
                   MONTHLY CLIMATOLOGICAL SUMMARY for JUN. 2013

NAME: Vantage Pro Plus   CITY: Sand Point   STATE: MI 
ELEV:   598 ft  LAT:  43° 54' 37" N  LONG:  83° 23' 03" W

                   TEMPERATURE (°F), RAIN  (in), WIND SPEED (mph)

                                      HEAT  COOL        AVG
    MEAN                              DEG   DEG         WIND                 DOM
DAY TEMP  HIGH   TIME   LOW    TIME   DAYS  DAYS  RAIN  SPEED HIGH   TIME    DIR
------------------------------------------------------------------------------------
 1  71.8  78.5   16:00  67.4    7:40   0.0   6.8  0.00   6.6  25.0    6:20   SSW
 2  60.3  69.4    0:10  49.4   00:00   5.2   0.5  0.11   6.8  26.0    9:50    NW
 3  54.3  66.8   17:30  44.6    6:40  10.8   0.1  0.00   4.2  19.0   14:00   NNW
 4  56.3  63.9   15:50  46.2    3:50   8.7   0.0  0.00   3.3  16.0    5:00     E
 5  58.0  67.7   13:50  54.9    6:50   7.1   0.1  0.00   4.5  24.0   16:50     E
 6  55.6  58.1    4:20  53.0    8:40   9.4   0.0  0.00   6.9  24.0   11:20    NE
 7  54.0  56.4   15:50  52.4    5:20  11.0   0.0  0.00   5.8  19.0    5:30    NE
 8  59.7  67.6   18:30  51.4    0:30   5.6   0.3  0.00   1.3  18.0   19:00   WSW
 9  65.8  76.6   15:50  53.6    6:10   3.0   3.7  0.00   2.4  16.0   19:00   ESE
10  62.4  68.9   15:20  55.7   21:50   3.2   0.5  0.07   3.9  18.0   17:10    SE
11  64.6  74.5   18:30  57.5    0:10   2.4   2.0  0.09   2.3  27.0   19:10   NNW
12  62.6  68.0   18:00  58.5    4:10   2.7   0.2  0.35   2.8  16.0   15:40   NNE
13  63.1  67.4   14:20  58.2    5:40   2.3   0.4  0.01   7.1  22.0   12:10     N
14  59.5  63.5    0:10  55.0   00:00   5.5   0.0  0.00   7.9  26.0    1:20    NE
15  64.8  72.5   17:50  54.7    0:30   2.7   2.5  0.00   1.6   9.0    6:30   SSW
16  70.1  77.5   17:30  64.1    5:00   0.1   5.2  0.20   3.9  17.0   19:10   SSW
17  63.6  70.0    0:20  57.5   21:10   2.1   0.6  0.04   5.1  25.0   20:00    NE
18  59.1  62.9   16:50  56.2    4:00   5.9   0.0  0.00   7.5  27.0    8:40    NE
19  61.8  67.6   15:00  51.1    6:20   3.9   0.6  0.00   3.2  15.0   15:10    NE
20  67.1  76.8   17:00  57.7    6:20   2.3   4.4  0.00   3.2  14.0    3:30     S
21  73.0  82.2   17:40  62.5    5:50   0.3   8.3  0.00   4.4  22.0   17:40     S
22  72.3  81.7   16:00  64.6   23:50   0.0   7.3  0.07   4.6  17.0    0:30    NE
23  75.1  85.0   17:30  62.8    1:40   0.2  10.4  0.00   3.3  20.0   12:20   NNE
24  78.3  84.3   16:30  73.6    7:10   0.0  13.3  0.00   4.2  16.0   19:10    SW
25  74.4  78.4   18:00  70.3   10:40   0.0   9.3  0.00   4.5  23.0    7:40    SW
26  76.0  82.6   19:20  69.0    6:40   0.0  11.0  0.01   2.3  15.0   18:10     W
27  72.3  80.5   13:00  68.3   00:00   0.0   7.3  0.04   1.8  27.0   14:50    SE
28  67.7  71.6   13:40  65.0   20:00   0.0   2.7  0.01   4.5  19.0   17:40     N
29  66.0  69.6   15:50  63.5    6:40   0.3   1.3  0.00   5.5  20.0   16:10    NE
30  67.8  71.9   12:40  63.7    0:20   0.0   2.8  0.00   6.2  20.0   11:30   NNE
-------------------------------------------------------------------------------------
    65.2  85.0    23    44.6     3    94.7 101.6  1.00   4.4  27.0    11      NE

Max >=  90.0:  0
Max <=  32.0:  0
Min <=  32.0:  0
Min <=   0.0:  0
Max Rain: 0.35 ON 06/12/13
Days of Rain: 8 (>.01 in) 3 (>.1 in) 0 (>1 in)
Heat Base:  65.0  Cool Base:  65.0  Method: Integration