NOAA-Style Climate Reports


Report for 2013 August
                   MONTHLY CLIMATOLOGICAL SUMMARY for AUG. 2013

NAME: Vantage Pro Plus   CITY: Sand Point   STATE: MI 
ELEV:   598 ft  LAT:  43° 54' 37" N  LONG:  83° 23' 03" W

                   TEMPERATURE (°F), RAIN  (in), WIND SPEED (mph)

                                      HEAT  COOL        AVG
    MEAN                              DEG   DEG         WIND                 DOM
DAY TEMP  HIGH   TIME   LOW    TIME   DAYS  DAYS  RAIN  SPEED HIGH   TIME    DIR
------------------------------------------------------------------------------------
 1  67.5  75.9   17:00  60.0    4:40   0.6   3.1  0.05   2.6  18.0    1:40     N
 2  67.0  75.8   14:40  61.9   16:10   0.5   2.4  0.55   2.9  26.0   15:30    NW
 3  67.5  74.6   15:50  61.7    7:10   0.5   3.0  0.00   4.4  21.0   00:00   NNW
 4  63.4  68.4   16:50  58.1    6:50   2.4   0.7  0.00   4.9  20.0   11:20    NE
 5  64.3  70.9   16:10  58.0    7:00   2.2   1.5  0.00   2.5  12.0   15:40    SE
 6  68.4  74.8   18:00  63.0    5:30   0.4   3.8  0.04   4.3  13.0   13:40     S
 7  71.7  79.1   17:30  65.9    6:50   0.0   6.7  0.30   3.9  27.0    6:00    SW
 8  65.9  70.3   15:30  61.4   22:40   0.9   1.8  0.00   4.8  19.0    4:00    NE
 9  69.2  77.6   16:40  60.9    2:10   1.1   5.3  0.00   2.5  20.0   19:00    SW
10  65.8  71.2   17:30  59.7    6:50   1.2   2.0  0.00   3.0  17.0    0:40    NE
11  67.7  74.4   14:30  61.8    7:00   0.9   3.5  0.00   1.7  11.0    0:30     S
12  70.0  77.3   17:00  62.8   21:20   0.1   5.1  0.98   1.8  31.0   20:50   WNW
13  60.8  65.9    0:20  56.3    9:00   4.2   0.0  0.00   8.3  28.0    7:50   NNW
14  62.6  69.4   17:00  55.4    7:20   3.6   1.3  0.00   5.2  24.0    3:00   NNW
15  65.3  72.7   17:30  57.7    7:00   1.9   2.2  0.00   2.2  14.0    0:10   SSW
16  67.4  74.4   14:40  59.2    7:00   0.9   3.3  0.00   1.3  10.0   18:40     N
17  69.3  78.5   14:20  61.1    7:10   0.7   5.0  0.00   1.0   9.0   17:00   ENE
18  69.9  78.3   14:00  62.0    6:40   0.4   5.3  0.00   1.5  10.0   14:20   SSE
19  71.7  79.9   17:10  63.4    6:20   0.1   6.8  0.00   1.3  14.0   23:40     S
20  74.4  83.0   16:30  65.0    6:10   0.0   9.4  0.00   1.6  12.0    1:10    SW
21  76.9  84.8   14:10  69.5    4:40   0.0  11.8  0.00   2.6  12.0   23:00   SSW
22  74.1  79.3   16:00  70.9    7:10   0.0   9.1  0.06   2.7  19.0   18:50    SW
23  68.6  73.4   13:00  62.7   23:20   0.2   3.8  0.00   5.9  22.0    3:10    NE
24  68.6  79.7   16:10  58.3    6:10   1.8   5.4  0.00   1.2  13.0   20:30     E
25  73.7  83.6   16:50  62.9    6:40   0.2   8.9  0.00   5.3  13.0   18:00   SSW
26  76.0  79.5   18:00  72.8    7:00   0.0  11.0  0.00   4.2  18.0   10:00    SW
27  73.8  76.2   11:20  71.7    7:00   0.0   8.8  0.22   0.6  12.0    0:10     W
28  70.7  71.8    0:10  69.5   10:00   0.0   5.7  0.01   4.0  18.0    9:00    NE
29  74.7  83.3   17:40  67.8    3:50   0.0   9.7  0.00   0.8   7.0   13:20    NE
30  75.6  83.3   15:50  71.9    3:30   0.0  10.6  0.06   4.2  19.0   19:00   SSW
31  69.7  73.2   13:50  64.4   00:00   0.0   4.7  0.01   5.0  20.0    0:20   NNE
-------------------------------------------------------------------------------------
    69.4  84.8    21    55.4    14    24.8 161.7  2.28   3.2  31.0    12     SSW

Max >=  90.0:  0
Max <=  32.0:  0
Min <=  32.0:  0
Min <=   0.0:  0
Max Rain: 0.98 ON 08/12/13
Days of Rain: 8 (>.01 in) 4 (>.1 in) 0 (>1 in)
Heat Base:  65.0  Cool Base:  65.0  Method: Integration