NOAA-Style Climate Reports


Report for 2013 September
                   MONTHLY CLIMATOLOGICAL SUMMARY for SEP. 2013

NAME: Vantage Pro Plus   CITY: Sand Point   STATE: MI 
ELEV:   598 ft  LAT:  43° 54' 37" N  LONG:  83° 23' 03" W

                   TEMPERATURE (°F), RAIN  (in), WIND SPEED (mph)

                                      HEAT  COOL        AVG
    MEAN                              DEG   DEG         WIND                 DOM
DAY TEMP  HIGH   TIME   LOW    TIME   DAYS  DAYS  RAIN  SPEED HIGH   TIME    DIR
------------------------------------------------------------------------------------
 1  69.2  76.5   15:20  61.2    6:10   0.7   5.0  0.00   0.9  11.0   12:40     S
 2  64.3  71.2    2:10  57.7   23:00   1.8   1.1  0.00   6.1  24.0   18:30    NW
 3  65.8  74.8   18:00  58.1    1:00   2.5   3.3  0.00   5.3  23.0    1:40    NW
 4  66.2  75.6   14:10  62.0   00:00   0.7   1.9  0.00   5.2  21.0    5:00   WSW
 5  58.7  63.9   13:50  52.3   23:50   6.3   0.0  0.00   6.1  25.0    4:30     N
 6  62.1  72.6   16:50  52.2    0:10   4.8   1.9  0.00   3.0  14.0   14:50    SW
 7  67.1  74.2   16:20  62.2    3:50   0.4   2.5  0.29   2.7  15.0   21:50   SSW
 8  63.5  67.8    0:10  54.4   23:00   2.0   0.5  0.00   5.7  26.0    3:30    NE
 9  64.6  74.3   17:00  53.3    3:10   3.4   3.1  0.03   2.3  12.0   00:00   SSE
10  78.3  85.7   14:20  70.1    0:10   0.0  13.3  0.00   5.6  16.0   18:00   SSW
11  74.5  79.9   16:40  68.3    7:20   0.0   9.5  0.00   2.6  15.0   15:20     W
12  67.5  74.3   16:00  58.3   00:00   0.9   3.5  0.00   5.4  29.0   18:50   NNW
13  54.6  58.3    0:10  52.0    8:20  10.4   0.0  0.00  10.9  32.0    1:40     N
14  58.3  66.2   17:30  50.2    7:50   6.8   0.1  0.00   2.7  15.0   10:30    SW
15  58.4  62.9   14:10  56.0    7:40   6.6   0.0  0.33   2.4  16.0   17:30     S
16  52.7  58.2    0:10  44.9   00:00  12.3   0.0  0.02   7.7  28.0    3:00     N
17  52.6  61.7   17:00  42.7    7:10  12.4   0.0  0.00   1.7  11.0   12:50   NNE
18  61.1  71.9   14:50  50.3    6:30   5.5   1.6  0.00   1.8  10.0   13:30   SSE
19  67.6  76.4   17:10  61.0    4:40   1.2   3.9  0.01   2.0  12.0   13:20   SSE
20  69.2  74.8   12:40  66.4   00:00   0.0   4.2  0.48   3.9  16.0   15:00     S
21  60.8  66.4    0:10  52.2   00:00   4.3   0.1  0.01   5.4  28.0   21:00    NW
22  51.4  55.4   15:50  47.3    6:50  13.6   0.0  0.00   5.6  22.0    4:10   NNW
23  54.1  59.6   17:10  50.3   00:00  10.9   0.0  0.00   1.3  11.0   14:40   NNE
24  53.5  61.9   15:50  45.8    6:40  11.5   0.0  0.00   2.0  16.0   16:10   ENE
25  56.6  65.1   13:20  49.4    1:40   8.4   0.0  0.00   2.3  17.0   14:20    NE
26  60.0  66.9   13:00  54.2    0:40   5.1   0.1  0.00   2.9  15.0   15:10    NE
27  60.7  68.7   13:30  55.1    4:40   4.9   0.6  0.00   1.3  12.0   17:10    NE
28  63.9  74.7   14:40  55.6    8:10   3.7   2.6  0.01   4.4  13.0   14:00     S
29  60.8  64.2    5:50  54.0   23:40   4.2   0.0  0.25   3.6  20.0   11:20     S
30  58.4  66.2   16:40  53.2    1:10   6.6   0.0  0.00   0.4  11.0   13:50     W
-------------------------------------------------------------------------------------
    61.9  85.7    10    42.7    17   151.9  58.8  1.43   3.8  32.0    13      NE

Max >=  90.0:  0
Max <=  32.0:  0
Min <=  32.0:  0
Min <=   0.0:  0
Max Rain: 0.48 ON 09/20/13
Days of Rain: 6 (>.01 in) 4 (>.1 in) 0 (>1 in)
Heat Base:  65.0  Cool Base:  65.0  Method: Integration