NOAA-Style Climate Reports


Report for 2013 October
                   MONTHLY CLIMATOLOGICAL SUMMARY for OCT. 2013

NAME: Vantage Pro Plus   CITY: Sand Point   STATE: MI 
ELEV:   598 ft  LAT:  43° 54' 37" N  LONG:  83° 23' 03" W

                   TEMPERATURE (°F), RAIN  (in), WIND SPEED (mph)

                                      HEAT  COOL        AVG
    MEAN                              DEG   DEG         WIND                 DOM
DAY TEMP  HIGH   TIME   LOW    TIME   DAYS  DAYS  RAIN  SPEED HIGH   TIME    DIR
------------------------------------------------------------------------------------
 1  64.0  73.4   15:20  55.8    7:10   3.3   2.3  0.01   4.6  19.0   19:50   SSW
 2  64.6  71.4   16:20  57.2   23:50   1.7   1.3  0.00   1.6  13.0    3:20    SW
 3  63.5  77.4   15:10  53.9    4:00   4.1   2.6  0.62   1.5  12.0   21:50   ESE
 4  63.9  66.1    9:50  61.2   22:20   1.2   0.1  0.04   3.1  20.0   19:50   NNE
 5  63.9  69.9   17:00  60.9    8:00   1.8   0.8  0.07   3.0  18.0    5:20    NE
 6  65.0  70.5   12:40  57.3   23:40   1.5   1.5  0.50   5.6  24.0   21:50     S
 7  56.0  59.5   16:00  53.1   13:30   9.0   0.0  0.05   6.3  29.0   10:00   WSW
 8  56.5  65.7   17:00  47.8    8:20   8.6   0.0  0.00   1.6  11.0   13:20     N
 9  57.7  66.8   14:40  50.8    8:00   7.5   0.1  0.00   2.0  12.0    1:00     S
10  56.8  64.8   16:50  48.0    8:10   8.2   0.0  0.00   1.0  11.0   15:50   SSE
11  56.6  64.6   15:30  49.9    4:00   8.4   0.0  0.00   1.7  15.0   16:20   ENE
12  62.3  73.9   14:50  51.5    7:10   4.7   2.0  0.00   2.0  15.0   23:50   SSE
13  59.5  63.8    0:10  55.6    8:50   5.5   0.0  0.00   3.0  20.0    4:00   WNW
14  53.2  58.0   13:50  49.7    8:10  11.8   0.0  0.00   5.4  20.0    4:30     N
15  55.2  63.5   15:40  46.1    7:50   9.8   0.0  0.25   3.5  14.0   20:30     S
16  56.3  60.0    3:10  52.7   00:00   8.7   0.0  0.01   7.5  26.0   12:30    SW
17  50.7  53.2   11:20  47.0   00:00  14.3   0.0  0.56   1.6  16.0   23:40    NW
18  51.9  59.8   16:10  46.2    9:10  13.1   0.0  0.00   5.6  26.0   20:10   WSW
19  48.0  51.0    0:10  45.5   21:50  17.0   0.0  0.05   6.0  24.0   11:00   WSW
20  48.1  53.4   16:00  42.6    5:50  16.9   0.0  0.01   4.4  23.0    3:00   SSW
21  50.3  54.3    2:30  41.9   00:00  14.7   0.0  0.04   8.7  28.0   14:00   SSW
22  41.9  49.0   15:30  38.7    4:20  23.1   0.0  0.04   8.3  34.0    7:30     W
23  40.5  46.3   13:50  37.3    8:00  24.5   0.0  0.00   5.1  22.0   23:30   WNW
24  41.0  47.0   15:50  36.9    6:30  24.0   0.0  0.00   5.9  22.0    4:40   WNW
25  42.1  48.9   13:40  37.9    5:50  22.9   0.0  0.00   6.3  23.0   18:00   WNW
26  43.9  48.7   16:40  39.8   00:00  21.1   0.0  0.03   9.9  31.0    5:00   SSW
27  43.4  47.9   13:20  38.8    3:30  21.6   0.0  0.00   4.8  21.0    1:20   WSW
28  42.3  45.8    0:10  37.3   00:00  22.7   0.0  0.00   6.6  24.0    7:50    NE
29  39.2  44.2   13:40  33.3    4:30  25.8   0.0  0.01   1.5  13.0    8:40   ENE
30  43.4  50.4   23:40  36.7    5:20  21.6   0.0  0.03   1.2  10.0   15:20   ENE
31  53.8  57.1   23:30  49.2    2:20  11.2   0.0  0.66   5.8  18.0   18:30     S
-------------------------------------------------------------------------------------
    52.8  77.4     3    33.3    29   390.3  10.7  2.98   4.4  34.0    22     SSW

Max >=  90.0:  0
Max <=  32.0:  0
Min <=  32.0:  0
Min <=   0.0:  0
Max Rain: 0.66 ON 10/31/13
Days of Rain: 13 (>.01 in) 5 (>.1 in) 0 (>1 in)
Heat Base:  65.0  Cool Base:  65.0  Method: Integration