NOAA-Style Climate Reports


Report for 2013 November
                   MONTHLY CLIMATOLOGICAL SUMMARY for NOV. 2013

NAME: Vantage Pro Plus   CITY: Sand Point   STATE: MI 
ELEV:   598 ft  LAT:  43° 54' 37" N  LONG:  83° 23' 03" W

                   TEMPERATURE (°F), RAIN  (in), WIND SPEED (mph)

                                      HEAT  COOL        AVG
    MEAN                              DEG   DEG         WIND                 DOM
DAY TEMP  HIGH   TIME   LOW    TIME   DAYS  DAYS  RAIN  SPEED HIGH   TIME    DIR
------------------------------------------------------------------------------------
 1  49.4  58.0    2:00  46.4   20:50  15.6   0.0  0.12  10.1  40.0    8:00    SW
 2  42.3  46.5    0:10  38.2   21:30  22.7   0.0  0.23   7.8  27.0   11:20   NNE
 3  39.1  45.1   12:20  34.3   22:20  25.9   0.0  0.02   2.6  17.0    0:50   ESE
 4  40.5  47.5   13:20  33.7    0:30  24.5   0.0  0.00   9.1  19.0   10:10   SSE
 5  48.3  53.9   14:40  42.8    0:10  16.7   0.0  0.00   4.1  16.0    0:50     S
 6  49.6  54.4   15:50  41.6   00:00  15.4   0.0  0.26  10.2  27.0   23:10     S
 7  39.3  41.6    0:10  37.2   00:00  25.7   0.0  0.01   7.3  25.0   11:50     W
 8  38.6  43.8   13:20  35.9    4:10  26.4   0.0  0.00   5.1  21.0    0:10   WNW
 9  43.8  48.4   12:50  37.3    0:10  21.2   0.0  0.00   9.4  29.0   17:40     S
10  42.5  45.8   15:00  39.6   21:50  22.5   0.0  0.00   8.7  33.0    4:50   WNW
11  35.3  40.1    8:00  28.3   00:00  29.7   0.0  0.09   8.9  31.0   14:10   NNW
12  29.3  31.9   13:10  27.8    1:30  35.7   0.0  0.00   9.5  31.0    6:50    NW
13  33.5  39.8   14:50  28.5    0:10  31.5   0.0  0.00  10.6  32.0   23:40   SSW
14  38.3  44.0   15:20  33.2    8:00  26.7   0.0  0.00  10.5  29.0    0:50   SSW
15  40.3  43.3   14:00  36.3   23:50  24.7   0.0  0.00   7.0  19.0    1:40   SSW
16  43.1  50.9   23:20  35.5    4:10  21.9   0.0  0.01   7.4  23.0   21:10     S
17  53.0  59.5   13:50  45.5   00:00  12.0   0.0  0.48  14.3  44.0   23:40     S
18  39.5  45.5    0:10  35.0   20:00  25.5   0.0  0.01  14.3  41.0    1:30     W
19  33.4  35.8   14:30  29.9   21:30  31.6   0.0  0.00   4.6  26.0    1:40     N
20  35.5  41.5   14:00  29.4    7:10  29.5   0.0  0.00   6.8  17.0   12:20   SSE
21  41.2  44.9   20:00  37.4    5:10  23.8   0.0  0.11   3.5  16.0    2:30   SSW
22  36.9  42.4    0:50  29.9   23:00  28.1   0.0  0.06   5.6  32.0   13:40    NW
23  24.7  31.3    3:30  18.1   23:40  40.3   0.0  0.00  12.4  40.0   12:40    NW
24  20.9  24.3   21:50  17.5    6:20  44.1   0.0  0.00   8.1  29.0    0:40    NW
25  27.0  31.3   17:00  23.3    0:50  38.0   0.0  0.00  15.7  33.0   13:20   SSW
26  31.0  32.3   12:50  27.6   00:00  34.0   0.0  0.00   9.3  32.0   23:20   SSW
27  22.8  27.6    0:10  20.7   23:40  42.2   0.0  0.01  11.3  31.0   10:30   NNW
28  21.8  23.9   10:40  18.2   00:00  43.2   0.0  0.00   3.0  21.0    0:20    NW
29  22.1  27.5    8:50  16.3    3:20  42.9   0.0  0.03   3.9  13.0    5:00     S
30  31.3  37.1   14:10  24.7    1:20  33.7   0.0  0.00   9.0  20.0   10:20     S
-------------------------------------------------------------------------------------
    36.5  59.5    17    16.3    29   855.7   0.0  1.44   8.3  44.0    17     SSW

Max >=  90.0:  0
Max <=  32.0:  7
Min <=  32.0: 14
Min <=   0.0:  0
Max Rain: 0.48 ON 11/17/13
Days of Rain: 9 (>.01 in) 5 (>.1 in) 0 (>1 in)
Heat Base:  65.0  Cool Base:  65.0  Method: Integration