NOAA-Style Climate Reports


Report for 2013 December
                   MONTHLY CLIMATOLOGICAL SUMMARY for DEC. 2013

NAME: Vantage Pro Plus   CITY: Sand Point   STATE: MI 
ELEV:   598 ft  LAT:  43° 54' 37" N  LONG:  83° 23' 03" W

                   TEMPERATURE (°F), RAIN  (in), WIND SPEED (mph)

                                      HEAT  COOL        AVG
    MEAN                              DEG   DEG         WIND                 DOM
DAY TEMP  HIGH   TIME   LOW    TIME   DAYS  DAYS  RAIN  SPEED HIGH   TIME    DIR
------------------------------------------------------------------------------------
 1  34.2  35.5    3:20  32.3   23:50  30.8   0.0  0.04   5.5  21.0   15:40     N
 2  32.3  34.7   12:20  30.8   00:00  32.7   0.0  0.00   0.9  12.0    0:10     N
 3  31.2  33.7   17:50  26.7    5:10  33.8   0.0  0.37   1.8  13.0   18:10   ENE
 4  37.0  43.3   23:50  33.0    0:10  28.0   0.0  0.15   5.5  25.0   20:20     E
 5  36.9  46.3    3:10  27.7   00:00  28.1   0.0  0.00  11.9  30.0   13:00    SW
 6  23.3  27.7    0:10  19.8   23:00  41.7   0.0  0.00   7.4  23.0    0:30     W
 7  20.2  23.7   14:30  16.1   23:40  44.8   0.0  0.00   7.8  26.0    8:40     W
 8  20.5  27.0   22:40  15.8    0:40  44.5   0.0  0.00   3.6  15.0    5:40     W
 9  25.7  30.0   12:40  16.9   00:00  39.3   0.0  0.05  12.2  44.0   20:40    SW
10  15.4  19.8   17:30  10.8    8:30  49.6   0.0  0.00  12.1  34.0   17:40     W
11  15.4  19.4   14:40  10.3   00:00  49.6   0.0  0.00   9.9  30.0    0:20     W
12  14.5  20.4   00:00   9.2    6:00  50.5   0.0  0.00  11.7  29.0    4:40   WSW
13  20.4  22.0    3:30  18.3   20:30  44.6   0.0  0.03   7.0  27.0    0:20    NE
14  19.3  21.6   18:10  16.7    5:30  45.7   0.0  0.03   5.5  19.0   13:20   ENE
15  19.5  24.5   13:00  12.3   23:40  45.5   0.0  0.00   7.4  30.0   16:00   WSW
16  13.1  16.7   00:00   9.9    7:00  51.9   0.0  0.00   4.9  19.0    4:10   WNW
17  20.8  26.4   17:40  15.4    3:10  44.2   0.0  0.01   5.2  18.0    8:40     S
18  24.2  27.3   12:00  18.5    0:20  40.8   0.0  0.00   7.0  17.0   19:20    SW
19  27.3  31.2   13:50  21.5    1:00  37.7   0.0  0.03   4.9  16.0   23:20    SW
20  32.0  32.7   12:10  29.7    0:10  33.0   0.0  0.14   2.9  25.0   10:30    NE
21  31.2  32.3    2:20  29.7    9:00  33.8   0.0  0.08   0.8  25.0   23:30    NE
22  28.9  31.7   12:40  24.1   23:50  36.1   0.0  0.34  11.7  33.0    6:20    NE
23  19.1  24.4    1:10  11.3   19:40  45.9   0.0  0.04   4.8  17.0    2:30     N
24   8.2  14.8    0:10  -0.8   23:00  56.8   0.0  0.00   5.3  17.0    0:30    NW
25  15.5  23.1   00:00  -0.2    0:50  49.5   0.0  0.00  10.5  28.0   11:40     S
26  21.2  24.6   13:10  14.4   18:40  43.8   0.0  0.00   5.8  18.0    9:40   SSW
27  23.8  35.0   23:30   6.3    9:50  41.2   0.0  0.00   6.5  26.0   22:50   SSW
28  32.7  36.5   14:00  24.4   21:40  32.3   0.0  0.00   7.1  17.0    2:20   SSW
29  27.4  37.3    0:50  11.2   00:00  37.6   0.0  0.00   8.5  25.0   19:10   SSW
30  11.9  15.9   12:40   9.0    4:10  53.1   0.0  0.00   3.0  20.0    1:40   SSW
31  11.6  15.5   15:40   6.2   23:20  53.4   0.0  0.01   7.4  25.0   14:40     W
-------------------------------------------------------------------------------------
    23.1  46.3     5    -0.8    24  1300.3   0.0  1.32   6.7  44.0     9       W

Max >=  90.0:  0
Max <=  32.0: 21
Min <=  32.0: 29
Min <=   0.0:  2
Max Rain: 0.37 ON 12/03/13
Days of Rain: 11 (>.01 in) 4 (>.1 in) 0 (>1 in)
Heat Base:  65.0  Cool Base:  65.0  Method: Integration