NOAA-Style Climate Reports


Report for 2014
                            ANNUAL CLIMATOLOGICAL SUMMARY

NAME: Vantage Pro Plus  CITY: Sand Point   STATE: MI  
ELEV:   598 ft  LAT:  43° 54' 37" N  LONG:  83° 23' 03" W

               TEMPERATURE (°F), HEAT BASE 65.0, COOL BASE 65.0
                          DEP.  HEAT  COOL                                          
        MEAN  MEAN        FROM  DEG   DEG                        MAX  MAX  MIN  MIN 
 YR MO  MAX   MIN   MEAN  NORM  DAYS  DAYS  HI  DATE  LOW  DATE  >=90 <=32 <=32 <=0 
------------------------------------------------------------------------------------
 13  1  33.2  21.8  27.1   7.3  1175     0  50.6  12   1.0   22    0   12   27    0
 13  2  31.1  19.6  25.5   4.8  1104     0  41.1  24   4.2    9    0   15   26    0
 13  3  37.9  26.3  31.4   0.8  1038     0  53.5  31  15.3    4    0    8   23    0
 13  4  50.2  35.8  42.2  -0.2   686     1  68.2  27  25.0    2    0    0    9    0
 13  5  67.7  50.1  57.6   3.1   279    51  84.3  30  35.5   13    0    0    0    0
 13  6  72.1  58.7  65.2   1.2    95   102  85.0  23  44.6    3    0    0    0    0
 13  7  78.4  65.1  71.7   2.4    21   228  93.8  18  57.0   29    4    0    0    0
 13  8  76.1  63.2  69.4   2.7    25   162  84.8  21  55.4   14    0    0    0    0
 13  9  69.0  55.0  61.9   2.2   152    59  85.7  10  42.7   17    0    0    0    0
 13 10  58.9  47.1  52.8   4.1   390    11  77.4   3  33.3   29    0    0    0    0
 13 11  41.3  31.7  36.5  -1.1   856     0  59.5  17  16.3   29    0    7   14    0
 13 12  27.6  17.0  23.1  -3.0  1300     0  46.3   5  -0.8   24    0   21   29    2
------------------------------------------------------------------------------------
        53.8  41.1  47.2   2.0  7120   613  93.8 JUL  -0.8  DEC    4   63  128    2

                                PRECIPITATION (in)

               DEP.   MAX        DAYS OF RAIN 
               FROM   OBS.          OVER
 YR MO  TOTAL  NORM   DAY  DATE .01   .1   1
---------------------------------------------
 13  1  2.11   0.22  0.75   29    9    4    0
 13  2  0.87  -0.74  0.24    7    8    2    0
 13  3  0.29  -2.05  0.15   11    4    1    0
 13  4  6.85   4.09  1.27   18   14   12    1
 13  5  4.71   1.82  1.27   22   10    7    1
 13  6  1.00  -1.91  0.35   12    8    3    0
 13  7  3.41   0.37  1.78   27   13    6    1
 13  8  2.28  -1.40  0.98   12    8    4    0
 13  9  1.43  -2.32  0.48   20    6    4    0
 13 10  2.98   0.44  0.66   31   13    5    0
 13 11  1.44  -1.36  0.48   17    9    5    0
 13 12  1.32  -0.90  0.37    3   11    4    0
---------------------------------------------
       28.69 -3.74  1.78  JUL  113   57    3

                                WIND SPEED (mph)
                          DOM
 YR MO   AVG.  HI   DATE  DIR
---------------------------------
 13  1   9.2  42.0   20     W
 13  2   8.5  38.0    8     N
 13  3   7.3  36.0   19    NW
 13  4   8.9  45.0   19   SSE
 13  5   6.6  48.0   20    NE
 13  6   4.4  27.0   11    NE
 13  7   3.7  39.0   19    SW
 13  8   3.2  31.0   12   SSW
 13  9   3.8  32.0   13    NE
 13 10   4.4  34.0   22   SSW
 13 11   8.3  44.0   17   SSW
 13 12   6.7  44.0    9     W
---------------------------------
         6.2  48.0  MAY  SSW