NOAA-Style Climate Reports


Report for 2014 January
                   MONTHLY CLIMATOLOGICAL SUMMARY for JAN. 2014

NAME: Vantage Pro Plus   CITY: Sand Point   STATE: MI 
ELEV:   598 ft  LAT:  43° 54' 37" N  LONG:  83° 23' 03" W

                   TEMPERATURE (°F), RAIN  (in), WIND SPEED (mph)

                                      HEAT  COOL        AVG
    MEAN                              DEG   DEG         WIND                 DOM
DAY TEMP  HIGH   TIME   LOW    TIME   DAYS  DAYS  RAIN  SPEED HIGH   TIME    DIR
------------------------------------------------------------------------------------
 1  11.0  16.8   16:10   4.0    1:00  54.0   0.0  0.00   5.2  20.0   21:00    NW
 2  10.6  14.5   11:50   2.0   00:00  54.4   0.0  0.02  11.1  31.0   15:40   NNE
 3   4.8  13.4   19:30  -4.9    9:30  60.2   0.0  0.00   9.2  35.0   00:00     S
 4  21.6  29.0   16:40  12.2    0:10  43.4   0.0  0.00  14.8  31.0    0:40   SSW
 5  24.7  28.5    3:50  18.7   00:00  40.3   0.0  0.81  12.2  33.0   21:40   NNE
 6   7.7  18.7    0:10  -9.0   00:00  57.3   0.0  0.10  10.4  34.0   17:20    NW
 7  -2.9   5.8   20:30 -10.7    3:10  67.9   0.0  0.00  10.3  24.0    7:10   SSW
 8   6.2  11.6   14:50   2.7    1:20  58.8   0.0  0.00   6.9  18.0    0:30   SSW
 9   5.0  18.8   00:00  -7.4    8:10  60.0   0.0  0.00   3.4  15.0   20:50   WNW
10  29.1  35.6   23:40  18.8    0:10  35.9   0.0  0.15   8.4  20.0   00:00     S
11  35.1  37.7   11:00  32.4   00:00  29.9   0.0  0.11   9.9  27.0   23:00     S
12  33.2  35.4   18:40  32.1   11:30  31.8   0.0  0.00  10.3  32.0   19:30     S
13  35.4  38.2   15:20  33.0    1:40  29.6   0.0  0.00  10.3  21.0    4:30     S
14  31.7  34.2    0:40  27.6    8:40  33.3   0.0  0.00   6.4  22.0   00:00   WSW
15  24.1  29.3    0:10  20.1   00:00  40.9   0.0  0.00   9.3  24.0    8:30     W
16  22.1  25.9   23:40  18.4    2:00  42.9   0.0  0.00  13.6  30.0    9:20     S
17  23.7  29.3    7:20  16.4   22:40  41.3   0.0  0.00   8.0  22.0    7:50    SW
18  19.8  21.8   15:50  15.2    8:10  45.2   0.0  0.00   6.1  18.0    4:10   SSW
19  22.5  27.6   21:40  13.7    4:50  42.5   0.0  0.00  10.6  29.0    8:50   SSW
20  15.4  26.9    0:10   7.2   23:10  49.6   0.0  0.04   9.7  25.0    6:00     N
21   5.4  10.0   14:00   1.7   22:00  59.6   0.0  0.00   9.6  27.0    8:10     N
22   5.8  10.8   16:30  -1.1    3:10  59.2   0.0  0.00   6.7  18.0   14:00     S
23   7.8  13.5   10:30   1.8   23:20  57.2   0.0  0.03   6.2  30.0    9:00    NW
24   8.5  17.1   23:40  -0.1    1:50  56.5   0.0  0.00  17.3  37.0   12:20   SSW
25  14.7  23.0    7:10   2.9   00:00  50.3   0.0  0.00  11.3  31.0    0:20    NW
26   9.8  18.2   21:20   2.7    0:40  55.2   0.0  0.00   9.2  23.0   21:10     S
27   5.8  16.0    0:10  -1.9   23:50  59.2   0.0  0.00  10.0  28.0    4:30     W
28   2.0   7.5   15:20  -3.6    8:00  63.0   0.0  0.00  10.9  25.0   14:30   SSW
29  10.4  18.4   15:20   2.5    1:10  54.6   0.0  0.00  12.0  29.0   13:00   SSW
30  19.6  26.6   00:00  11.6    0:10  45.4   0.0  0.00  19.8  40.0   16:40     S
31  22.8  27.9    4:00  17.7   22:20  42.2   0.0  0.00   5.5  20.0    0:10   SSW
-------------------------------------------------------------------------------------
    15.9  38.2    13   -10.7     7  1521.6   0.0  1.26   9.8  40.0    30     SSW

Max >=  90.0:  0
Max <=  32.0: 26
Min <=  32.0: 28
Min <=   0.0:  8
Max Rain: 0.81 ON 01/05/14
Days of Rain: 7 (>.01 in) 3 (>.1 in) 0 (>1 in)
Heat Base:  65.0  Cool Base:  65.0  Method: Integration