NOAA-Style Climate Reports


Report for 2014 February
                   MONTHLY CLIMATOLOGICAL SUMMARY for FEB. 2014

NAME: Vantage Pro Plus   CITY: Sand Point   STATE: MI 
ELEV:   598 ft  LAT:  43° 54' 37" N  LONG:  83° 23' 03" W

                   TEMPERATURE (°F), RAIN  (in), WIND SPEED (mph)

                                      HEAT  COOL        AVG
    MEAN                              DEG   DEG         WIND                 DOM
DAY TEMP  HIGH   TIME   LOW    TIME   DAYS  DAYS  RAIN  SPEED HIGH   TIME    DIR
------------------------------------------------------------------------------------
 1  21.0  26.2   13:40  15.6    4:50  44.0   0.0  0.25   4.2  22.0   19:10   WSW
 2  17.1  24.5   14:50   2.2   00:00  47.9   0.0  0.00   2.8  15.0   14:30   WNW
 3   3.4  16.1   15:20  -8.2    7:10  61.6   0.0  0.00   2.4  12.0   13:30    NW
 4  13.1  20.5   23:50   2.4    0:50  51.9   0.0  0.00   2.4   9.0    7:30   WSW
 5  18.8  23.2    5:30  12.0   00:00  46.2   0.0  0.06   9.8  36.0   11:50   NNE
 6  12.0  18.0   14:40   6.7    4:00  53.0   0.0  0.00   7.4  27.0   22:00   WSW
 7  10.0  15.9   15:00   4.8    6:20  55.0   0.0  0.00  11.3  27.0    1:20   SSW
 8  10.0  16.3   14:20   1.5    8:30  55.0   0.0  0.00   6.8  17.0    0:10   SSW
 9  14.1  18.4   12:40   9.0    3:10  50.9   0.0  0.00   2.4  14.0   22:50   WSW
10  11.4  14.6   14:30   5.8    6:10  53.6   0.0  0.00   4.4  14.0    0:30   NNW
11   5.2  11.2   15:10  -0.1    8:10  59.8   0.0  0.00   4.6  16.0    0:50    NW
12   8.7  17.6   16:20  -0.7    7:10  56.3   0.0  0.00   6.2  16.0   11:50     S
13  19.7  26.3   15:50  10.8    2:50  45.3   0.0  0.00   3.6  17.0   20:50   SSE
14  23.1  29.3   13:20  15.1   00:00  41.9   0.0  0.04   4.2  18.0   23:40   SSE
15   9.6  15.9   13:30   2.5    7:10  55.4   0.0  0.00   4.8  20.0    1:30   WNW
16  12.8  22.4   12:50  -0.3   23:10  52.2   0.0  0.06   3.7  19.0   13:30    NE
17   7.7  20.9   00:00  -9.0    7:00  57.3   0.0  0.05   5.5  29.0   19:30    SE
18  23.3  35.2   23:30  12.4    9:20  41.7   0.0  0.05   8.7  29.0   22:00     S
19  31.4  37.3   14:10  23.8   23:40  33.6   0.0  0.00   6.4  18.0    4:10    SW
20  31.6  39.4   10:20  22.9    2:10  33.4   0.0  0.24   7.1  30.0   21:50   ESE
21  31.9  38.4    3:00  24.5   23:50  33.1   0.0  0.00  17.9  38.0    8:50   SSW
22  24.8  30.4   13:50  21.4   00:00  40.2   0.0  0.00  11.9  33.0    9:10   SSW
23  20.2  26.1   15:10  14.1    7:10  44.8   0.0  0.00   8.0  28.0   15:10   WSW
24  16.6  21.1   15:00  10.3   23:30  48.4   0.0  0.00   5.9  23.0   16:30     W
25  13.2  21.9   14:50   6.8   23:50  51.8   0.0  0.00   6.4  29.0   17:50   WNW
26   7.1  13.0   16:00  -0.1    7:40  57.9   0.0  0.00   9.7  29.0   21:30   SSW
27   4.9   9.4   14:20  -3.3   23:10  60.1   0.0  0.00   9.0  33.0    5:50    NW
28   4.4  15.3   23:40  -8.1    6:20  60.6   0.0  0.00   7.0  25.0   22:50    NW
-------------------------------------------------------------------------------------
    15.3  39.4    20    -9.0    17  1392.9   0.0  0.75   6.6  38.0    21     SSW

Max >=  90.0:  0
Max <=  32.0: 24
Min <=  32.0: 28
Min <=   0.0:  8
Max Rain: 0.25 ON 02/01/14
Days of Rain: 7 (>.01 in) 2 (>.1 in) 0 (>1 in)
Heat Base:  65.0  Cool Base:  65.0  Method: Integration