NOAA-Style Climate Reports


Report for 2014 March
                   MONTHLY CLIMATOLOGICAL SUMMARY for MAR. 2014

NAME: Vantage Pro Plus   CITY: Sand Point   STATE: MI 
ELEV:   598 ft  LAT:  43° 54' 37" N  LONG:  83° 23' 03" W

                   TEMPERATURE (°F), RAIN  (in), WIND SPEED (mph)

                                      HEAT  COOL        AVG
    MEAN                              DEG   DEG         WIND                 DOM
DAY TEMP  HIGH   TIME   LOW    TIME   DAYS  DAYS  RAIN  SPEED HIGH   TIME    DIR
------------------------------------------------------------------------------------
 1  17.0  21.7   14:10   9.7   23:50  48.0   0.0  0.10   5.7  19.0   22:50    NW
 2   5.9  11.0   13:10  -3.4   23:30  59.1   0.0  0.00   6.0  19.0   20:30     N
 3   0.4   9.6   13:00  -6.4    4:50  64.6   0.0  0.00   5.5  15.0    3:40   SSW
 4  12.3  17.9   16:00   2.5    0:10  52.7   0.0  0.02   5.1  13.0    7:30   SSW
 5  14.0  21.0   13:10   5.7   23:00  51.0   0.0  0.00   6.4  19.0   13:20    NE
 6  10.5  21.8   15:30  -2.1    7:10  54.5   0.0  0.00   4.7  13.0    0:50   ESE
 7  22.7  37.3   15:30   2.2    5:50  42.3   0.0  0.00   5.6  18.0   15:30   SSE
 8  25.5  35.5    0:10  13.7   00:00  39.5   0.0  0.00   6.1  21.0    2:50    NE
 9  21.1  31.7   17:30   3.3    7:10  42.1   0.0  0.00   7.7  29.0   20:40   SSW
10  34.8  41.0   16:30  26.7    8:00  30.2   0.0  0.00   7.4  22.0   16:30   SSW
11  36.5  44.2   14:20  32.9   23:40  28.5   0.0  0.00   4.5  17.0   23:40    NE
12  21.8  33.1    0:20  12.0   00:00  43.2   0.0  0.12  15.1  39.0   13:20   NNE
13  14.7  24.3   22:30   4.5    7:40  50.3   0.0  0.00   8.5  21.0   19:10    NW
14  33.3  42.8   15:20  23.8    4:30  31.7   0.0  0.00  12.8  31.0   10:00   SSW
15  29.4  36.9    0:40  17.2   23:50  35.6   0.0  0.00   9.4  27.0    7:50    NW
16  13.9  17.8   13:50   8.9   00:00  51.2   0.0  0.00   7.3  24.0    7:10    NE
17  15.8  24.8   17:00   5.1    6:00  49.2   0.0  0.00   3.5  15.0   10:50   ESE
18  29.9  38.4   16:40  21.9    8:20  35.1   0.0  0.00   4.3  17.0   23:00    SE
19  35.0  38.4   16:40  31.1    2:00  30.0   0.0  0.06   9.6  29.0   21:50     S
20  33.7  38.6   15:30  29.4   23:40  31.3   0.0  0.00   8.6  27.0    9:00     W
21  30.7  36.6   16:40  24.8    7:10  34.3   0.0  0.15   3.2  14.0   17:10   WNW
22  29.4  37.5   12:50  17.3   00:00  35.6   0.0  0.07   6.2  24.0   16:20    NW
23  17.2  25.6   16:10   8.7    7:40  47.8   0.0  0.00   6.7  18.0   10:20    NW
24  18.3  26.7   14:40   7.8    6:30  46.7   0.0  0.00   5.1  20.0   14:20    SW
25  21.9  30.3   13:50  12.3   23:40  43.1   0.0  0.00   7.4  25.0   14:30    NW
26  16.8  25.7   00:00   7.1    8:50  48.2   0.0  0.00   4.2  15.0   16:50   SSW
27  31.2  35.5   00:00  25.4    0:40  33.8   0.0  0.07  13.8  29.0   10:20     S
28  37.1  40.9   16:20  33.7   23:50  27.9   0.0  0.31   7.1  23.0    4:50     S
29  32.3  35.0   14:40  29.5   00:00  32.7   0.0  0.00   8.0  26.0   17:50   NNE
30  31.3  37.6   18:00  26.3    7:30  33.7   0.0  0.00   5.2  17.0    2:10   NNE
31  37.0  45.6   17:00  29.2    7:10  28.0   0.0  0.00   5.4  16.0   23:40   NNE
-------------------------------------------------------------------------------------
    23.6  45.6    31    -6.4     3  1281.9   0.0  0.90   7.0  39.0    12     SSW

Max >=  90.0:  0
Max <=  32.0: 14
Min <=  32.0: 29
Min <=   0.0:  3
Max Rain: 0.31 ON 03/28/14
Days of Rain: 8 (>.01 in) 3 (>.1 in) 0 (>1 in)
Heat Base:  65.0  Cool Base:  65.0  Method: Integration