NOAA-Style Climate Reports


Report for 2014 May
                   MONTHLY CLIMATOLOGICAL SUMMARY for MAY. 2014

NAME: Vantage Pro Plus   CITY: Sand Point   STATE: MI 
ELEV:   598 ft  LAT:  43° 54' 37" N  LONG:  83° 23' 03" W

                   TEMPERATURE (°F), RAIN  (in), WIND SPEED (mph)

                                      HEAT  COOL        AVG
    MEAN                              DEG   DEG         WIND                 DOM
DAY TEMP  HIGH   TIME   LOW    TIME   DAYS  DAYS  RAIN  SPEED HIGH   TIME    DIR
------------------------------------------------------------------------------------
 1  48.5  53.5    0:40  44.6    7:00  16.5   0.0  0.07   8.8  28.0    3:40    SW
 2  48.5  54.7   15:20  44.9    2:40  16.5   0.0  0.00   8.5  26.0    0:10    SW
 3  48.0  52.7   15:40  45.1   23:40  17.0   0.0  0.35   8.2  34.0   17:40     S
 4  46.8  54.6   18:10  41.8   11:10  18.2   0.0  0.02   5.9  26.0   12:20    NW
 5  44.3  49.3   19:30  40.2    6:50  20.7   0.0  0.00   2.8  14.0   23:10     N
 6  45.0  50.3   14:20  39.6    4:30  20.0   0.0  0.00   7.2  21.0   17:50    NE
 7  48.2  56.9   14:10  41.7    2:40  16.8   0.0  0.05   6.5  25.0   12:10   ENE
 8  53.2  66.4   23:10  47.8    5:30  11.8   0.0  0.14   6.9  20.0   10:00     N
 9  64.2  70.4   13:10  58.0   00:00   1.6   0.8  0.03  10.6  30.0   22:00   SSW
10  57.5  65.5   17:10  50.8   00:00   7.5   0.0  0.00   7.0  25.0    6:30    SW
11  61.8  71.9   14:10  50.3    0:20   4.9   1.7  0.00   4.5  23.0   22:20   SSE
12  55.2  64.6    0:10  47.8   19:00   9.8   0.0  0.26   6.1  21.0   18:40    NE
13  65.3  78.5   14:20  53.2    3:50   2.3   2.6  0.04   5.6  25.0    7:50   WSW
14  50.9  55.5    2:40  47.9   22:30  14.1   0.0  0.03   5.8  26.0   23:10    NE
15  45.6  49.0   18:00  39.7   00:00  19.4   0.0  1.05  11.4  39.0    3:30   NNE
16  44.3  52.4   16:50  37.7    6:00  20.7   0.0  0.00   5.7  25.0    0:20   WNW
17  46.2  54.3   14:40  41.3    5:10  18.8   0.0  0.03   4.9  27.0   16:10    SW
18  56.1  65.7   15:20  46.3    0:40   8.9   0.0  0.00   7.0  21.0    8:30   SSW
19  61.1  70.0   15:50  53.6    3:40   4.8   1.0  0.00   4.4  20.0    9:00    SW
20  56.6  60.9   19:10  51.5   12:30   8.4   0.0  0.40   9.1  31.0   14:00   SSE
21  58.5  73.7   19:00  50.3   00:00   7.6   1.1  0.00   3.9  23.0   23:10   NNE
22  59.0  68.5   15:20  50.2    0:10   6.4   0.4  0.00   6.4  24.0   18:50    NW
23  56.2  64.0   18:00  48.4    6:20   8.8   0.0  0.00   4.6  23.0    2:20    NW
24  62.7  72.4   18:40  55.0    6:30   3.5   1.2  0.00   2.5  10.0    5:00    NE
25  67.8  78.4   16:30  56.6    6:30   1.9   4.7  0.00   2.6  12.0    5:40   SSW
26  70.7  77.6   14:20  63.7    7:00   0.1   5.8  0.01   3.7  24.0   14:10    SW
27  68.5  75.8   15:30  62.6   22:40   0.2   3.7  0.04   2.9  21.0   16:10    SW
28  55.9  63.2    0:10  52.4    8:40   9.1   0.0  0.00   8.5  25.0   11:20    NE
29  58.1  64.6   15:40  49.6    3:50   6.9   0.0  0.00   4.3  22.0   13:50    NE
30  63.5  76.8   16:20  55.1    4:50   3.3   1.8  0.00   3.0  21.0   19:20    NE
31  65.1  79.1   18:10  55.9    6:00   2.8   2.9  0.00   3.7  14.0   13:10     N
-------------------------------------------------------------------------------------
    55.9  79.1    31    37.7    16   309.3  27.7  2.52   5.9  39.0    15      NE

Max >=  90.0:  0
Max <=  32.0:  0
Min <=  32.0:  0
Min <=   0.0:  0
Max Rain: 1.05 ON 05/15/14
Days of Rain: 13 (>.01 in) 5 (>.1 in) 1 (>1 in)
Heat Base:  65.0  Cool Base:  65.0  Method: Integration