NOAA-Style Climate Reports


Report for 2014 June
                   MONTHLY CLIMATOLOGICAL SUMMARY for JUN. 2014

NAME: Vantage Pro Plus   CITY: Sand Point   STATE: MI 
ELEV:   598 ft  LAT:  43° 54' 37" N  LONG:  83° 23' 03" W

                   TEMPERATURE (°F), RAIN  (in), WIND SPEED (mph)

                                      HEAT  COOL        AVG
    MEAN                              DEG   DEG         WIND                 DOM
DAY TEMP  HIGH   TIME   LOW    TIME   DAYS  DAYS  RAIN  SPEED HIGH   TIME    DIR
------------------------------------------------------------------------------------
 1  71.2  84.6   16:40  59.6    6:30   1.0   7.2  0.00   4.8  16.0   21:40     S
 2  73.2  83.2   14:30  67.9    6:00   0.0   8.2  0.25   8.0  38.0   17:30     S
 3  69.8  72.4   12:40  67.5   21:40   0.0   4.8  0.00   7.8  29.0   14:30   SSW
 4  65.0  70.9   18:00  57.2    6:10   1.6   1.5  0.00   2.9  22.0   23:50   NNW
 5  62.0  68.0   15:10  56.0    6:00   3.6   0.6  0.00   5.3  27.0    1:00     N
 6  64.8  74.5   19:30  53.0    5:40   3.0   2.8  0.00   0.9  10.0   11:00    SE
 7  69.8  78.0   19:40  60.8    6:30   0.6   5.4  0.00   1.8  11.0   13:00   SSW
 8  64.4  70.1    0:10  60.2   23:30   1.5   0.8  0.00   5.0  24.0   19:00    NE
 9  59.6  62.7   16:10  57.0    9:00   5.4   0.0  0.00   7.6  21.0    6:00    NE
10  60.6  65.6   17:20  56.8    6:30   4.4   0.0  0.01   5.1  18.0   11:30    NE
11  60.0  63.3   15:30  57.1   22:00   5.0   0.0  0.42   3.9  15.0   17:20    NE
12  66.0  74.6   18:10  57.7    2:50   2.5   3.6  0.00   2.4  13.0    3:00    SW
13  59.9  70.5    0:10  53.9   23:40   5.4   0.3  0.00   5.6  27.0   18:00    NW
14  56.7  63.6   16:20  50.4    5:50   8.3   0.0  0.00   4.3  22.0    1:40    NW
15  65.7  77.9   17:10  50.7    5:40   4.5   5.1  0.00   4.2  18.0   18:10     S
16  74.4  82.7   16:50  67.7    3:50   0.0   9.4  0.00   2.7  18.0    2:20    SW
17  73.9  80.3   15:50  69.4    2:20   0.0   8.9  0.03   3.7  26.0   15:30     S
18  66.4  70.8    0:10  59.8   22:50   0.5   1.9  0.12   2.5  16.0   19:30    NE
19  60.2  65.1   13:20  57.5   21:20   4.8   0.0  0.00   7.6  22.0   10:50    NE
20  61.4  70.7   11:10  54.5    2:00   4.2   0.6  0.00   3.1  21.0   19:40    NE
21  62.2  67.6   16:50  57.3    6:20   3.0   0.2  0.00   4.4  17.0    3:30    NE
22  69.2  78.7   18:40  58.1    5:30   1.1   5.3  0.00   1.3  17.0   13:30   SSW
23  69.6  74.5   18:00  65.9    6:00   0.0   4.6  0.57   1.6   8.0    2:40     S
24  69.0  73.7   17:50  63.4   20:10   0.2   4.3  0.33   1.5  18.0   19:20    SW
25  61.1  63.6    0:10  58.6    9:50   3.9   0.0  0.13   5.9  20.0   16:50    NE
26  64.6  69.8   17:00  61.4    1:40   1.3   1.0  0.00   3.4  13.0   12:20    NE
27  65.4  71.0   14:50  56.0    5:00   2.1   2.4  0.00   2.3  14.0   15:50    NE
28  74.0  83.1   12:50  66.7    6:20   0.0   9.0  0.01   2.0  13.0   18:20   SSE
29  76.7  80.3   13:30  72.7    6:20   0.0  11.7  0.01   4.7  32.0   14:40     S
30  78.6  84.2   17:20  74.0    7:30   0.0  13.6  0.00   5.2  11.0    3:40   SSW
-------------------------------------------------------------------------------------
    66.5  84.6     1    50.4    14    67.9 113.2  1.88   4.0  38.0     2      NE

Max >=  90.0:  0
Max <=  32.0:  0
Min <=  32.0:  0
Min <=   0.0:  0
Max Rain: 0.57 ON 06/23/14
Days of Rain: 7 (>.01 in) 6 (>.1 in) 0 (>1 in)
Heat Base:  65.0  Cool Base:  65.0  Method: Integration