NOAA-Style Climate Reports


Report for 2014 July
                   MONTHLY CLIMATOLOGICAL SUMMARY for JUL. 2014

NAME: Vantage Pro Plus   CITY: Sand Point   STATE: MI 
ELEV:   598 ft  LAT:  43° 54' 37" N  LONG:  83° 23' 03" W

                   TEMPERATURE (°F), RAIN  (in), WIND SPEED (mph)

                                      HEAT  COOL        AVG
    MEAN                              DEG   DEG         WIND                 DOM
DAY TEMP  HIGH   TIME   LOW    TIME   DAYS  DAYS  RAIN  SPEED HIGH   TIME    DIR
------------------------------------------------------------------------------------
 1  75.1  80.7   16:40  70.7    6:50   0.0  10.1  0.02   7.0  29.0   19:20    SW
 2  70.4  74.7   15:40  64.9   00:00   0.0   5.4  0.01   6.4  26.0   13:30    SW
 3  60.0  64.9    0:10  53.5   10:20   5.0   0.0  0.25   4.2  20.0    2:10     N
 4  64.8  73.4   17:40  54.8    1:00   2.9   2.7  0.01   0.6  12.0   12:20   WNW
 5  69.9  77.5   14:10  60.8    5:20   0.9   5.8  0.00   2.2  18.0   19:50    SW
 6  72.5  77.7   17:40  65.2    6:50   0.0   7.5  0.00   4.9  19.0   14:20   SSW
 7  75.6  82.4   16:30  70.1    3:50   0.0  10.6  0.03   6.2  22.0    1:20   WSW
 8  70.0  75.5   15:50  62.4   00:00   0.1   5.1  0.19   5.1  29.0   16:00   SSW
 9  62.6  70.4   17:40  56.3    6:20   3.5   1.1  0.03   2.6  20.0    1:40    NW
10  63.9  69.1   18:30  58.7    6:40   2.2   1.1  0.00   4.0  18.0    2:50    NE
11  68.8  77.5   17:30  61.0    4:40   1.2   5.0  0.00   1.2  11.0   15:30    SE
12  73.5  81.3   16:00  66.6    7:00   0.0   8.5  0.28   3.4  17.0   21:00     S
13  72.9  78.2   13:50  62.9   00:00   0.1   8.0  0.42   4.8  20.0    5:00     W
14  70.2  78.5   17:50  63.0    0:10   0.4   5.6  0.00   2.2  10.0   21:10   SSE
15  62.1  67.5    0:10  59.1   00:00   3.1   0.1  0.39   4.8  28.0   11:30   WNW
16  61.4  66.8   18:40  56.4    2:30   3.9   0.3  0.01   3.9  20.0    1:00    NW
17  66.4  72.3   18:10  59.5    6:30   1.4   2.8  0.00   1.9  18.0    2:40    SW
18  68.8  76.4   16:50  60.7    5:20   0.6   4.3  0.00   1.1  14.0    1:20     W
19  68.4  74.4   18:30  62.7    6:40   0.3   3.7  0.00   1.9  16.0   16:40    SE
20  68.6  74.2   16:50  62.3    1:10   0.6   4.2  0.00   1.2   9.0   13:30    NE
21  74.7  82.3   17:30  67.1    5:50   0.0   9.7  0.00   1.4   8.0   13:30    SE
22  77.4  84.7   16:40  70.3    6:50   0.0  12.4  0.03   4.3  19.0   00:00   SSW
23  66.5  77.2    0:10  63.1    8:30   0.3   1.8  0.11   8.2  27.0    4:30     N
24  65.8  71.1   13:30  60.2    5:00   1.5   2.2  0.00   3.5  20.0    0:10     N
25  68.5  74.4   15:00  60.8    7:50   0.7   4.3  0.00   2.6  16.0    9:40    SW
26  71.3  77.2   16:40  65.1   10:20   0.0   6.3  0.06   2.4  19.0   23:50    SW
27  68.6  77.5   14:40  63.2   17:40   0.3   3.9  0.45   3.5  31.0   16:30     W
28  61.5  64.3    0:10  58.9   14:50   3.5   0.0  0.03  10.1  36.0    4:20     N
29  63.8  70.1   16:00  57.9    4:50   2.6   1.4  0.01   1.9  15.0   16:50    SW
30  64.9  71.3   18:00  59.3    6:00   1.8   1.6  0.00   1.6  11.0    2:40     N
31  67.2  75.3   17:10  57.1    3:50   1.8   4.0  0.00   1.3  14.0   12:00    SW
-------------------------------------------------------------------------------------
    68.3  84.7    22    53.5     3    38.7 139.5  2.33   3.6  36.0    28      SW

Max >=  90.0:  0
Max <=  32.0:  0
Min <=  32.0:  0
Min <=   0.0:  0
Max Rain: 0.45 ON 07/27/14
Days of Rain: 13 (>.01 in) 7 (>.1 in) 0 (>1 in)
Heat Base:  65.0  Cool Base:  65.0  Method: Integration