NOAA-Style Climate Reports


Report for 2014 August
                   MONTHLY CLIMATOLOGICAL SUMMARY for AUG. 2014

NAME: Vantage Pro Plus   CITY: Sand Point   STATE: MI 
ELEV:   598 ft  LAT:  43° 54' 37" N  LONG:  83° 23' 03" W

                   TEMPERATURE (°F), RAIN  (in), WIND SPEED (mph)

                                      HEAT  COOL        AVG
    MEAN                              DEG   DEG         WIND                 DOM
DAY TEMP  HIGH   TIME   LOW    TIME   DAYS  DAYS  RAIN  SPEED HIGH   TIME    DIR
------------------------------------------------------------------------------------
 1  71.0  77.8   16:10  65.1    7:00   0.0   6.0  0.00   1.1  12.0   19:30    SW
 2  69.7  74.8   16:50  64.3    6:20   0.1   4.7  0.00   1.8  14.0   15:30    NE
 3  71.3  80.0   17:40  64.8    5:50   0.0   6.3  0.03   0.5  18.0   21:20   WNW
 4  71.1  78.2   18:30  66.0    6:20   0.0   6.1  0.54   1.3  15.0   19:20   NNE
 5  67.9  73.7   15:50  62.2    8:30   0.3   3.2  0.44   2.0  17.0    5:50    NE
 6  69.2  75.8   16:20  65.0    2:10   0.0   4.2  0.00   1.0  10.0    4:50    NW
 7  68.4  73.5   16:30  61.8   23:40   0.2   3.6  0.00   3.6  17.0   14:10    NE
 8  67.6  75.3   13:00  59.3    5:00   1.3   3.9  0.00   1.2  13.0   16:00     E
 9  68.0  74.2   13:40  61.5    2:40   0.6   3.6  0.00   2.5  18.0   16:20   ENE
10  69.8  78.2   19:10  63.0    2:00   0.3   5.0  0.00   2.1  17.0   13:20   ESE
11  70.1  77.8   14:10  66.2    4:20   0.0   5.1  1.53   0.9  12.0   16:50   ESE
12  66.4  73.6   13:20  60.3   00:00   0.6   2.0  0.03   4.4  24.0   17:20   WSW
13  65.5  73.7   16:40  59.3    6:50   2.1   2.6  0.00   6.2  26.0    5:10    NW
14  61.4  68.6   15:30  55.0    7:40   4.2   0.6  0.00   6.4  28.0    3:00   NNW
15  64.2  70.6   14:30  56.5    5:40   2.9   2.1  0.00   3.2  20.0    7:30    NW
16  66.1  71.1   17:50  61.8    6:30   0.4   1.5  0.21   3.6  21.0   10:00    SW
17  64.3  69.5   13:40  59.5   23:50   1.4   0.8  0.02   2.6  14.0   15:50   NNE
18  63.8  71.4   14:20  56.0    5:10   2.9   1.7  0.00   1.9  16.0   15:20     E
19  69.2  75.6   13:50  63.0    0:10   0.1   4.3  0.02   4.1  12.0   10:00     S
20  70.3  76.1   14:50  66.6    8:10   0.0   5.3  0.03   0.6  11.0   15:50   WSW
21  68.3  73.4   14:40  64.1    7:30   0.1   3.3  0.01   1.3  13.0    0:10     N
22  66.8  71.3   12:00  63.0    7:00   0.3   2.1  0.00   2.4  15.0   18:20    NE
23  66.2  69.4   15:20  63.8    0:10   0.0   1.3  0.00   3.9  15.0   17:30    NE
24  69.0  73.4   14:40  64.3    5:40   0.0   4.0  0.00   0.5   9.0    9:30   ESE
25  72.8  81.8   14:00  65.8    7:00   0.0   7.8  0.00   1.4  11.0   00:00    SW
26  73.9  80.3   15:50  66.6   00:00   0.0   8.9  0.00   3.0  17.0   19:50    SW
27  65.6  70.5   18:00  61.9    6:50   0.8   1.4  0.00   3.1  17.0    0:50     N
28  62.4  68.1   16:20  57.9    6:50   3.0   0.5  0.00   3.5  18.0    2:20     N
29  66.4  73.5   15:00  59.5    0:30   1.7   3.1  0.00   4.2  11.0   12:40     S
30  71.7  78.4   16:10  66.7    1:10   0.0   6.7  0.20   5.2  20.0   17:50     S
31  72.0  77.2   17:00  68.6    7:30   0.0   7.0  0.01   2.7  19.0    6:20    SW
-------------------------------------------------------------------------------------
    68.1  81.8    25    55.0    14    23.3 118.7  3.07   2.7  28.0    14      NE

Max >=  90.0:  0
Max <=  32.0:  0
Min <=  32.0:  0
Min <=   0.0:  0
Max Rain: 1.53 ON 08/11/14
Days of Rain: 10 (>.01 in) 5 (>.1 in) 1 (>1 in)
Heat Base:  65.0  Cool Base:  65.0  Method: Integration