NOAA-Style Climate Reports


Report for 2014 September
                   MONTHLY CLIMATOLOGICAL SUMMARY for SEP. 2014

NAME: Vantage Pro Plus   CITY: Sand Point   STATE: MI 
ELEV:   598 ft  LAT:  43° 54' 37" N  LONG:  83° 23' 03" W

                   TEMPERATURE (°F), RAIN  (in), WIND SPEED (mph)

                                      HEAT  COOL        AVG
    MEAN                              DEG   DEG         WIND                 DOM
DAY TEMP  HIGH   TIME   LOW    TIME   DAYS  DAYS  RAIN  SPEED HIGH   TIME    DIR
------------------------------------------------------------------------------------
 1  72.9  80.0   14:10  67.5    7:20   0.0   7.9  0.20   3.5  20.0   16:20     S
 2  71.7  77.7   17:10  68.8    9:00   0.0   6.7  0.00   1.8  16.0    0:10   WSW
 3  72.0  79.1   17:00  64.3    6:50   0.0   7.0  0.00   0.9  15.0    2:20   WSW
 4  73.3  79.3   14:20  67.3    7:50   0.0   8.3  0.08   3.5  16.0   23:10     S
 5  73.9  82.2   14:10  66.9   22:30   0.0   8.9  0.36   4.6  27.0   16:00     S
 6  66.6  70.9   13:40  61.7    8:40   0.6   2.1  0.01   4.0  21.0    6:40    NW
 7  66.1  73.2   16:50  56.8    7:30   1.5   2.6  0.00   1.7  15.0    1:00    SW
 8  66.7  73.1   14:00  60.5    4:20   1.3   3.0  0.00   2.2  10.0   15:40     S
 9  68.6  75.1   13:20  61.7    6:10   0.4   4.0  0.00   1.0   9.0   14:40     S
10  69.5  73.1   21:40  65.6    3:20   0.0   4.5  0.13   6.3  32.0   17:10     S
11  54.9  71.2    0:10  51.4    8:50  10.2   0.1  0.00   7.0  33.0    3:50    NW
12  52.8  54.7   10:30  51.1   23:40  12.2   0.0  0.13   5.9  22.0   13:20     N
13  52.0  56.4   17:10  48.2   10:00  13.0   0.0  0.65   4.1  27.0    9:00   NNW
14  54.6  59.1   17:10  48.0    1:50  10.4   0.0  0.00   2.3  18.0   22:20   SSW
15  55.1  57.7    0:10  52.8    4:10   9.9   0.0  0.15   2.0  14.0   10:30     S
16  56.7  63.6   16:10  51.0    7:50   8.3   0.0  0.02   2.3  15.0   16:20     W
17  58.6  65.1   16:20  51.4    8:20   6.4   0.0  0.00   2.2  22.0   23:50    SW
18  52.8  58.8    0:10  44.3   00:00  12.2   0.0  0.00   5.2  20.0    9:40    NE
19  53.5  63.9   16:40  42.7    7:10  11.5   0.0  0.00   2.4  18.0   22:20     S
20  63.3  70.8   16:20  56.8    2:30   2.8   1.1  0.05   6.8  29.0   18:00     S
21  57.8  64.4    0:10  50.0   23:50   7.2   0.0  0.41   6.8  33.0   15:50     N
22  53.7  60.5   17:30  48.0    9:10  11.3   0.0  0.00   4.1  23.0    3:00   NNW
23  59.6  67.6   16:00  52.5    8:00   5.6   0.2  0.00   1.9  16.0    1:00    SW
24  60.6  67.7   13:20  54.2    4:10   4.5   0.1  0.00   1.3  12.0   15:40    SW
25  61.7  67.6   13:50  56.0    7:40   3.5   0.3  0.00   1.3  12.0   16:30    NE
26  62.0  70.6   13:10  56.0    7:50   3.5   0.5  0.00   1.3  11.0   15:30    NE
27  62.4  68.7   13:30  56.2    7:50   3.3   0.6  0.00   1.0  11.0   16:30    NE
28  64.1  70.9   17:20  58.2    5:20   2.2   1.3  0.00   0.1   6.0   13:20    NE
29  64.5  73.0   16:50  55.8   00:00   2.4   1.9  0.83   1.5  21.0   23:10    SW
30  52.0  55.8    0:10  50.0   10:40  13.0   0.0  0.06   9.6  24.0    3:50     N
-------------------------------------------------------------------------------------
    61.8  82.2     5    42.7    19   157.2  61.1  3.08   3.3  33.0    11       S

Max >=  90.0:  0
Max <=  32.0:  0
Min <=  32.0:  0
Min <=   0.0:  0
Max Rain: 0.83 ON 09/29/14
Days of Rain: 12 (>.01 in) 8 (>.1 in) 0 (>1 in)
Heat Base:  65.0  Cool Base:  65.0  Method: Integration