NOAA-Style Climate Reports


Report for 2014 November
                   MONTHLY CLIMATOLOGICAL SUMMARY for NOV. 2014

NAME: Vantage Pro Plus   CITY: Sand Point   STATE: MI 
ELEV:   598 ft  LAT:  43° 54' 37" N  LONG:  83° 23' 03" W

                   TEMPERATURE (°F), RAIN  (in), WIND SPEED (mph)

                                      HEAT  COOL        AVG
    MEAN                              DEG   DEG         WIND                 DOM
DAY TEMP  HIGH   TIME   LOW    TIME   DAYS  DAYS  RAIN  SPEED HIGH   TIME    DIR
------------------------------------------------------------------------------------
 1  35.8  38.1   15:50  34.2    7:20  29.2   0.0  0.01  13.1  39.0    4:00     N
 2  38.3  44.2   21:50  32.1    7:20  26.7   0.0  0.00   4.2  14.0   12:00     S
 3  45.9  51.0   14:30  42.1    5:20  19.1   0.0  0.00   5.9  15.0    8:10     S
 4  49.1  53.0    4:20  43.7   00:00  15.9   0.0  0.00  10.0  30.0   21:00     S
 5  45.2  48.1   14:40  43.3    1:20  19.8   0.0  0.00   5.6  27.0    4:30    SW
 6  42.9  49.0   15:00  37.7   23:50  22.1   0.0  0.41   8.5  35.0   16:10   NNW
 7  36.5  39.0   12:40  33.8    6:50  28.5   0.0  0.00   7.5  30.0    6:30    NW
 8  38.0  43.3   15:40  35.4   23:50  27.0   0.0  0.13   9.7  27.0   17:10     S
 9  39.2  41.9   17:50  35.1    1:40  25.8   0.0  0.00   7.9  27.0   11:50     S
10  43.6  49.1   16:20  38.7    5:50  21.4   0.0  0.00   4.3  13.0   12:20   SSE
11  44.6  48.1   16:30  37.6   00:00  20.4   0.0  0.09   8.4  32.0   20:50   SSE
12  33.5  37.6    0:10  31.7   23:50  31.5   0.0  0.00  11.0  34.0    2:40     W
13  31.5  35.6   14:50  29.3   00:00  33.5   0.0  0.00   8.2  26.0   20:50     W
14  30.9  34.1   14:30  28.5    2:30  34.1   0.0  0.00   6.4  24.0    0:40     W
15  30.4  31.6   19:20  28.4   23:30  34.6   0.0  0.01   8.5  25.0   14:00    SW
16  29.7  31.4   14:50  27.4    6:10  35.3   0.0  0.02   8.9  20.0   10:40     S
17  26.8  30.8    0:10  19.7   23:50  38.2   0.0  0.00  10.8  36.0   23:20   WSW
18  22.6  26.9   13:10  19.5    0:30  42.4   0.0  0.00  17.0  42.0   10:40   WSW
19  22.5  26.6   19:10  19.0    3:10  42.6   0.0  0.00  14.9  37.0   22:40     S
20  23.0  26.3   12:10  19.4   23:40  42.0   0.0  0.00  13.6  37.0    0:20     W
21  22.5  26.4   13:10  18.4    5:20  42.5   0.0  0.00   9.4  27.0   23:40     S
22  33.1  40.1   23:50  24.8    0:10  31.9   0.0  0.08  10.7  25.0    0:30     S
23  40.4  45.4   23:50  37.0    1:40  24.6   0.0  0.19   8.7  21.0   10:30   SSE
24  41.0  45.5    6:00  33.5   23:50  24.0   0.0  0.39  14.4  41.0   19:50   SSW
25  32.4  35.1   12:20  30.7   23:10  32.6   0.0  0.00  12.2  36.0    2:40   WSW
26  30.8  32.5   13:30  29.9    6:20  34.2   0.0  0.00   2.9  14.0    0:20   NNW
27  27.5  30.3   11:30  20.6   23:50  37.5   0.0  0.00   8.1  26.0   20:20    NW
28  22.9  25.6   14:50  19.8    1:30  42.1   0.0  0.00   6.8  16.0    0:40   SSE
29  33.7  40.7   21:40  25.3    0:10  31.3   0.0  0.00  11.9  24.0   20:50   SSE
30  40.0  46.1   13:40  30.9   00:00  25.0   0.0  0.04   8.8  23.0    7:30     S
-------------------------------------------------------------------------------------
    34.5  53.0     4    18.4    21   915.8   0.0  1.37   9.3  42.0    18       S

Max >=  90.0:  0
Max <=  32.0:  9
Min <=  32.0: 17
Min <=   0.0:  0
Max Rain: 0.41 ON 11/06/14
Days of Rain: 8 (>.01 in) 4 (>.1 in) 0 (>1 in)
Heat Base:  65.0  Cool Base:  65.0  Method: Integration