NOAA-Style Climate Reports


Report for 2014 December
                   MONTHLY CLIMATOLOGICAL SUMMARY for DEC. 2014

NAME: Vantage Pro Plus   CITY: Sand Point   STATE: MI 
ELEV:   598 ft  LAT:  43° 54' 37" N  LONG:  83° 23' 03" W

                   TEMPERATURE (°F), RAIN  (in), WIND SPEED (mph)

                                      HEAT  COOL        AVG
    MEAN                              DEG   DEG         WIND                 DOM
DAY TEMP  HIGH   TIME   LOW    TIME   DAYS  DAYS  RAIN  SPEED HIGH   TIME    DIR
------------------------------------------------------------------------------------
 1  24.0  30.9    0:10  18.0   21:20  41.0   0.0  0.00   8.1  29.0   10:00   WNW
 2  26.8  31.7   23:40  19.6    0:10  38.2   0.0  0.00   6.4  19.0   10:20   SSE
 3  31.6  35.6   14:20  27.0   23:50  33.4   0.0  0.00  12.1  31.0   20:50   WSW
 4  26.4  29.5   13:30  24.4    7:40  38.6   0.0  0.00   4.1  19.0    0:10   WNW
 5  32.1  35.6   14:40  26.6    1:40  32.9   0.0  0.00   2.3   9.0   11:00   SSE
 6  33.6  37.8   14:30  30.0   22:50  31.4   0.0  0.00   9.5  26.0   18:50     N
 7  31.1  35.2   12:20  28.9    6:30  33.9   0.0  0.00   5.8  20.0    0:10    SE
 8  33.6  39.2   12:50  29.5    0:20  31.4   0.0  0.01   8.8  25.0   12:00   SSE
 9  33.2  35.7   14:10  29.8   00:00  31.8   0.0  0.00   7.7  28.0   21:40   NNW
10  27.7  30.2   14:50  25.7    7:30  37.3   0.0  0.00  13.1  28.0    0:50   NNW
11  30.8  38.0   14:40  25.4    2:10  34.2   0.0  0.00   7.8  24.0    0:10     W
12  31.7  32.8   14:30  30.9    2:20  33.3   0.0  0.00   5.4  18.0   00:00   WSW
13  34.0  36.8   00:00  31.6    1:00  31.0   0.0  0.00   7.2  18.0   11:40    SW
14  38.1  39.7   15:20  36.6    5:30  26.9   0.0  0.00   2.6  13.0    2:50     W
15  39.2  43.1   14:50  36.9    2:20  25.8   0.0  0.00   4.4  15.0   23:50   SSE
16  39.5  41.7   14:40  37.9   00:00  25.5   0.0  0.14   3.1  20.0   00:00    SE
17  31.4  37.9    0:10  28.1   19:40  33.6   0.0  0.07  10.8  29.0   16:50     W
18  27.3  29.1    0:10  26.0   19:40  37.7   0.0  0.00   5.8  18.0    6:20   NNW
19  25.7  30.7   13:30  21.4   23:50  39.3   0.0  0.00   3.5  18.0    1:10    NW
20  24.8  29.5   13:30  20.6    8:10  40.2   0.0  0.00   1.5   7.0    3:20   SSE
21  28.5  31.9   14:40  23.0    3:40  36.5   0.0  0.00   4.7  19.0   23:10   SSE
22  31.9  36.2   14:10  27.2    7:10  33.1   0.0  0.00   5.8  17.0   15:10   ESE
23  36.4  38.8   16:30  34.4    0:40  28.6   0.0  0.02   6.3  18.0    1:30   SSE
24  36.5  39.6    1:00  32.8   20:40  28.5   0.0  1.06   8.0  27.0   21:00     N
25  34.6  37.3   12:00  32.9    0:10  30.4   0.0  0.00  10.3  28.0    0:50    SW
26  34.6  37.8   15:30  31.7    5:20  30.4   0.0  0.00   4.5  15.0   12:20     S
27  38.2  43.6   16:10  34.2    0:10  26.8   0.0  0.00   9.1  29.0   19:30     S
28  33.0  35.4   13:20  28.6   00:00  32.0   0.0  0.00   7.1  24.0    8:50   WSW
29  25.2  29.1   13:30  19.9   23:50  39.8   0.0  0.00   6.7  21.0   22:40    NW
30  19.2  22.3   15:40  16.0   21:30  45.8   0.0  0.00   8.6  28.0   19:30     W
31  17.1  22.0   00:00  12.7    8:20  47.9   0.0  0.00  14.3  36.0   14:30   SSW
-------------------------------------------------------------------------------------
    30.9  43.6    27    12.7    31  1057.2   0.0  1.30   6.9  36.0    31     SSE

Max >=  90.0:  0
Max <=  32.0: 11
Min <=  32.0: 24
Min <=   0.0:  0
Max Rain: 1.06 ON 12/24/14
Days of Rain: 4 (>.01 in) 2 (>.1 in) 1 (>1 in)
Heat Base:  65.0  Cool Base:  65.0  Method: Integration