NOAA-Style Climate Reports


Report for 2015 January
                   MONTHLY CLIMATOLOGICAL SUMMARY for JAN. 2015

NAME: Vantage Pro Plus   CITY: Sand Point   STATE: MI 
ELEV:   598 ft  LAT:  43° 54' 37" N  LONG:  83° 23' 03" W

                   TEMPERATURE (°F), RAIN  (in), WIND SPEED (mph)

                                      HEAT  COOL        AVG
    MEAN                              DEG   DEG         WIND                 DOM
DAY TEMP  HIGH   TIME   LOW    TIME   DAYS  DAYS  RAIN  SPEED HIGH   TIME    DIR
------------------------------------------------------------------------------------
 1  26.2  31.0   13:50  21.7    1:10  38.8   0.0  0.00  15.3  38.0    0:10    SW
 2  25.0  29.6   14:30  21.3    8:10  40.0   0.0  0.00   4.7  22.0    0:30   SSE
 3  29.5  32.4   00:00  23.5    3:00  35.5   0.0  0.23   4.0  16.0   13:20    SE
 4  27.9  34.1   13:30  12.2   00:00  37.1   0.0  0.21   7.1  37.0   18:00   WNW
 5   6.5  12.3    0:10   3.2    7:40  58.5   0.0  0.00  10.8  30.0    2:20     W
 6  11.6  15.1   15:50   7.9    0:10  53.4   0.0  0.00  10.1  31.0   19:40   SSW
 7   7.2  11.6    0:50   3.5    9:10  57.8   0.0  0.00  11.8  33.0    5:00    NW
 8   8.4  13.4   10:50   5.3    1:00  56.6   0.0  0.00  16.5  32.0    8:50     S
 9  10.2  15.4   12:10   3.7   00:00  54.8   0.0  0.00  11.3  28.0    4:40   WSW
10   9.1  15.7   14:40   2.2    4:40  55.9   0.0  0.00  12.3  32.0   12:10     S
11  22.1  28.2   23:20  14.8    0:10  42.9   0.0  0.00  10.1  22.0    3:50     S
12  22.1  28.0    0:10  12.8   21:40  42.9   0.0  0.00  10.2  30.0   18:30   NNW
13  11.5  15.9   11:40  -0.8   23:40  53.5   0.0  0.00   4.3  22.0    0:30   ESE
14   7.8  20.1   23:50  -6.3    7:30  57.2   0.0  0.00   5.1  15.0   17:00     S
15  22.6  28.8   20:30  16.7    6:50  42.4   0.0  0.00  11.5  27.0   12:10     S
16  19.4  29.6    1:10   8.8   23:10  45.6   0.0  0.00   6.2  24.0    6:30   NNW
17  26.1  37.9   23:10  12.3    0:10  38.9   0.0  0.00  14.5  31.0   10:10   SSE
18  33.7  36.9    0:10  31.4   00:00  31.3   0.0  0.00   7.4  23.0    0:20     W
19  26.8  31.5    0:10  23.2   23:50  38.2   0.0  0.00   4.6  17.0   11:40    NW
20  23.6  27.5   13:00  21.4   19:30  41.4   0.0  0.00   2.9  11.0   11:30   ESE
21  23.7  26.3   15:20  21.8   00:00  41.3   0.0  0.00   3.6  13.0   13:20     N
22  22.1  27.8   16:20  15.7    6:30  42.9   0.0  0.00   4.8  16.0   23:50   SSW
23  27.0  31.7   13:40  20.8    3:00  38.0   0.0  0.00  13.2  28.0    7:30     S
24  31.4  35.6   15:50  27.4    1:00  33.6   0.0  0.00   7.1  21.0   00:00     S
25  21.1  28.0    0:10  19.0    8:50  43.9   0.0  0.00   9.7  24.0    0:20    NE
26  17.7  24.0   15:10  10.0    8:40  47.3   0.0  0.00   3.9  15.0    0:10   ENE
27  18.6  24.8   12:40  11.7    4:10  46.4   0.0  0.00   5.3  21.0   14:30     N
28  18.0  26.1   16:20   8.2    7:50  47.0   0.0  0.00   4.7  16.0   22:50   SSE
29  26.8  31.0   16:40  21.6   00:00  38.2   0.0  0.06   9.6  34.0   21:30   SSE
30  13.8  21.6    0:10   9.9    8:00  51.2   0.0  0.00   7.9  28.0    1:10   NNW
31  21.0  28.4   17:10   8.9    1:00  44.0   0.0  0.00   5.3  15.0   11:00   SSE
-------------------------------------------------------------------------------------
    20.0  37.9    17    -6.3    14  1396.5   0.0  0.50   8.3  38.0     1       S

Max >=  90.0:  0
Max <=  32.0: 26
Min <=  32.0: 31
Min <=   0.0:  2
Max Rain: 0.23 ON 01/03/15
Days of Rain: 3 (>.01 in) 2 (>.1 in) 0 (>1 in)
Heat Base:  65.0  Cool Base:  65.0  Method: Integration