NOAA-Style Climate Reports


Report for 2015 February
                   MONTHLY CLIMATOLOGICAL SUMMARY for FEB. 2015

NAME: Vantage Pro Plus   CITY: Sand Point   STATE: MI 
ELEV:   598 ft  LAT:  43° 54' 37" N  LONG:  83° 23' 03" W

                   TEMPERATURE (°F), RAIN  (in), WIND SPEED (mph)

                                      HEAT  COOL        AVG
    MEAN                              DEG   DEG         WIND                 DOM
DAY TEMP  HIGH   TIME   LOW    TIME   DAYS  DAYS  RAIN  SPEED HIGH   TIME    DIR
------------------------------------------------------------------------------------
 1  17.4  25.4    0:10  15.7   10:30  47.6   0.0  0.18  13.6  39.0   22:20    NE
 2  11.7  16.3    0:40   5.5   18:50  53.3   0.0  0.09   9.5  39.0    3:30   NNW
 3  15.2  21.1   19:30   6.2    1:30  49.8   0.0  0.01   8.6  21.0   12:20     S
 4  18.7  24.3   13:00   6.3   00:00  46.3   0.0  0.01   5.1  19.0   17:20   WNW
 5   6.1  13.7   22:40  -2.1    7:10  58.9   0.0  0.00   8.8  36.0   22:50     S
 6  19.8  26.4   23:50  12.1    5:40  45.2   0.0  0.00   8.2  28.0    0:20   SSW
 7  28.0  31.1   16:30  24.8    7:40  37.0   0.0  0.00   3.5  13.0   21:10   ESE
 8  25.8  31.7    6:40  19.6   23:40  39.2   0.0  0.00   9.5  29.0   19:30    NE
 9  18.5  21.5   15:10  10.4   23:30  46.5   0.0  0.00   7.8  24.0    1:20     N
10  18.1  27.1   13:20   8.7    7:30  46.9   0.0  0.00   3.7  13.0   00:00    NW
11  23.0  29.6   16:30  17.6   00:00  42.0   0.0  0.00   8.9  22.0   22:40   SSE
12   8.5  17.6    0:10   2.0   00:00  56.5   0.0  0.00   9.3  30.0    8:00    NW
13   8.9  17.8   16:00  -1.0    6:30  56.1   0.0  0.00  10.9  33.0   16:20     S
14   9.0  18.4    1:20  -3.6   00:00  56.0   0.0  0.00  10.5  32.0   16:30   NNW
15  -3.6   4.2   14:10 -10.6    7:50  68.6   0.0  0.00   8.5  32.0    2:00   NNW
16   1.2   8.8   15:00  -9.1    2:20  63.8   0.0  0.00   4.5  12.0   13:30   SSE
17  10.9  18.4   14:50   4.3    0:10  54.1   0.0  0.00   7.6  16.0   11:50     S
18   9.1  16.1   13:40   1.6   00:00  55.9   0.0  0.02   5.5  22.0   00:00    NW
19  -2.0   4.9   13:50  -7.4    7:20  67.0   0.0  0.00   7.5  25.0    0:10    NW
20   0.3  10.0   16:30 -12.1    7:30  64.7   0.0  0.00  10.0  25.0   19:10     S
21  16.3  21.9   00:00  10.0    0:10  48.7   0.0  0.00   7.4  21.0    3:10   SSE
22  14.2  21.9    0:10  -3.2   00:00  50.8   0.0  0.00   5.9  26.0   20:00    NW
23  -0.1   6.9   16:20  -8.6    7:30  65.1   0.0  0.00   8.1  21.0   23:30     S
24  13.1  20.7   22:20   4.8    0:20  51.9   0.0  0.01  16.7  36.0    8:30     S
25   8.1  16.7    0:10   1.9    7:20  56.9   0.0  0.00   5.1  22.0    0:50   WNW
26   7.6  13.5   13:00   1.5   22:00  57.4   0.0  0.00   7.2  22.0    4:00     N
27   5.4  14.8   16:10  -5.0    8:00  59.6   0.0  0.00   6.4  17.0   14:20     S
28  10.9  20.6   15:10   3.6    7:30  54.1   0.0  0.00   6.7  18.0   13:20     S
-------------------------------------------------------------------------------------
    11.4  31.7     8   -12.1    20  1499.9   0.0  0.32   8.0  39.0     1       S

Max >=  90.0:  0
Max <=  32.0: 28
Min <=  32.0: 28
Min <=   0.0: 10
Max Rain: 0.18 ON 02/01/15
Days of Rain: 3 (>.01 in) 1 (>.1 in) 0 (>1 in)
Heat Base:  65.0  Cool Base:  65.0  Method: Integration