NOAA-Style Climate Reports


Report for 2015 March
                   MONTHLY CLIMATOLOGICAL SUMMARY for MAR. 2015

NAME: Vantage Pro Plus   CITY: Sand Point   STATE: MI 
ELEV:   598 ft  LAT:  43° 54' 37" N  LONG:  83° 23' 03" W

                   TEMPERATURE (°F), RAIN  (in), WIND SPEED (mph)

                                      HEAT  COOL        AVG
    MEAN                              DEG   DEG         WIND                 DOM
DAY TEMP  HIGH   TIME   LOW    TIME   DAYS  DAYS  RAIN  SPEED HIGH   TIME    DIR
------------------------------------------------------------------------------------
 1  17.5  23.7   16:30   7.4    7:10  47.5   0.0  0.00   6.3  20.0   20:50   SSW
 2  20.1  28.1   13:10  13.0   22:50  44.9   0.0  0.00   6.1  25.0    2:40   WSW
 3  23.7  30.0   21:40  14.5    0:10  41.3   0.0  0.03   9.1  25.0   23:10   SSE
 4  22.2  30.6   13:10   6.8   00:00  42.8   0.0  0.00   6.9  27.0   14:00     W
 5   6.7  13.3   16:00   0.5    4:00  58.3   0.0  0.00   5.7  15.0   20:40     W
 6  12.7  21.5   16:30  -1.2    3:10  52.3   0.0  0.00  11.7  30.0   12:30     S
 7  25.7  32.5   20:50  17.3    7:30  39.3   0.0  0.00   7.5  22.0    0:20     S
 8  30.2  36.3   16:50  23.3    0:30  33.4   0.0  0.00   7.2  25.0   17:40     S
 9  31.6  39.3   15:50  20.9    8:00  33.4   0.0  0.00   7.6  18.0    1:40     S
10  33.8  38.8   15:10  25.5    7:20  31.2   0.0  0.00   7.8  22.0   14:00     S
11  36.9  46.4   18:10  29.6   00:00  28.1   0.0  0.00   5.9  23.0   18:20    SW
12  32.2  39.6   14:10  24.8    7:20  32.8   0.0  0.00   4.5  14.0   10:20    SE
13  33.7  42.4   15:10  28.2    7:50  31.3   0.0  0.00   6.0  21.0    6:50   SSE
14  36.7  40.7   10:40  33.3    0:10  28.3   0.0  0.00   8.4  25.0   20:10     W
15  35.2  38.9   16:10  32.8    7:30  29.8   0.0  0.00   5.8  19.0    0:30   SSW
16  38.4  47.8   18:30  34.2    8:00  26.6   0.0  0.02   5.6  18.0   22:10   SSW
17  34.3  39.8   16:00  28.4   22:50  30.7   0.0  0.00   9.7  36.0    5:40    NW
18  29.7  38.4   16:20  25.0    7:40  35.3   0.0  0.00   5.1  16.0   16:40   WSW
19  28.5  34.2   15:30  22.1    8:10  36.5   0.0  0.00   4.1  14.0   16:50     N
20  33.6  41.5   16:10  25.4    8:00  31.4   0.0  0.00   5.8  16.0   20:40     S
21  35.2  41.5   14:30  23.8   00:00  29.8   0.0  0.01   8.2  24.0    9:20    NW
22  24.2  31.6   17:20  18.0    3:50  40.8   0.0  0.00   7.6  24.0    0:40   NNW
23  22.7  26.3   13:00  16.8   00:00  42.3   0.0  0.00   6.7  18.0    1:30    NE
24  24.5  32.7   17:30  16.2    6:00  40.5   0.0  0.00   3.7  17.0   15:30     E
25  33.0  37.6   17:30  26.2    3:00  32.0   0.0  0.11   9.7  27.0   18:40   SSW
26  34.6  39.3   14:00  26.0   00:00  30.4   0.0  0.00   7.8  27.0   21:00   SSW
27  21.7  26.0    0:10  19.4   22:00  43.3   0.0  0.00  11.7  30.0    9:20   NNW
28  25.4  31.1   17:30  19.9    6:20  39.6   0.0  0.00   8.2  25.0    1:00   NNW
29  31.4  39.1   15:50  22.8    7:00  33.6   0.0  0.00  15.0  47.0   17:10     S
30  38.3  47.2   16:10  32.4   23:50  26.7   0.0  0.00   8.3  28.0   13:10     W
31  34.8  39.5   12:50  32.2    0:50  30.2   0.0  0.00   5.7  18.0   11:00    NE
-------------------------------------------------------------------------------------
    28.7  47.8    16    -1.2     6  1124.4   0.0  0.17   7.4  47.0    29       S

Max >=  90.0:  0
Max <=  32.0: 10
Min <=  32.0: 26
Min <=   0.0:  1
Max Rain: 0.11 ON 03/25/15
Days of Rain: 3 (>.01 in) 1 (>.1 in) 0 (>1 in)
Heat Base:  65.0  Cool Base:  65.0  Method: Integration