NOAA-Style Climate Reports


Report for 2015 April
                   MONTHLY CLIMATOLOGICAL SUMMARY for APR. 2015

NAME: Vantage Pro Plus   CITY: Sand Point   STATE: MI 
ELEV:   598 ft  LAT:  43° 54' 37" N  LONG:  83° 23' 03" W

                   TEMPERATURE (°F), RAIN  (in), WIND SPEED (mph)

                                      HEAT  COOL        AVG
    MEAN                              DEG   DEG         WIND                 DOM
DAY TEMP  HIGH   TIME   LOW    TIME   DAYS  DAYS  RAIN  SPEED HIGH   TIME    DIR
------------------------------------------------------------------------------------
 1  37.2  45.1   20:20  29.2    7:40  27.8   0.0  0.00   5.0  17.0   21:50    SE
 2  44.6  50.3   14:40  37.4   00:00  20.4   0.0  0.05  10.9  25.0   14:40     S
 3  38.3  45.7   12:50  30.2   00:00  26.7   0.0  0.00   5.7  24.0   22:20    NE
 4  31.0  40.6   17:40  23.4    7:40  34.0   0.0  0.00   7.3  25.0    1:30    NW
 5  33.3  37.7   18:30  30.6    1:50  31.7   0.0  0.03   4.3  16.0    5:40   ESE
 6  36.6  47.2   11:50  32.3    4:20  28.4   0.0  0.00   7.4  27.0   15:20    NE
 7  36.9  40.5   13:50  34.4    0:10  28.1   0.0  0.00   9.8  27.0   13:50    NE
 8  36.0  38.3    1:20  33.5    8:40  29.0   0.0  0.44   7.8  23.0   13:30   ENE
 9  40.4  50.6   22:40  36.3    0:10  24.6   0.0  0.32   5.2  17.0    4:00    SE
10  43.5  51.3    5:40  37.7   00:00  21.5   0.0  0.83  12.4  39.0    9:20    SW
11  43.1  52.2   17:00  35.8    7:10  21.9   0.0  0.00   5.6  18.0    5:10     W
12  51.1  61.8   14:50  41.1    7:00  13.9   0.0  0.00   6.8  17.0   23:50   SSE
13  52.5  59.0   10:30  47.4   23:50  12.5   0.0  0.01  10.4  32.0    9:20   SSE
14  50.8  60.2   17:20  41.6   23:00  14.2   0.0  0.00   4.9  18.0   21:20     S
15  45.0  50.1   16:20  39.4    6:30  20.0   0.0  0.00   6.8  24.0   17:00    NE
16  47.8  58.3   12:40  39.6    4:20  17.2   0.0  0.00   4.0  15.0    0:10     N
17  54.0  65.8   17:20  45.9   00:00  11.0   0.0  0.00   4.1  14.0    7:50   SSW
18  47.9  52.4   10:30  43.9   23:10  17.1   0.0  0.00   7.2  29.0   11:40    NE
19  49.2  62.7   15:50  40.2    5:50  15.8   0.0  0.17  10.6  28.0    9:40   ESE
20  50.8  55.7   13:20  44.7   23:30  14.2   0.0  0.34  15.8  38.0    8:40   SSW
21  42.7  47.1   13:20  38.8   16:50  22.3   0.0  0.10  14.8  41.0   13:30    SW
22  37.2  40.5   13:20  32.9   23:20  27.8   0.0  0.04  10.4  31.0    1:30     W
23  33.9  38.8   18:50  29.6    6:10  31.1   0.0  0.01   9.8  31.0    4:20    NW
24  38.6  49.0   17:20  32.6    6:30  26.4   0.0  0.00   6.8  24.0    4:00   NNW
25  39.2  46.1   11:20  32.4    6:50  25.8   0.0  0.00   6.7  26.0   13:50    NE
26  43.7  48.4   14:50  38.9    6:30  21.3   0.0  0.00   8.2  20.0    4:20     N
27  44.2  48.9   17:30  39.6    5:20  20.8   0.0  0.00   9.6  27.0    3:00     N
28  46.7  53.4   13:50  41.5    6:10  18.3   0.0  0.00   5.3  19.0   18:40    NE
29  50.1  62.7   15:30  43.0    0:40  14.9   0.0  0.00   3.9  15.0   17:00    NE
30  47.2  51.9   16:20  41.7    6:40  17.8   0.0  0.00   7.9  23.0   12:50    NE
-------------------------------------------------------------------------------------
    43.1  65.8    17    23.4     4   656.5   0.0  2.34   7.8  41.0    21      NE

Max >=  90.0:  0
Max <=  32.0:  0
Min <=  32.0:  5
Min <=   0.0:  0
Max Rain: 0.83 ON 04/10/15
Days of Rain: 9 (>.01 in) 5 (>.1 in) 0 (>1 in)
Heat Base:  65.0  Cool Base:  65.0  Method: Integration