NOAA-Style Climate Reports


Report for 2015 June
                   MONTHLY CLIMATOLOGICAL SUMMARY for JUN. 2015

NAME: Vantage Pro Plus   CITY: Sand Point   STATE: MI 
ELEV:   598 ft  LAT:  43° 54' 37" N  LONG:  83° 23' 03" W

                   TEMPERATURE (°F), RAIN  (in), WIND SPEED (mph)

                                      HEAT  COOL        AVG
    MEAN                              DEG   DEG         WIND                 DOM
DAY TEMP  HIGH   TIME   LOW    TIME   DAYS  DAYS  RAIN  SPEED HIGH   TIME    DIR
------------------------------------------------------------------------------------
 1  51.5  55.3   18:20  47.3    6:20  13.5   0.0  0.00   7.2  24.0    0:50    NE
 2  55.7  62.5   16:50  46.2    4:40   9.3   0.0  0.00   5.1  20.0   16:20   NNE
 3  60.9  67.1   17:10  49.5    5:50   4.3   0.3  0.00   4.2  14.0   14:40   SSE
 4  65.3  71.7   21:30  58.5    6:40   2.1   2.4  0.00   3.4  12.0   17:20   SSE
 5  62.1  69.2    0:10  56.6   00:00   3.5   0.6  0.00   6.7  25.0   20:20     N
 6  51.9  56.6    0:10  47.2   00:00  13.1   0.0  0.00   8.6  29.0    2:20    NE
 7  62.5  71.2   17:50  48.5    0:10   4.6   2.1  0.00   7.3  21.0   17:10   SSE
 8  66.1  74.7   17:00  54.6   23:30   1.4   2.4  0.17   3.1  19.0   18:30   SSE
 9  64.6  72.4   19:40  55.2    0:10   2.9   2.5  0.00   3.2  13.0    5:10   SSE
10  70.7  79.5   14:40  64.9    3:20   0.0   5.7  0.01   7.6  25.0   15:40   SSE
11  64.8  69.3   18:30  59.6    4:30   1.3   1.1  0.05   2.6  18.0    0:40    NW
12  55.9  60.3    0:10  53.3   23:00   9.1   0.0  1.78   6.9  29.0   11:30    NE
13  59.8  66.5   21:20  52.8    2:50   5.4   0.2  0.00   3.0  12.0   11:30    NE
14  68.3  75.2   16:40  62.7    3:10   0.5   3.7  0.28   1.8  11.0   15:40   SSE
15  69.8  78.0   17:40  64.2    6:30   0.1   4.9  0.43   2.0  18.0   20:50     N
16  66.9  73.9   14:10  58.8   00:00   0.6   2.5  0.05   4.4  18.0   16:30   NNW
17  65.3  74.0   21:00  54.6    6:20   2.8   3.1  0.00   3.2  12.0   11:40     E
18  68.3  78.2   16:30  61.9   18:40   0.5   3.8  0.11   5.4  28.0   17:20   SSE
19  58.2  65.2    0:10  52.2   00:00   6.8   0.0  0.00   9.0  31.0    2:50    NE
20  61.3  70.2   00:00  49.9    3:20   4.6   0.9  0.00   3.2  16.0   15:10   SSE
21  68.9  78.2   18:30  61.4   00:00   0.3   4.3  0.00   3.6  19.0   21:00     S
22  70.7  78.7   14:50  59.5    1:10   0.4   6.1  0.11   4.2  23.0   15:40   SSE
23  69.9  75.1    1:10  65.3    9:40   0.0   4.9  0.00   7.3  27.0    8:30   WNW
24  69.0  77.6   17:20  58.9    3:20   1.1   5.1  0.00   3.5  15.0    0:20     S
25  67.0  72.5   16:20  63.0   23:30   0.2   2.3  0.00   4.8  25.0   14:30    NE
26  64.8  70.9   14:20  59.5    6:00   1.4   1.2  0.00   6.6  19.0   16:50    NE
27  64.0  66.9   14:40  61.8    2:10   1.2   0.1  0.00   8.6  28.0   13:00    NE
28  65.6  71.6   18:10  61.0    2:00   1.3   2.0  0.00   6.2  28.0    0:20     N
29  69.6  76.6   13:00  61.7    5:00   0.2   4.8  0.00   3.0  15.0   18:50   SSE
30  65.5  69.9   14:00  62.3    6:10   0.6   1.1  0.00   4.5  17.0   17:20    NE
-------------------------------------------------------------------------------------
    64.2  79.5    10    46.2     2    93.1  68.1  2.99   5.0  31.0    19      NE

Max >=  90.0:  0
Max <=  32.0:  0
Min <=  32.0:  0
Min <=   0.0:  0
Max Rain: 1.78 ON 06/12/15
Days of Rain: 8 (>.01 in) 6 (>.1 in) 1 (>1 in)
Heat Base:  65.0  Cool Base:  65.0  Method: Integration