NOAA-Style Climate Reports


Report for 2015 July
                   MONTHLY CLIMATOLOGICAL SUMMARY for JUL. 2015

NAME: Vantage Pro Plus   CITY: Sand Point   STATE: MI 
ELEV:   598 ft  LAT:  43° 54' 37" N  LONG:  83° 23' 03" W

                   TEMPERATURE (°F), RAIN  (in), WIND SPEED (mph)

                                      HEAT  COOL        AVG
    MEAN                              DEG   DEG         WIND                 DOM
DAY TEMP  HIGH   TIME   LOW    TIME   DAYS  DAYS  RAIN  SPEED HIGH   TIME    DIR
------------------------------------------------------------------------------------
 1  64.0  69.9   17:10  60.9   00:00   1.7   0.7  0.00   3.1  15.0    6:20    NW
 2  62.2  66.6   13:10  57.5   23:20   3.0   0.2  0.00   5.6  18.0   14:30    NE
 3  63.5  70.7   17:10  55.7    6:50   2.9   1.3  0.00   1.8   9.0   14:00   SSE
 4  70.5  78.3   17:20  63.9    4:10   0.1   5.7  0.00   2.7  10.0   10:10     S
 5  71.7  80.0   17:10  65.0    6:30   0.0   6.7  0.00   1.6  11.0   18:30   SSE
 6  74.5  82.0   16:40  65.5    6:50   0.0   9.5  0.00   4.8  15.0   00:00   SSE
 7  68.0  76.1    0:20  62.1   10:50   0.8   3.8  0.33   6.9  20.0   11:00   NNW
 8  63.0  67.6   17:00  58.5    5:50   2.5   0.5  0.00   5.2  20.0    1:40    NE
 9  64.6  69.9   18:50  59.1    6:10   1.8   1.5  0.00   2.8  11.0   11:00   SSE
10  70.9  78.0   16:50  63.3    7:20   0.1   6.0  0.00   2.1   9.0   13:30   SSE
11  74.2  81.1   17:30  66.8    6:10   0.0   9.2  0.00   2.4  11.0    2:00    SW
12  74.5  79.5   12:50  69.4    6:40   0.0   9.5  0.00   2.3  11.0   15:40   SSE
13  71.8  76.5   13:30  67.7    7:50   0.0   6.8  0.03   4.2  16.0   15:20   SSE
14  68.8  72.2    3:10  64.6   00:00   0.0   3.8  0.78   8.8  36.0   21:10     N
15  61.2  64.6    0:10  56.4   23:20   3.8   0.0  0.00   8.5  30.0    8:40    NE
16  64.2  72.8   20:00  51.9    5:40   3.5   2.7  0.00   3.4  12.0   16:40   SSE
17  71.6  79.7   18:40  64.4    6:30   0.0   6.6  0.05   6.5  19.0    8:40   SSE
18  75.7  82.3   13:50  69.5    2:50   0.0  10.7  0.00   3.7  17.0   23:10     S
19  75.1  81.9   16:10  68.3   23:10   0.0  10.1  0.00   5.0  20.0    0:40    SW
20  73.7  80.0   17:40  67.5   00:00   0.0   8.7  0.48   6.1  29.0   20:10     S
21  70.4  78.4   16:50  65.2    7:50   0.0   5.4  0.01   5.5  23.0   20:00    NW
22  70.0  76.1   14:50  64.4    4:50   0.0   5.1  0.00   4.0  20.0    1:10    NW
23  70.6  79.6   17:50  61.9    6:50   0.3   5.9  0.00   2.0  14.0   20:00     E
24  74.2  81.6   17:20  63.4    2:40   0.0   9.3  0.00   2.4  12.0   00:00   SSW
25  74.9  80.6   13:50  70.7   23:50   0.0   9.9  0.41   3.2  20.0   14:40   SSE
26  74.6  80.8   16:10  67.4    6:40   0.0   9.6  0.00   0.9   9.0   16:10   SSW
27  78.3  85.2   17:50  72.0    5:10   0.0  13.3  0.00   1.2   8.0    6:00   SSW
28  79.8  87.0   15:20  73.8    7:10   0.0  14.8  0.00   0.3  11.0   20:10     E
29  78.5  86.2   13:40  73.9    5:30   0.0  13.5  0.41   5.6  30.0   15:10   SSE
30  76.4  83.2   16:40  71.2    7:00   0.0  11.4  0.00   6.6  23.0    5:40     W
31  74.5  82.6   15:10  68.7   00:00   0.0   9.5  0.00   5.4  29.0   21:20   WSW
-------------------------------------------------------------------------------------
    71.2  87.0    28    51.9    16    20.5 211.7  2.50   4.0  36.0    14     SSE

Max >=  90.0:  0
Max <=  32.0:  0
Min <=  32.0:  0
Min <=   0.0:  0
Max Rain: 0.78 ON 07/14/15
Days of Rain: 7 (>.01 in) 5 (>.1 in) 0 (>1 in)
Heat Base:  65.0  Cool Base:  65.0  Method: Integration