NOAA-Style Climate Reports


Report for 2015 August
                   MONTHLY CLIMATOLOGICAL SUMMARY for AUG. 2015

NAME: Vantage Pro Plus   CITY: Sand Point   STATE: MI 
ELEV:   598 ft  LAT:  43° 54' 37" N  LONG:  83° 23' 03" W

                   TEMPERATURE (°F), RAIN  (in), WIND SPEED (mph)

                                      HEAT  COOL        AVG
    MEAN                              DEG   DEG         WIND                 DOM
DAY TEMP  HIGH   TIME   LOW    TIME   DAYS  DAYS  RAIN  SPEED HIGH   TIME    DIR
------------------------------------------------------------------------------------
 1  72.2  78.8   16:30  65.2    6:40   0.0   7.2  0.04   3.7  26.0   15:10     W
 2  70.7  79.7   13:40  64.5   14:40   0.0   5.7  2.55   7.6  44.0   18:50   SSE
 3  69.1  75.6   18:00  62.3    6:40   0.2   4.3  0.16   4.7  27.0   13:20   WNW
 4  67.7  77.5   14:20  62.2    6:10   0.4   3.0  0.02   2.9  29.0   14:40    NW
 5  65.4  70.8   18:00  60.5    7:20   1.1   1.6  0.00   3.3  16.0    3:30   NNW
 6  66.6  72.2   13:20  59.7    6:50   1.0   2.6  0.00   2.8  13.0   14:20   SSE
 7  67.3  74.1   13:10  59.1    5:30   1.3   3.7  0.00   3.3  18.0   18:10     E
 8  69.8  75.9   15:40  66.3    7:50   0.0   4.8  0.01   2.4  14.0   15:40     E
 9  71.9  79.1   18:00  66.4    7:20   0.0   6.9  0.00   2.8  11.0   14:40   SSE
10  69.5  72.1   11:00  66.9   00:00   0.0   4.5  0.27   4.1  15.0   12:10   SSE
11  68.3  75.4   13:10  64.2    7:10   0.0   3.3  0.09   4.8  21.0   00:00    NW
12  67.6  72.9   18:00  62.1    7:10   0.5   3.1  0.00   5.3  23.0    2:20   NNW
13  72.1  79.6   17:10  64.7    3:10   0.0   7.1  0.04   5.4  20.0    7:20   SSW
14  73.2  81.6   14:40  69.7   00:00   0.0   8.2  0.47   4.9  19.0   17:20   SSW
15  73.0  78.6   16:40  68.3    1:30   0.0   8.0  0.00   2.0  10.0    5:40   NNE
16  77.5  83.8   14:10  71.3    4:30   0.0  12.5  0.00   3.7  12.0   15:10     S
17  78.8  84.6   16:20  74.4    7:50   0.0  13.8  0.00   3.9  16.0   23:50     S
18  76.4  81.6   16:00  72.6    8:50   0.0  11.4  0.00   3.9  16.0   17:00   SSE
19  75.6  80.9   12:40  71.6   20:50   0.0  10.6  2.02   7.8  30.0   20:40   SSE
20  68.1  75.1    0:20  63.6   23:20   0.1   3.2  0.82   8.9  31.0   16:50     S
21  67.8  73.5   17:20  62.2    7:00   0.6   3.4  0.00   5.4  25.0    0:40     S
22  70.5  77.1   16:00  64.3    7:50   0.0   5.6  0.00   3.0  10.0   23:50   SSE
23  69.3  77.5   13:30  64.0    7:20   0.1   4.3  0.19   7.2  24.0   21:10   SSE
24  64.1  70.9   14:40  58.2   22:30   1.8   1.0  0.00   9.2  30.0   16:50   WSW
25  59.9  64.0   15:20  57.3    6:00   5.1   0.0  0.00   6.0  21.0    4:30     W
26  60.6  65.0   15:30  58.0    4:40   4.4   0.0  0.00   4.5  16.0    6:40   WNW
27  61.5  65.2   18:50  57.7    2:40   3.5   0.0  0.00   3.3  16.0    2:00   NNW
28  64.9  71.2   16:40  58.4    8:10   2.0   1.9  0.00   2.8  10.0   12:10   SSE
29  65.5  68.3   17:00  62.3    8:40   0.4   0.9  0.02   2.1  12.0    4:40   SSE
30  68.9  73.1   14:00  64.7    7:10   0.0   3.9  0.01   1.3   9.0   12:50     N
31  69.8  74.3   18:00  65.8    7:30   0.0   4.8  0.00   2.6  13.0   11:20   SSW
-------------------------------------------------------------------------------------
    69.1  84.6    17    57.3    25    22.5 151.3  6.71   4.4  44.0     2     SSE

Max >=  90.0:  0
Max <=  32.0:  0
Min <=  32.0:  0
Min <=   0.0:  0
Max Rain: 2.55 ON 08/02/15
Days of Rain: 12 (>.01 in) 7 (>.1 in) 2 (>1 in)
Heat Base:  65.0  Cool Base:  65.0  Method: Integration