NOAA-Style Climate Reports


Report for 2015 October
                   MONTHLY CLIMATOLOGICAL SUMMARY for OCT. 2015

NAME: Vantage Pro Plus   CITY: Sand Point   STATE: MI 
ELEV:   598 ft  LAT:  43° 54' 37" N  LONG:  83° 23' 03" W

                   TEMPERATURE (°F), RAIN  (in), WIND SPEED (mph)

                                      HEAT  COOL        AVG
    MEAN                              DEG   DEG         WIND                 DOM
DAY TEMP  HIGH   TIME   LOW    TIME   DAYS  DAYS  RAIN  SPEED HIGH   TIME    DIR
------------------------------------------------------------------------------------
 1  54.0  55.8    0:10  52.5    8:10  11.0   0.0  0.00  11.1  35.0   14:20    NE
 2  52.6  56.2   13:00  49.3    6:30  12.4   0.0  0.00   9.8  36.0   16:50   ENE
 3  48.6  51.5   13:30  45.8   20:20  16.4   0.0  0.05   8.6  31.0    1:30   ENE
 4  51.6  55.1   15:10  46.5    0:10  13.4   0.0  0.23   4.2  20.0    0:30   ENE
 5  55.2  57.4   11:30  53.9    1:00   9.8   0.0  0.13   2.6  14.0   12:50   ENE
 6  56.0  59.9   17:00  53.8    7:00   9.0   0.0  0.01   1.3  11.0   00:00   SSE
 7  57.1  62.2   16:40  54.7    8:10   7.9   0.0  0.00   3.5  16.0   19:40    NE
 8  55.9  62.7   16:20  48.0    6:20   9.1   0.0  0.56   2.7  12.0    0:10   SSE
 9  56.8  60.7    1:00  52.8   00:00   8.2   0.0  0.00   6.2  24.0   12:10   NNW
10  54.2  59.7   16:50  46.9    7:10  10.8   0.0  0.00   4.1  16.0   23:50     S
11  60.4  67.9   16:50  54.2    1:10   5.1   0.5  0.00   7.1  20.0    8:20     S
12  61.7  66.8   13:40  57.8    7:40   3.4   0.1  0.01   6.8  18.0    9:30     S
13  54.9  61.6    0:10  51.8   00:00  10.1   0.0  0.00   9.5  36.0    1:10   WSW
14  51.0  54.8   20:40  46.0    7:50  14.0   0.0  0.00   5.8  21.0   22:40    NW
15  53.7  62.8   14:50  48.7   00:00  11.3   0.0  0.01   6.8  40.0   19:00     S
16  45.7  50.0   13:20  38.8   23:50  19.3   0.0  0.00   7.8  30.0   16:40   WNW
17  39.8  45.2   15:30  37.2    7:10  25.2   0.0  0.00   7.0  23.0    3:00    NW
18  41.0  45.0   15:10  37.7    0:40  24.0   0.0  0.00   5.1  20.0    6:10   SSE
19  50.3  60.5   17:50  39.4    3:30  14.7   0.0  0.01  10.1  27.0   12:50     S
20  54.2  56.7    0:40  50.9    4:50  10.8   0.0  0.04   4.3  21.0    1:00     S
21  55.6  62.9   22:00  51.3    7:30   9.4   0.0  0.00   4.5  18.0   21:40   SSE
22  54.2  57.7    0:10  48.0   00:00  10.7   0.0  0.00   4.8  19.0    2:10    NW
23  47.8  53.4   16:30  42.2    8:30  17.2   0.0  0.00   4.8  19.0    0:20     S
24  54.2  61.0   15:20  49.5    1:00  10.8   0.0  0.21  10.1  33.0   20:40     S
25  49.0  52.6   16:40  44.1    8:00  16.0   0.0  0.01   5.7  32.0    1:00   NNW
26  47.3  52.4   15:40  42.2    8:20  17.7   0.0  0.00   2.8  15.0   17:40    SE
27  49.7  56.4   15:20  43.6    6:10  15.3   0.0  0.00   4.4  20.0   22:00   ESE
28  52.6  56.8   17:20  48.2    3:20  12.4   0.0  0.49   8.9  23.0   20:30     S
29  45.1  52.3    0:10  40.5    9:20  19.9   0.0  0.04  13.3  37.0    1:40    SW
30  44.2  46.4   18:00  40.7    8:30  20.8   0.0  0.00   4.3  21.0    4:00     S
31  45.9  48.6   13:40  42.7    0:10  19.1   0.0  0.18   9.2  25.0   21:50     S
-------------------------------------------------------------------------------------
    51.6  67.9    11    37.2    17   415.2   0.6  1.98   6.4  40.0    15       S

Max >=  90.0:  0
Max <=  32.0:  0
Min <=  32.0:  0
Min <=   0.0:  0
Max Rain: 0.56 ON 10/08/15
Days of Rain: 9 (>.01 in) 6 (>.1 in) 0 (>1 in)
Heat Base:  65.0  Cool Base:  65.0  Method: Integration