NOAA-Style Climate Reports


Report for 2015 November
                   MONTHLY CLIMATOLOGICAL SUMMARY for NOV. 2015

NAME: Vantage Pro Plus   CITY: Sand Point   STATE: MI 
ELEV:   598 ft  LAT:  43° 54' 37" N  LONG:  83° 23' 03" W

                   TEMPERATURE (°F), RAIN  (in), WIND SPEED (mph)

                                      HEAT  COOL        AVG
    MEAN                              DEG   DEG         WIND                 DOM
DAY TEMP  HIGH   TIME   LOW    TIME   DAYS  DAYS  RAIN  SPEED HIGH   TIME    DIR
------------------------------------------------------------------------------------
 1  50.9  54.8   13:10  47.6    0:10  14.1   0.0  0.00   7.3  26.0    8:50     W
 2  52.3  62.4   16:20  43.7    6:00  12.7   0.0  0.01   5.9  16.0   16:00   SSW
 3  55.6  64.7   15:20  50.2    7:50   9.4   0.0  0.00   3.2  14.0    2:10   SSW
 4  56.4  65.6   13:40  50.4    6:50   8.6   0.0  0.00   2.9   9.0   12:40     S
 5  58.6  65.4   14:10  54.2    2:30   6.4   0.0  0.00   5.5  16.0   14:00   SSW
 6  54.2  62.6    5:30  47.3   00:00  10.8   0.0  0.04  10.9  58.0    6:30   WNW
 7  45.8  50.5   12:50  41.3   00:00  19.2   0.0  0.01   9.2  28.0   19:00   WNW
 8  44.1  49.2   14:40  39.3    6:00  20.9   0.0  0.00   6.2  17.0   12:40   SSW
 9  44.0  51.7   14:40  39.8    6:00  21.0   0.0  0.00   4.3  12.0   10:30   SSW
10  45.7  49.6   14:20  39.5    1:10  19.3   0.0  0.05   1.9  10.0   13:50   ENE
11  47.7  52.0   16:40  42.4    8:00  17.3   0.0  0.00   4.5  23.0   22:30   SSW
12  48.5  50.8    8:50  46.3   13:40  16.5   0.0  0.23  14.4  39.0   10:20     S
13  40.9  46.7    0:10  36.6   22:40  24.1   0.0  0.02  14.9  38.0    2:50     W
14  41.3  45.2   16:20  37.0    0:10  23.7   0.0  0.00   8.3  22.0    1:00   SSW
15  48.4  54.4   14:30  43.7    5:00  16.6   0.0  0.01   5.5  21.0    0:20    SW
16  47.4  57.5   15:00  43.0    7:30  17.6   0.0  0.00   3.4  13.0   16:00   SSW
17  49.5  55.8   14:10  43.3    2:00  15.5   0.0  0.00   7.1  18.0   20:10   SSE
18  55.7  58.2   19:10  52.6    0:10   9.3   0.0  0.00  21.1  45.0   19:00     S
19  47.9  56.3    0:10  40.8   20:40  17.1   0.0  0.00  17.1  43.0   17:20   SSW
20  39.4  43.5   14:30  36.4   22:30  25.6   0.0  0.00  12.9  39.0    6:40     W
21  34.4  37.2    1:10  31.8   00:00  30.6   0.0  0.87   6.8  30.0   16:00     N
22  29.9  33.1   13:20  27.0   21:20  35.1   0.0  0.00   7.6  21.0   17:00    NW
23  30.2  34.9   23:30  27.0    3:10  34.8   0.0  0.00  10.6  21.0   15:10   SSW
24  35.9  40.1   12:40  33.0   21:40  29.1   0.0  0.00   4.1  18.0    2:40   WNW
25  39.9  46.1   14:10  33.5    0:50  25.1   0.0  0.00  11.3  24.0   21:30     S
26  46.8  51.4   19:50  42.2    1:40  18.2   0.0  0.02  13.1  26.0   19:30   SSW
27  40.2  52.0    2:10  32.7   23:50  24.8   0.0  0.40  12.5  29.0   19:00     N
28  31.5  33.5   13:10  29.5    8:50  33.5   0.0  0.00   7.1  26.0    2:10   NNE
29  33.4  38.6   15:00  28.9    5:20  31.6   0.0  0.00   2.8  11.0    3:00    NW
30  35.5  42.0   14:40  30.6    8:10  29.5   0.0  0.00   3.6  16.0   17:10     E
-------------------------------------------------------------------------------------
    44.4  65.6     4    27.0    22   618.0   0.0  1.66   8.2  58.0     6     SSW

Max >=  90.0:  0
Max <=  32.0:  0
Min <=  32.0:  6
Min <=   0.0:  0
Max Rain: 0.87 ON 11/21/15
Days of Rain: 7 (>.01 in) 3 (>.1 in) 0 (>1 in)
Heat Base:  65.0  Cool Base:  65.0  Method: Integration