NOAA-Style Climate Reports


Report for 2015 December
                   MONTHLY CLIMATOLOGICAL SUMMARY for DEC. 2015

NAME: Vantage Pro Plus   CITY: Sand Point   STATE: MI 
ELEV:   598 ft  LAT:  43° 54' 37" N  LONG:  83° 23' 03" W

                   TEMPERATURE (°F), RAIN  (in), WIND SPEED (mph)

                                      HEAT  COOL        AVG
    MEAN                              DEG   DEG         WIND                 DOM
DAY TEMP  HIGH   TIME   LOW    TIME   DAYS  DAYS  RAIN  SPEED HIGH   TIME    DIR
------------------------------------------------------------------------------------
 1  39.3  42.8   15:20  35.1    2:20  25.7   0.0  0.02   6.2  23.0   21:00     W
 2  36.7  39.7   15:10  32.8    7:50  28.3   0.0  0.00   4.0  14.0   22:50     S
 3  38.1  40.7   15:40  34.3    8:00  26.9   0.0  0.00   7.4  31.0   21:50     W
 4  39.8  43.3   14:50  37.9    5:20  25.2   0.0  0.00   8.2  30.0    0:20     W
 5  36.8  39.4   15:30  33.4   23:50  28.2   0.0  0.00   6.9  20.0    4:10   SSW
 6  34.0  37.4   12:30  31.9    6:10  31.0   0.0  0.00   7.2  17.0   14:00   SSW
 7  36.0  38.2   17:40  32.6    6:10  29.0   0.0  0.00   3.9  12.0   18:50   SSW
 8  36.7  39.4   21:50  33.8    3:20  28.3   0.0  0.00   7.6  19.0    6:20     S
 9  41.4  44.7   14:40  38.2    0:10  23.6   0.0  0.00   8.9  20.0    9:30     S
10  44.3  51.0   20:40  37.3    2:50  20.7   0.0  0.00  14.0  37.0   22:40     S
11  43.7  46.6    0:10  39.9   00:00  21.3   0.0  0.00   9.5  33.0    2:40    SW
12  41.4  44.0   15:20  38.2    1:30  23.6   0.0  0.00   3.9  16.0   11:00   ENE
13  46.6  50.9   16:00  41.9    3:40  18.4   0.0  0.97   6.8  17.0   18:40     S
14  49.8  54.6   14:10  45.4   22:20  15.2   0.0  0.11  11.3  33.0   15:10     S
15  40.8  45.5    0:10  36.0   22:50  24.2   0.0  0.00   7.5  24.0    7:20   NNE
16  40.5  45.9   23:50  36.3    0:10  24.5   0.0  0.00  10.9  31.0   13:50     S
17  37.0  45.8    0:10  32.5   21:30  28.0   0.0  0.00  11.5  29.0    1:10     W
18  31.0  34.4    7:00  26.2   20:00  34.0   0.0  0.00  12.6  33.0   18:50     W
19  26.6  29.6   15:10  25.0    9:00  38.4   0.0  0.00  11.2  37.0    7:40   WNW
20  33.5  40.3   15:00  25.7    7:00  31.5   0.0  0.00  13.1  29.0   11:30   SSW
21  38.1  41.0   21:10  35.6    4:00  26.9   0.0  0.33   6.1  15.0    5:50   SSW
22  38.9  41.1   18:00  36.6   23:00  26.1   0.0  0.00   3.0  13.0   17:40    NE
23  45.1  53.7   00:00  36.2    2:20  19.9   0.0  0.00  12.6  37.0   19:40     S
24  43.1  53.8    0:10  38.8   23:20  21.9   0.0  0.00  14.2  43.0    4:10    SW
25  38.1  43.1   13:10  33.7   00:00  26.9   0.0  0.00   2.3  11.0   10:30   SSW
26  36.9  40.0   12:00  32.8    0:40  28.1   0.0  0.19   6.6  25.0   15:10     E
27  35.5  38.5    2:20  28.3   00:00  29.5   0.0  0.00  12.3  34.0   10:30     N
28  27.0  30.9   00:00  24.5   17:20  38.0   0.0  0.63  12.7  34.0   18:40     E
29  34.2  35.7   11:40  30.9    0:10  30.8   0.0  0.42   3.7  19.0    0:10     E
30  32.7  33.4    0:10  31.9    2:20  32.3   0.0  0.02   5.5  23.0   19:00    SW
31  31.4  32.6    0:30  29.4   22:50  33.6   0.0  0.00  10.3  35.0   21:50     W
-------------------------------------------------------------------------------------
    37.9  54.6    14    24.5    28   840.0   0.0  2.69   8.4  43.0    24       S

Max >=  90.0:  0
Max <=  32.0:  2
Min <=  32.0:  9
Min <=   0.0:  0
Max Rain: 0.97 ON 12/13/15
Days of Rain: 8 (>.01 in) 6 (>.1 in) 0 (>1 in)
Heat Base:  65.0  Cool Base:  65.0  Method: Integration