NOAA-Style Climate Reports


Report for 2016 January
                   MONTHLY CLIMATOLOGICAL SUMMARY for JAN. 2016

NAME: Vantage Pro Plus   CITY: Sand Point   STATE: MI 
ELEV:   598 ft  LAT:  43° 54' 37" N  LONG:  83° 23' 03" W

                   TEMPERATURE (°F), RAIN  (in), WIND SPEED (mph)

                                      HEAT  COOL        AVG
    MEAN                              DEG   DEG         WIND                 DOM
DAY TEMP  HIGH   TIME   LOW    TIME   DAYS  DAYS  RAIN  SPEED HIGH   TIME    DIR
------------------------------------------------------------------------------------
 1  27.1  29.9    2:00  24.9    8:30  37.9   0.0  0.00  12.3  36.0    3:50     W
 2  30.8  33.9   00:00  27.7    0:10  34.2   0.0  0.00  11.4  36.0   21:10    SW
 3  29.6  34.0    0:10  24.7   23:40  35.4   0.0  0.00   9.9  28.0    8:10     N
 4  20.8  24.7    0:10  13.7   00:00  44.2   0.0  0.03   9.1  30.0    7:50     N
 5  17.0  25.3   18:30   6.0    5:40  48.0   0.0  0.00   7.7  21.0   16:00   SSW
 6  26.0  31.2   15:40  21.6    3:20  39.0   0.0  0.00   9.0  19.0    6:20   SSW
 7  31.7  36.8   16:20  28.0    4:20  33.3   0.0  0.00   3.8  10.0   23:30     S
 8  33.8  36.9   12:40  30.3    4:40  31.2   0.0  0.07   4.5  11.0    7:40   SSE
 9  35.7  37.9    7:30  33.7    0:10  29.3   0.0  0.43   5.6  22.0   00:00    SW
10  25.6  34.1    0:10  17.6   23:20  39.4   0.0  0.63  13.3  37.0   16:30    NW
11  16.2  19.2   12:30  14.3    6:20  48.8   0.0  0.00  12.2  31.0    5:10     W
12  18.0  23.5   15:40  14.0    1:30  47.0   0.0  0.00  10.0  31.0   20:50    NW
13  15.7  19.2   15:50  13.1    8:50  49.3   0.0  0.00  11.7  26.0    1:20     W
14  22.9  29.5   00:00  16.1    0:10  42.1   0.0  0.00   5.4  24.0    1:20     W
15  34.1  36.2   21:20  29.5    0:10  30.9   0.0  0.15   6.0  15.0    1:20     S
16  27.9  34.4    0:10  24.1    8:50  37.1   0.0  0.00   8.8  29.0   22:30    NW
17  15.7  25.5    0:10  10.7    9:30  49.3   0.0  0.00  11.1  30.0   12:40     W
18  14.2  18.5   14:00  11.2    8:00  50.8   0.0  0.00  11.7  30.0   15:40   WNW
19  17.2  23.3   15:00  11.9    0:10  47.8   0.0  0.00   6.5  22.0    1:00    NW
20  19.5  22.1   15:20  16.6   20:40  45.5   0.0  0.00   4.3  14.0   12:40   WSW
21  21.6  25.2   16:00  15.9    6:10  43.4   0.0  0.00   4.0  14.0    3:00    SW
22  25.6  29.3   14:10  22.9    6:30  39.4   0.0  0.00   2.6  21.0   22:30   NNE
23  25.2  28.8    0:10  16.8   22:40  39.8   0.0  0.00   6.8  23.0    1:50   NNE
24  26.2  29.7   14:40  19.0    0:10  38.8   0.0  0.00   7.9  18.0   11:10   SSW
25  31.8  36.2   15:50  28.1    4:20  33.2   0.0  0.01   5.6  19.0   22:10     S
26  34.2  37.9    6:00  30.3   00:00  30.8   0.0  0.00  11.0  30.0    9:50   WSW
27  28.4  30.6   15:00  25.0   23:10  36.6   0.0  0.00   9.4  28.0   21:50   SSW
28  30.6  33.8   11:00  25.5    0:10  34.4   0.0  0.00  13.9  32.0   19:40   SSW
29  21.4  26.3    0:10  14.8    8:30  43.6   0.0  0.00   8.0  28.0    0:30   NNW
30  33.1  37.7   21:10  25.4    0:10  31.9   0.0  0.00  11.1  28.0    5:20   SSW
31  36.3  41.2   12:50  33.2    3:40  28.7   0.0  0.30   5.0  16.0   23:40   SSW
-------------------------------------------------------------------------------------
    25.6  41.2    31     6.0     5  1221.1   0.0  1.62   8.4  37.0    10     SSW

Max >=  90.0:  0
Max <=  32.0: 18
Min <=  32.0: 29
Min <=   0.0:  0
Max Rain: 0.63 ON 01/10/16
Days of Rain: 6 (>.01 in) 4 (>.1 in) 0 (>1 in)
Heat Base:  65.0  Cool Base:  65.0  Method: Integration