NOAA-Style Climate Reports


Report for 2016 March
                   MONTHLY CLIMATOLOGICAL SUMMARY for MAR. 2016

NAME: Vantage Pro Plus   CITY: Sand Point   STATE: MI 
ELEV:   598 ft  LAT:  43° 54' 37" N  LONG:  83° 23' 03" W

                   TEMPERATURE (°F), RAIN  (in), WIND SPEED (mph)

                                      HEAT  COOL        AVG
    MEAN                              DEG   DEG         WIND                 DOM
DAY TEMP  HIGH   TIME   LOW    TIME   DAYS  DAYS  RAIN  SPEED HIGH   TIME    DIR
------------------------------------------------------------------------------------
 1  22.7  26.2   14:20  19.9    0:10  42.3   0.0  0.64   8.7  36.0   19:00   ENE
 2  21.5  25.4   15:30  16.8    7:00  43.5   0.0  0.11   7.1  30.0    0:20   NNW
 3  21.1  29.9   16:30  10.1    6:30  43.9   0.0  0.00   2.2   9.0   16:40   NNE
 4  21.4  30.1   13:10   9.7    9:00  43.6   0.0  0.00   4.0  13.0   16:30     S
 5  26.3  33.3   15:30  15.4   00:00  38.7   0.0  0.00   3.4  11.0    3:50   NNE
 6  25.0  35.6   00:00  12.6    7:50  40.0   0.0  0.00   8.1  25.0   23:40   SSW
 7  38.8  44.4   17:00  34.4    3:20  26.2   0.0  0.00   7.0  21.0    0:10   SSW
 8  41.6  47.3   00:00  37.8    3:20  23.4   0.0  0.00   7.9  21.0   00:00     S
 9  45.4  54.7   16:20  39.8    8:50  19.6   0.0  0.00   8.1  22.0    0:40   SSW
10  37.8  44.6    2:00  35.9   21:40  27.2   0.0  0.00   4.0  14.0    3:30   ENE
11  33.6  37.7   15:20  30.8   20:10  31.4   0.0  0.00   4.0  16.0    4:50   NNE
12  39.5  47.6   12:30  32.3    6:40  25.5   0.0  0.00   6.5  14.0    0:10    SW
13  41.7  49.9   14:20  36.2    8:00  22.4   0.0  0.00   7.0  24.0   21:20   ENE
14  42.2  47.1   20:40  38.6    1:50  22.8   0.0  0.04   3.2  15.0    0:20   WSW
15  38.3  41.0   14:50  35.7   23:10  26.7   0.0  0.00   4.5  16.0   19:00   ENE
16  43.6  49.7   13:50  36.0    0:10  21.4   0.0  0.28  12.3  32.0    6:10    SW
17  41.1  44.9    0:10  37.9   00:00  23.9   0.0  0.00  10.0  26.0    4:10    SW
18  34.1  38.0    0:10  28.3   22:50  30.9   0.0  0.00   7.4  22.0   16:20   ENE
19  30.6  35.8   13:30  27.5    3:50  34.4   0.0  0.00   7.2  22.0   16:00   ENE
20  32.3  37.9   14:00  28.0    1:10  32.7   0.0  0.00   3.8  18.0    0:20     E
21  35.2  42.6   14:50  30.1    7:20  29.8   0.0  0.00   6.3  25.0    6:10   NNW
22  39.7  49.1   15:20  34.1    0:10  25.3   0.0  0.00   6.2  20.0   23:40     S
23  34.0  36.9    0:10  31.2   19:10  31.0   0.0  0.15  12.2  32.0   19:40   ENE
24  33.1  34.1   18:00  29.7   00:00  31.9   0.0  0.85  12.2  35.0   23:00   ENE
25  31.4  36.6   18:10  27.1    7:50  33.6   0.0  0.00   7.8  35.0    0:40     N
26  37.3  44.9   14:50  32.0    5:40  27.7   0.0  0.00   6.1  14.0    1:20     S
27  42.4  57.5   15:00  35.1    7:10  22.6   0.0  0.00   6.2  28.0   21:10   SSE
28  40.2  46.8   14:20  37.5    8:30  24.8   0.0  0.88   9.7  37.0    5:30   NNW
29  38.0  44.1   18:40  33.1    7:30  27.0   0.0  0.00   7.9  23.0    2:50     N
30  44.2  52.9   18:40  37.1    6:50  20.8   0.0  0.07  11.0  21.0   11:00     S
31  51.9  58.0   15:40  46.2   00:00  13.1   0.0  0.44  13.6  27.0   14:20   SSW
-------------------------------------------------------------------------------------
    35.7  58.0    31     9.7     4   908.1   0.0  3.46   7.3  37.0    28     SSW

Max >=  90.0:  0
Max <=  32.0:  4
Min <=  32.0: 15
Min <=   0.0:  0
Max Rain: 0.88 ON 03/28/16
Days of Rain: 9 (>.01 in) 7 (>.1 in) 0 (>1 in)
Heat Base:  65.0  Cool Base:  65.0  Method: Integration