NOAA-Style Climate Reports


Report for 2016 May
                   MONTHLY CLIMATOLOGICAL SUMMARY for MAY. 2016

NAME: Vantage Pro Plus   CITY: Sand Point   STATE: MI 
ELEV:   598 ft  LAT:  43° 54' 37" N  LONG:  83° 23' 03" W

                   TEMPERATURE (°F), RAIN  (in), WIND SPEED (mph)

                                      HEAT  COOL        AVG
    MEAN                              DEG   DEG         WIND                 DOM
DAY TEMP  HIGH   TIME   LOW    TIME   DAYS  DAYS  RAIN  SPEED HIGH   TIME    DIR
------------------------------------------------------------------------------------
 1  44.2  47.2   4:50p  42.4   8:50a  20.8   0.0  0.17   7.4  25.0   8:20a   ENE
 2  46.0  53.4   5:40p  42.0   2:10a  19.0   0.0  0.00   5.9  19.0   6:50a   NNE
 3  53.7  63.0   4:50p  44.5  12:10a  11.3   0.0  0.00   5.9  17.0  10:10p   SSW
 4  49.7  57.5  10:10a  44.2   2:20p  15.3   0.0  0.76   8.1  26.0   8:20p   NNE
 5  49.1  55.7   6:10p  44.8   5:50a  15.9   0.0  0.01   8.3  22.0   1:50a   NNE
 6  55.6  67.4   5:10p  45.4   6:50a   9.5   0.1  0.00   3.2  10.0   4:00a     S
 7  54.1  59.1   9:50a  44.9  10:30p  10.9   0.0  0.02   7.4  27.0   3:40p     S
 8  50.7  61.6   2:40p  45.3   6:20a  14.3   0.0  0.00   6.7  23.0   7:10p    NW
 9  47.4  53.1   4:30p  41.3   6:50a  17.6   0.0  0.00   7.4  28.0   3:20a   ENE
10  50.2  60.0   5:00p  42.9   2:00a  14.8   0.0  0.00   7.5  23.0   3:30p    SE
11  55.5  66.8   1:00p  48.9  12:10a   9.5   0.0  0.00   5.7  19.0   4:30p   ENE
12  60.2  71.9   3:20p  55.5  12:50a   5.2   0.4  0.47   4.7  24.0   6:40p     S
13  57.6  64.0   4:40p  51.5  12:00m   7.4   0.0  0.06   7.0  24.0   7:00p     W
14  45.2  51.5  12:10a  40.1   7:00a  19.8   0.0  0.76  11.0  35.0   6:00p   NNW
15  42.0  48.5   4:00p  36.5   5:50a  23.0   0.0  0.01   8.5  26.0   2:20a    NW
16  51.2  61.3   2:40p  44.7   4:10a  13.8   0.0  0.01   8.8  24.0   8:40a    SW
17  49.8  55.6   1:50p  45.3   5:30a  15.2   0.0  0.00   5.8  20.0   4:30p   NNE
18  51.5  60.9   3:10p  44.7   4:10a  13.5   0.0  0.00   4.6  16.0   6:30p   NNE
19  55.3  64.1   5:00p  45.5   6:30a   9.7   0.0  0.00   3.0  11.0   2:40p    NE
20  60.5  68.6   6:10p  52.6   6:00a   4.9   0.4  0.00   4.1  13.0   2:30p     S
21  59.1  70.6   4:40p  52.5   5:40a   6.5   0.6  0.00   4.2  14.0  10:00a   NNE
22  54.9  61.2   5:00p  48.5  12:00m  10.1   0.0  0.00   7.0  21.0   4:10p   NNE
23  60.5  72.4   4:20p  47.5   5:30a   6.3   1.8  0.00   2.6  10.0   9:50a     S
24  68.9  78.2   4:10p  60.1   6:20a   1.0   4.9  0.00   4.4  16.0   7:40p   SSW
25  66.0  73.0   7:20p  59.9  11:50p   0.8   1.8  0.00   4.5  19.0  12:50a    NE
26  70.3  81.3   4:00p  59.3   2:00a   0.8   6.1  0.02   4.0  24.0  11:00p    SW
27  69.5  78.2   7:40p  64.0  12:30p   0.0   4.5  0.00   3.7  21.0   7:50p   NNE
28  76.2  81.8   4:10p  71.5  11:30p   0.0  11.2  0.01   6.1  20.0  10:50p     S
29  74.9  80.2   3:20p  70.5  12:00m   0.0   9.9  0.00   7.2  24.0   7:10p   SSW
30  71.3  78.5   5:50p  65.3   6:40a   0.0   6.3  0.00   4.7  19.0   2:40a    SW
31  63.0  65.7  12:10a  57.7  11:50p   2.0   0.0  0.00   6.0  23.0   2:30p    NE
-------------------------------------------------------------------------------------
    56.9  81.8    28    36.5    15   298.9  48.0  2.30   6.0  35.0    14     NNE

Max >=  90.0:  0
Max <=  32.0:  0
Min <=  32.0:  0
Min <=   0.0:  0
Max Rain: 0.76 ON 05/04/16
Days of Rain: 7 (>.01 in) 4 (>.1 in) 0 (>1 in)
Heat Base:  65.0  Cool Base:  65.0  Method: Integration