NOAA-Style Climate Reports


Report for 2016 July
                   MONTHLY CLIMATOLOGICAL SUMMARY for JUL. 2016

NAME: Vantage Pro Plus   CITY: Sand Point   STATE: MI 
ELEV:   598 ft  LAT:  43° 54' 37" N  LONG:  83° 23' 03" W

                   TEMPERATURE (°F), RAIN  (in), WIND SPEED (mph)

                                      HEAT  COOL        AVG
    MEAN                              DEG   DEG         WIND                 DOM
DAY TEMP  HIGH   TIME   LOW    TIME   DAYS  DAYS  RAIN  SPEED HIGH   TIME    DIR
------------------------------------------------------------------------------------
 1  66.7  72.1  12:10a  61.9  10:00a   0.5   2.3  0.35   5.7  25.0   8:20a   NNW
 2  67.9  75.2   5:00p  61.0   5:40a   1.0   3.9  0.00   4.1  18.0  12:20a    SW
 3  70.2  78.2   5:20p  61.5   6:20a   0.6   5.8  0.00   2.2  10.0  12:40p   WSW
 4  72.1  77.5   5:20p  64.8   6:40a   0.0   7.1  0.00   3.3  13.0   1:50p     S
 5  76.0  81.1   5:40p  71.0   6:40a   0.0  11.0  0.00   3.1  14.0  11:30p    SW
 6  76.9  81.6   5:30p  69.3   6:30a   0.0  11.9  0.00   4.5  13.0  12:10a   SSW
 7  73.5  80.7   1:20p  68.3  12:00m   0.0   8.5  0.36   4.2  20.0   3:50p    NE
 8  70.4  80.7   2:40p  64.5   6:50a   0.0   5.4  1.08   2.5  24.0   4:30p     S
 9  69.5  74.6   4:00p  64.0   6:20a   0.1   4.6  0.00   5.9  21.0   1:40a    NW
10  71.5  76.5   5:50p  66.7   5:50a   0.0   6.5  0.00   4.0  16.0   1:20a     N
11  74.1  79.6   6:20p  69.3  12:50a   0.0   9.1  0.00   2.6   8.0   1:40p     S
12  77.8  86.2   3:40p  71.5   6:50a   0.0  12.8  0.02   7.5  28.0   7:20p     S
13  77.7  90.8  12:50p  73.6   8:50a   0.0  12.7  0.01   5.4  21.0   9:00p   SSW
14  77.3  82.2   4:00p  74.4   8:00a   0.0  12.3  0.03   8.1  27.0   4:00p     W
15  67.8  75.2  12:10a  63.4   8:30p   0.3   3.1  0.01   5.8  22.0   2:40a    NW
16  66.8  73.5   6:20p  58.7   5:30a   1.4   3.2  0.00   2.8  14.0  12:10a     S
17  72.1  80.0   6:40p  64.6   5:00a   0.0   7.1  0.00   7.5  23.0   5:40p     S
18  75.3  82.9   4:10p  66.8  11:50p   0.0  10.3  0.00   5.3  19.0   4:00a    NW
19  69.0  74.0   2:10p  64.8   3:00a   0.0   4.0  0.00   3.4  15.0   3:10p    NE
20  72.7  82.7   5:00p  63.8   5:10a   0.2   7.9  0.00   2.9  12.0  11:40p     S
21  76.2  81.1   1:40p  72.3   6:40a   0.0  11.2  0.18   6.2  27.0   3:00p   SSW
22  79.0  86.8   5:00p  73.7  12:00m   0.0  14.0  0.00   4.2  16.0   7:30a     W
23  77.8  86.6   1:50p  72.1   7:20a   0.0  12.8  0.00   2.0  14.0   2:10p   ENE
24  77.0  81.7   6:40p  73.3   2:40a   0.0  12.0  0.06   5.4  16.0   3:20p     S
25  79.8  86.0   6:00p  75.1   8:50a   0.0  14.8  0.02   5.1  18.0   8:40p    NW
26  77.8  84.6   5:00p  70.2   7:30a   0.0  12.8  0.00   3.1  16.0  12:40a    SW
27  76.6  84.0   3:30p  71.5   6:40p   0.0  11.6  0.07   3.3  19.0   5:40p    SW
28  72.9  76.1   2:40p  70.3   4:10a   0.0   7.9  0.00   5.4  21.0  12:20p    NE
29  71.2  73.1   3:10a  68.0   7:30a   0.0   6.2  0.02   7.4  24.0   4:40p   ENE
30  69.6  72.1   2:30p  66.5  10:40p   0.0   4.6  0.09   6.3  20.0   3:40a   ENE
31  69.2  73.6  12:50p  64.3   6:40a   0.0   4.2  0.41   5.8  21.0  12:50p   ENE
-------------------------------------------------------------------------------------
    73.3  90.8    13    58.7    16     4.1 261.6  2.71   4.7  28.0    12       S

Max >=  90.0:  1
Max <=  32.0:  0
Min <=  32.0:  0
Min <=   0.0:  0
Max Rain: 1.08 ON 07/08/16
Days of Rain: 12 (>.01 in) 5 (>.1 in) 1 (>1 in)
Heat Base:  65.0  Cool Base:  65.0  Method: Integration