NOAA-Style Climate Reports


Report for 2016 September
                   MONTHLY CLIMATOLOGICAL SUMMARY for SEP. 2016

NAME: Vantage Pro Plus   CITY: Sand Point   STATE: MI 
ELEV:   598 ft  LAT:  43° 54' 37" N  LONG:  83° 23' 03" W

                   TEMPERATURE (°F), RAIN  (in), WIND SPEED (mph)

                                      HEAT  COOL        AVG
    MEAN                              DEG   DEG         WIND                 DOM
DAY TEMP  HIGH   TIME   LOW    TIME   DAYS  DAYS  RAIN  SPEED HIGH   TIME    DIR
------------------------------------------------------------------------------------
 1  65.8  68.1   4:00p  63.6  11:30a   0.2   0.9  0.09   9.7  25.0  10:00a   NNE
 2  65.7  70.3   2:00p  59.5  11:20p   0.8   1.5  0.01   4.8  20.0  12:20a   ENE
 3  64.5  70.8   1:20p  56.8   7:40a   2.3   1.8  0.00   3.1  15.0   5:10p    NE
 4  67.8  74.2   2:00p  62.0   7:30a   0.6   3.4  0.00   3.1  12.0   5:10p     S
 5  72.2  80.3   4:30p  64.2   6:30a   0.0   7.2  0.00   4.8  10.0  12:10a     S
 6  77.7  83.5   4:40p  72.7   3:30a   0.0  12.7  0.00   3.7  15.0   9:40p   SSW
 7  77.2  82.2   4:50p  73.6   8:50a   0.0  12.2  0.97   2.0  18.0   8:20p    SW
 8  75.3  79.1   4:50p  72.6   4:30a   0.0  10.3  0.22   5.0  20.0   5:50a   WSW
 9  71.7  76.0   1:40p  67.2   7:40a   0.0   6.7  0.00   2.9  15.0   2:30a     S
10  69.1  74.1   2:10p  62.7  12:00m   0.1   4.2  0.20   5.9  32.0   4:20p     S
11  64.1  69.5   5:30p  58.9   8:00a   2.1   1.1  0.00   5.6  23.0   1:30a   NNW
12  66.6  74.1   5:10p  59.6   5:30a   1.6   3.2  0.00   5.0  12.0   3:50p     S
13  68.8  75.5   4:20p  63.4   7:40a   0.2   4.0  0.05   5.6  22.0  10:50p   SSW
14  63.3  67.2  12:50p  57.6  12:00m   2.0   0.3  0.00   5.9  23.0   2:00a   NNE
15  62.3  70.2   1:50p  54.8   7:10a   3.8   1.1  0.00   2.0  11.0   3:40p     S
16  66.9  74.3   3:40p  59.2   8:10a   1.7   3.6  0.00   5.6  15.0  11:40p     S
17  69.7  73.6   6:40p  67.0  11:20a   0.0   4.7  0.21   5.0  17.0   8:00a   SSW
18  68.6  72.4   3:50p  65.0   6:50a   0.0   3.6  0.00   3.1  16.0   2:40a   SSW
19  70.7  78.2   4:30p  63.4   8:10a   0.2   5.8  0.00   4.1  12.0   3:50p   SSW
20  70.5  75.3   4:00p  65.4   7:30a   0.0   5.5  0.00   3.3  13.0   2:20a     S
21  67.3  72.7   4:30p  64.0   7:40a   0.0   2.4  0.01   3.0  16.0  11:50a     S
22  69.5  74.4   3:00p  65.4   8:00a   0.0   4.5  0.00   1.3  10.0  11:20p     S
23  64.7  69.5  12:10a  60.3  12:00m   1.3   1.0  0.01   8.1  27.0   9:00a   ENE
24  59.8  64.4   1:50p  55.9  12:00m   5.2   0.0  0.00   4.7  19.0  12:50a   ENE
25  62.1  70.2   2:50p  54.2   6:20a   4.3   1.4  0.00   4.6  15.0  10:30p     S
26  61.9  65.5   3:50p  58.6  11:50p   3.1   0.0  0.14   9.9  36.0   6:10p     W
27  58.0  61.3   2:00p  53.4   7:30a   7.0   0.0  0.00   8.2  25.0   1:20p   SSW
28  59.0  66.2   1:00p  51.5   8:30a   6.0   0.0  0.15   5.0  26.0   1:00p   ENE
29  61.4  63.6  10:30a  58.8  11:40p   3.6   0.0  0.01   8.5  27.0   8:20a   ENE
30  60.1  62.2   3:50p  55.9  12:00m   4.9   0.0  0.51   6.2  22.0   8:50a   ENE
-------------------------------------------------------------------------------------
    66.7  83.5     6    51.5    28    51.0 103.1  2.58   5.0  36.0    26       S

Max >=  90.0:  0
Max <=  32.0:  0
Min <=  32.0:  0
Min <=   0.0:  0
Max Rain: 0.97 ON 09/07/16
Days of Rain: 9 (>.01 in) 7 (>.1 in) 0 (>1 in)
Heat Base:  65.0  Cool Base:  65.0  Method: Integration