NOAA-Style Climate Reports


Report for 2016 December
                   MONTHLY CLIMATOLOGICAL SUMMARY for DEC. 2016

NAME: Vantage Pro Plus   CITY: Sand Point   STATE: MI 
ELEV:   598 ft  LAT:  43° 54' 37" N  LONG:  83° 23' 03" W

                   TEMPERATURE (°F), RAIN  (in), WIND SPEED (mph)

                                      HEAT  COOL        AVG
    MEAN                              DEG   DEG         WIND                 DOM
DAY TEMP  HIGH   TIME   LOW    TIME   DAYS  DAYS  RAIN  SPEED HIGH   TIME    DIR
------------------------------------------------------------------------------------
 1  40.3  43.5   3:10p  38.4   6:50a  24.7   0.0  0.00  12.1  28.0   8:30a   WSW
 2  38.6  40.5   3:30p  36.4   6:20a  26.4   0.0  0.00   9.2  31.0   7:20a   WNW
 3  39.1  40.8   1:00p  38.0   6:30a  25.9   0.0  0.00   6.0  16.0   8:40p   WNW
 4  36.2  38.4  12:10a  32.9  11:00p  28.8   0.0  0.16   4.0  16.0   7:20p     S
 5  37.1  41.0   3:00p  33.0  12:10a  27.9   0.0  0.01   8.6  26.0   3:50a     W
 6  36.7  40.8   3:20p  31.2   6:20a  28.3   0.0  0.00   5.9  31.0  12:00m     S
 7  34.2  37.5  12:10a  31.9   5:30a  30.8   0.0  0.00  16.9  38.0   7:10p   WSW
 8  29.3  32.4  12:10a  27.3  10:20a  35.7   0.0  0.00  12.5  35.0  12:20a     W
 9  28.1  29.5   2:10p  26.1  12:00m  36.9   0.0  0.00   6.7  26.0  10:20p   NNW
10  25.2  27.6  12:00p  23.2  12:00m  39.8   0.0  0.00   9.0  26.0   5:10a     W
11  25.4  28.3   8:10p  21.9   5:50a  39.6   0.0  0.02   6.2  14.0  12:10a   SSE
12  30.0  31.5   3:20p  28.1  12:10a  35.0   0.0  0.00  10.0  29.0  12:00p     W
13  23.9  29.4  12:20a  15.5  10:00p  41.1   0.0  0.00  12.3  30.0   8:10p     W
14  17.4  22.8  12:00p  12.4  12:00m  47.6   0.0  0.00  15.0  41.0  10:50p   WNW
15  13.5  18.0   2:50p   9.7   4:10a  51.5   0.0  0.00  13.4  40.0   8:10a   WNW
16  16.4  18.9   3:30p  12.7   8:10a  48.6   0.0  0.01   9.1  25.0   2:30a   SSW
17  22.1  24.9  10:00p  17.3  12:10a  42.9   0.0  0.05   4.9  29.0  11:50p     W
18  17.3  22.9  12:10a  11.6  12:00m  47.7   0.0  0.00   8.7  28.0   1:10a     N
19  11.5  16.2   1:10p   4.4   8:20a  53.5   0.0  0.00  11.6  25.0   1:50p   SSW
20  20.3  28.6   4:40p   9.2   1:10a  44.7   0.0  0.00  14.4  33.0  11:20a   SSW
21  27.8  31.2   4:00p  24.4   6:50a  37.2   0.0  0.00   7.9  19.0  12:10a    SW
22  33.2  40.8   1:40p  28.3  12:00m  31.8   0.0  0.00   8.0  19.0   9:00p    SW
23  30.8  34.7   3:30p  26.4   6:00a  34.2   0.0  0.02   8.5  20.0  11:20a   SSW
24  34.2  37.0   1:40p  31.9   8:50a  30.8   0.0  0.02   5.2  16.0  11:50a     W
25  33.7  35.3  11:10a  32.0   5:10p  31.3   0.0  0.00   5.6  26.0  12:00m     E
26  38.1  45.9   3:10p  32.0   2:00a  26.9   0.0  0.14  13.8  39.0  12:00m     S
27  27.7  34.1  12:10a  24.7   8:30p  37.3   0.0  0.00  10.8  38.0  12:50a     W
28  28.8  35.2  10:20p  23.6   5:10a  36.2   0.0  0.00   9.9  34.0  10:20p     S
29  33.2  36.7   1:50p  28.8  11:40p  31.8   0.0  0.00   8.8  25.0  10:10p     W
30  27.7  29.0   4:30a  25.8  10:00p  37.3   0.0  0.00   8.3  27.0  10:30a   WNW
31  31.6  37.0  12:20p  25.9  12:10a  33.4   0.0  0.00  11.4  27.0   8:10p   SSW
-------------------------------------------------------------------------------------
    28.7  45.9    26     4.4    19  1125.6   0.0  0.43   9.5  41.0    14       W

Max >=  90.0:  0
Max <=  32.0: 14
Min <=  32.0: 26
Min <=   0.0:  0
Max Rain: 0.16 ON 12/04/16
Days of Rain: 6 (>.01 in) 2 (>.1 in) 0 (>1 in)
Heat Base:  65.0  Cool Base:  65.0  Method: Integration