NOAA-Style Climate Reports


Report for 2017 February
                   MONTHLY CLIMATOLOGICAL SUMMARY for FEB. 2017

NAME: Vantage Pro Plus   CITY: Sand Point   STATE: MI 
ELEV:   598 ft  LAT:  43° 54' 37" N  LONG:  83° 23' 03" W

                   TEMPERATURE (°F), RAIN  (in), WIND SPEED (mph)

                                      HEAT  COOL        AVG
    MEAN                              DEG   DEG         WIND                 DOM
DAY TEMP  HIGH   TIME   LOW    TIME   DAYS  DAYS  RAIN  SPEED HIGH   TIME    DIR
------------------------------------------------------------------------------------
 1  27.9  34.7   2:50p  24.1   3:50a  37.1   0.0  0.00   7.4  20.0   1:50a     W
 2  19.5  24.1  12:10a  15.2   8:30p  45.5   0.0  0.00   9.3  27.0   8:20p     W
 3  17.5  22.6   1:10p  13.4  11:50p  47.5   0.0  0.00   7.7  25.0   2:40p   WNW
 4  21.2  26.9   5:00p  13.4  12:10a  43.8   0.0  0.00   9.6  25.0   8:30p    SW
 5  28.2  33.2  12:40p  22.5  11:50p  36.8   0.0  0.00   8.4  25.0   3:10a   SSW
 6  29.3  37.1   2:10p  21.4  12:50a  35.7   0.0  0.00   4.5  16.0  11:20a   SSW
 7  33.6  34.7  12:00m  33.0   9:10p  31.4   0.0  0.21   5.9  22.0  11:40p     E
 8  25.5  34.8  12:10a  18.9  12:00m  39.5   0.0  0.00   8.4  33.0   1:20a   NNW
 9  18.3  21.8   3:10p  14.4  12:00m  46.7   0.0  0.00   7.8  25.0   2:40p   WNW
10  22.4  28.8   8:30p  14.4  12:10a  42.6   0.0  0.00  11.5  29.0   4:00p     S
11  33.3  40.1   1:50p  26.9  12:50a  31.7   0.0  0.00   3.5  13.0   3:10p     W
12  32.6  35.3   2:20p  29.0  10:30p  32.4   0.0  0.11   7.9  42.0   6:20p    NW
13  31.1  35.7   2:50p  28.7   5:10a  33.9   0.0  0.00   7.4  29.0   2:40a    NW
14  33.7  38.1   3:00p  30.1   1:10a  31.3   0.0  0.00   9.5  39.0   8:50p    SW
15  27.9  31.9  12:10a  24.2  12:00m  37.1   0.0  0.00  10.4  28.0   6:20a   NNW
16  24.4  28.2   3:10p  19.6   8:10a  40.6   0.0  0.00   5.9  25.0   1:50a     N
17  32.1  37.9   3:10p  26.7   7:30a  32.9   0.0  0.00   7.4  16.0  12:30p     S
18  42.5  48.7   6:50p  34.0  12:40a  22.5   0.0  0.00   9.8  24.0   3:10p     W
19  41.9  50.4   1:00p  35.0  12:00m  23.1   0.0  0.00   5.4  17.0   4:00a   WNW
20  38.4  48.3   2:50p  31.0   7:30a  26.6   0.0  0.00   4.8  19.0  11:50p    SE
21  39.1  45.0   5:10p  36.1   9:20a  25.9   0.0  0.03   6.3  20.0  12:20a     S
22  42.0  52.4   4:10p  37.0   2:40a  23.0   0.0  0.00   6.3  18.0   9:00p   SSW
23  42.5  49.2   1:20p  35.2  12:00m  22.5   0.0  0.00   7.4  24.0  10:30a   ENE
24  35.9  39.7   5:00p  33.1   3:10a  29.1   0.0  1.68   8.2  26.0   3:10a    NE
25  32.4  39.3   3:30a  25.9   9:40p  32.6   0.0  0.00  14.1  43.0   9:00a   WNW
26  31.7  37.1   6:40p  25.5   4:00a  33.3   0.0  0.00  11.5  34.0   3:00p    SW
27  37.3  44.8   2:50p  31.0   7:50a  27.7   0.0  0.00   5.3  21.0  12:20a   SSE
28  40.9  46.0   9:10p  35.5   4:00a  24.1   0.0  0.46   7.3  20.0  12:50p     S
-------------------------------------------------------------------------------------
    31.5  52.4    22    13.4     3   936.9   0.0  2.49   7.8  43.0    25      SW

Max >=  90.0:  0
Max <=  32.0:  7
Min <=  32.0: 20
Min <=   0.0:  0
Max Rain: 1.68 ON 02/24/17
Days of Rain: 5 (>.01 in) 4 (>.1 in) 1 (>1 in)
Heat Base:  65.0  Cool Base:  65.0  Method: Integration