NOAA-Style Climate Reports

NOAA style reports

NOAA-style Climate Reports

2017: Jan | Feb | Mar | Apr | May | Jun | Jul | Aug | Sep | Oct | Nov | Dec 
2016: Jan | Feb | Mar | Apr | May | Jun | Jul | Aug | Sep | Oct | Nov | Dec 
2015: Jan | Feb | Mar | Apr | May | Jun | Jul | Aug | Sep | Oct | Nov | Dec 
2014: Jan | Feb | Mar | Apr | May | Jun | Jul | Aug | Sep | Oct | Nov | Dec 
2013: Jan | Feb | Mar | Apr | May | Jun | Jul | Aug | Sep | Oct | Nov | Dec 
2012: Jan | Feb | Mar | Apr | May | Jun | Jul | Aug | Sep | Oct | Nov | Dec 
2011: Jan | Feb | Mar | Apr | May | Jun | Jul | Aug | Sep | Oct | Nov | Dec 
2010: Jan | Feb | Mar | Apr | May | Jun | Jul | Aug | Sep | Oct | Nov | Dec 
2009: Jan | Feb | Mar | Apr | May | Jun | Jul | Aug | Sep | Oct | Nov | Dec 
2008: Jan | Feb | Mar | Apr | May | Jun | Jul | Aug | Sep | Oct | Nov | Dec 
2007: Jan | Feb | Mar | Apr | May | Jun | Jul | Aug | Sep | Oct | Nov | Dec 
2006: Jan | Feb | Mar | Apr | May | Jun | Jul | Aug | Sep | Oct | Nov | Dec 
2005: Jan | Feb | Mar | Apr | May | Jun | Jul | Aug | Sep | Oct | Nov | Dec 
2004: Jan | Feb | Mar | Apr | May | Jun | Jul | Aug | Sep | Oct | Nov | Dec 
2003: Jan | Feb | Mar | Apr | May | Jun | Jul | Aug | Sep | Oct | Nov | Dec 

Report for 2017 08
MONTHLY CLIMATOLOGICAL SUMMARY for AUG. 2017 NAME: Vantage Pro Plus CITY: Sand Point STATE: MI ELEV: 598 ft LAT: 43 54' 37" N LONG: 83 23' 03" W TEMPERATURE (F), RAIN (in), WIND SPEED (mph) HEAT COOL AVG MEAN DEG DEG WIND DOM DAY TEMP HIGH TIME LOW TIME DAYS DAYS RAIN SPEED HIGH TIME DIR ------------------------------------------------------------------------------------ 1 75.5 81.6 4:50p 69.3 7:20a 0.0 10.5 0.00 1.2 12.0 10:00a SW 2 73.9 79.7 1:30p 69.7 12:00m 0.0 8.9 0.00 3.0 13.0 12:50a SW 3 71.4 76.5 6:20p 67.8 5:20a 0.0 6.4 0.12 4.3 21.0 4:30p E 4 67.7 71.6 2:10p 61.4 12:00m 0.4 3.1 0.06 9.5 33.0 9:40p S 5 66.0 73.1 3:40p 60.0 7:10a 1.8 2.8 0.00 6.3 29.0 6:00a NW 6 67.1 76.2 3:00p 62.3 11:40p 0.4 2.5 0.05 2.8 18.0 3:50p SSW 7 66.8 71.6 4:50p 62.4 12:00m 0.3 2.1 0.00 2.8 13.0 1:20a NNE 8 69.4 76.9 5:10p 61.4 12:40a 0.7 5.1 0.00 2.7 11.0 1:40p SW 9 73.1 79.7 3:10p 67.3 7:10a 0.0 8.1 0.00 2.8 14.0 4:40a W 10 73.9 81.2 4:40p 66.5 7:10a 0.0 8.9 0.00 1.4 10.0 12:20p S 11 71.7 77.1 5:50p 68.3 7:10a 0.0 6.7 0.00 4.2 15.0 12:00m S 12 67.9 71.5 3:40p 65.2 12:00m 0.0 2.9 0.00 3.7 19.0 1:30p N 13 69.2 76.1 4:50p 61.5 6:40a 0.5 4.7 0.00 1.8 11.0 2:10a WSW 14 70.6 79.7 3:40p 65.4 9:10p 0.0 5.6 0.49 2.2 32.0 8:00p S 15 70.1 77.1 4:50p 65.2 12:30a 0.0 5.1 0.00 2.3 18.0 8:30a S 16 71.0 79.2 5:30p 64.4 7:00a 0.0 6.0 0.00 2.4 18.0 3:40p SE 17 72.0 76.2 6:40p 67.5 9:50a 0.0 7.0 0.10 6.6 17.0 8:50a S 18 70.4 74.0 12:30a 66.9 12:00m 0.0 5.4 0.01 8.6 30.0 9:40a W 19 69.7 74.9 1:40p 63.8 7:00a 0.1 4.8 0.00 3.9 16.0 1:30a NW 20 73.1 80.2 4:50p 67.2 7:20a 0.0 8.1 0.00 3.4 15.0 3:20a SSW 21 75.9 82.1 1:50p 70.3 6:00a 0.0 10.9 0.00 2.8 10.0 9:00p SSW 22 72.7 77.3 12:50a 66.9 12:00m 0.0 7.7 0.24 8.0 27.0 5:10p SSW 23 66.3 72.3 4:50p 62.0 12:00m 0.6 1.9 0.00 5.8 21.0 6:30a NW 24 60.8 65.4 4:00p 56.0 8:20a 4.2 0.0 0.00 4.6 16.0 1:50a NE 25 63.2 70.7 1:40p 58.3 6:40a 2.9 1.1 0.00 3.2 13.0 1:30a NNE 26 63.9 72.1 1:50p 57.4 5:50a 2.7 1.6 0.00 2.0 12.0 1:30p S 27 64.9 73.4 4:10p 57.3 5:10a 2.6 2.5 0.00 1.7 12.0 6:40p ESE 28 65.8 70.9 1:10p 62.7 10:30p 0.5 1.3 0.51 1.5 11.0 12:40a S 29 67.3 72.5 4:40p 62.8 12:10a 0.3 2.6 0.00 2.7 12.0 4:10p S 30 68.2 73.6 6:30p 65.2 6:20a 0.0 3.2 0.00 2.5 23.0 9:40p S 31 62.4 67.7 12:10a 58.2 8:50p 2.8 0.2 0.00 8.9 25.0 4:10a NE ------------------------------------------------------------------------------------- 69.1 82.1 21 56.0 24 20.8 147.7 1.58 3.9 33.0 4 S Max >= 90.0: 0 Max <= 32.0: 0 Min <= 32.0: 0 Min <= 0.0: 0 Max Rain: 0.51 ON 08/28/17 Days of Rain: 7 (>.01 in) 4 (>.1 in) 0 (>1 in) Heat Base: 65.0 Cool Base: 65.0 Method: Integration