NOAA-Style Climate Reports

2021: Jan | Feb | Mar | Apr | May | Jun | Jul | Aug | Sep | Oct | Nov | Dec 
2020: Jan | Feb | Mar | Apr | May | Jun | Jul | Aug | Sep | Oct | Nov | Dec 
2019: Jan | Feb | Mar | Apr | May | Jun | Jul | Aug | Sep | Oct | Nov | Dec 
2018: Jan | Feb | Mar | Apr | May | Jun | Jul | Aug | Sep | Oct | Nov | Dec 
2017: Jan | Feb | Mar | Apr | May | Jun | Jul | Aug | Sep | Oct | Nov | Dec 
2016: Jan | Feb | Mar | Apr | May | Jun | Jul | Aug | Sep | Oct | Nov | Dec 
2015: Jan | Feb | Mar | Apr | May | Jun | Jul | Aug | Sep | Oct | Nov | Dec 
2014: Jan | Feb | Mar | Apr | May | Jun | Jul | Aug | Sep | Oct | Nov | Dec 
2013: Jan | Feb | Mar | Apr | May | Jun | Jul | Aug | Sep | Oct | Nov | Dec 
2012: Jan | Feb | Mar | Apr | May | Jun | Jul | Aug | Sep | Oct | Nov | Dec 
2011: Jan | Feb | Mar | Apr | May | Jun | Jul | Aug | Sep | Oct | Nov | Dec 
2010: Jan | Feb | Mar | Apr | May | Jun | Jul | Aug | Sep | Oct | Nov | Dec 
2009: Jan | Feb | Mar | Apr | May | Jun | Jul | Aug | Sep | Oct | Nov | Dec 
2008: Jan | Feb | Mar | Apr | May | Jun | Jul | Aug | Sep | Oct | Nov | Dec 
2007: Jan | Feb | Mar | Apr | May | Jun | Jul | Aug | Sep | Oct | Nov | Dec 
2006: Jan | Feb | Mar | Apr | May | Jun | Jul | Aug | Sep | Oct | Nov | Dec 
2005: Jan | Feb | Mar | Apr | May | Jun | Jul | Aug | Sep | Oct | Nov | Dec 
2004: Jan | Feb | Mar | Apr | May | Jun | Jul | Aug | Sep | Oct | Nov | Dec 
2003: Jan | Feb | Mar | Apr | May | Jun | Jul | Aug | Sep | Oct | Nov | Dec 

Report for 2021 07
MONTHLY CLIMATOLOGICAL SUMMARY for JUL. 2021 NAME: Vantage Pro Plus CITY: Sand Point STATE: MI ELEV: 598 ft LAT: 43 54' 37" N LONG: 83 23' 03" W TEMPERATURE (F), RAIN (in), WIND SPEED (mph) HEAT COOL AVG MEAN DEG DEG WIND DOM DAY TEMP HIGH TIME LOW TIME DAYS DAYS RAIN SPEED HIGH TIME DIR ------------------------------------------------------------------------------------ 1 66.4 71.0 12:10a 63.4 10:50p 0.2 1.6 0.00 3.5 21.0 9:10a NE 2 65.8 71.5 4:20p 61.5 7:40a 1.1 1.9 0.00 4.0 20.0 6:00a NE 3 70.3 80.1 7:50p 64.2 3:20a 0.1 5.5 0.00 2.3 13.0 1:30p NE 4 75.5 83.0 4:50p 68.2 4:30a 0.0 10.5 0.00 1.4 10.0 11:40p NE 5 78.5 84.3 4:40p 74.3 8:50a 0.0 13.5 0.00 4.2 18.0 6:10p SSW 6 77.9 85.5 5:10p 68.9 12:00m 0.0 12.9 0.30 2.6 15.0 5:00a SSW 7 65.4 69.0 12:10a 63.5 8:20p 0.3 0.7 0.38 3.0 16.0 12:40a NE 8 62.1 65.8 5:50a 58.7 8:30p 2.9 0.0 0.55 3.0 17.0 5:00p N 9 63.3 68.6 5:20p 59.3 5:50a 2.6 0.8 0.00 2.4 14.0 2:50a NE 10 66.9 74.2 6:00p 58.9 6:50a 1.3 3.2 0.00 1.7 11.0 4:40p NE 11 66.6 70.2 12:30p 63.2 4:50a 0.3 2.0 0.00 2.4 12.0 3:00p NE 12 69.2 76.7 12:30p 64.5 6:50a 0.0 4.3 0.00 2.2 13.0 10:10a ENE 13 71.1 75.1 1:10p 69.3 5:50a 0.0 6.1 0.35 1.7 12.0 12:40p ESE 14 74.3 80.9 5:00p 68.5 6:30a 0.0 9.3 0.00 2.4 11.0 7:40a SSW 15 74.0 76.8 12:00p 70.5 12:00m 0.0 9.0 0.07 3.3 21.0 12:30p NW 16 69.4 72.6 1:40p 66.3 7:00a 0.0 4.4 0.00 2.4 12.0 4:00p ENE 17 70.1 74.6 5:00p 66.2 4:50a 0.0 5.1 0.00 2.0 12.0 8:10a NE 18 73.3 79.8 5:10p 66.1 2:00a 0.0 8.3 0.00 1.8 8.0 4:10a NW 19 75.0 80.0 5:10p 69.1 7:20a 0.0 10.0 0.00 1.7 8.0 1:30a NW 20 72.5 80.5 2:20p 65.6 11:50p 0.0 7.5 0.00 3.1 20.0 11:50p NE 21 67.4 71.7 5:20p 61.9 11:50p 0.2 2.6 0.00 2.8 17.0 1:00a NE 22 68.5 73.3 4:40p 62.1 12:10a 0.5 4.0 0.00 1.0 8.0 1:50p NE 23 72.0 78.7 5:10p 65.5 5:10a 0.0 7.0 0.00 1.3 9.0 5:10p NE 24 71.3 71.4 12:10a 71.2 12:10a 0.0 0.0 0.00 1.0 4.0 12:10a NNE 25 26 27 28 29 30 31 ------------------------------------------------------------------------------------- 70.3 85.5 6 58.7 8 9.5 130.2 1.65 2.4 21.0 1 NE Max >= 90.0: 0 Max <= 32.0: 0 Min <= 32.0: 0 Min <= 0.0: 0 Max Rain: 0.55 ON 07/08/21 Days of Rain: 5 (>.01 in) 4 (>.1 in) 0 (>1 in) Heat Base: 65.0 Cool Base: 65.0 Method: Integration