NOAA-Style Climate Reports

2021: Jan | Feb | Mar | Apr | May | Jun | Jul | Aug | Sep | Oct | Nov | Dec 
2020: Jan | Feb | Mar | Apr | May | Jun | Jul | Aug | Sep | Oct | Nov | Dec 
2019: Jan | Feb | Mar | Apr | May | Jun | Jul | Aug | Sep | Oct | Nov | Dec 
2018: Jan | Feb | Mar | Apr | May | Jun | Jul | Aug | Sep | Oct | Nov | Dec 
2017: Jan | Feb | Mar | Apr | May | Jun | Jul | Aug | Sep | Oct | Nov | Dec 
2016: Jan | Feb | Mar | Apr | May | Jun | Jul | Aug | Sep | Oct | Nov | Dec 
2015: Jan | Feb | Mar | Apr | May | Jun | Jul | Aug | Sep | Oct | Nov | Dec 
2014: Jan | Feb | Mar | Apr | May | Jun | Jul | Aug | Sep | Oct | Nov | Dec 
2013: Jan | Feb | Mar | Apr | May | Jun | Jul | Aug | Sep | Oct | Nov | Dec 
2012: Jan | Feb | Mar | Apr | May | Jun | Jul | Aug | Sep | Oct | Nov | Dec 
2011: Jan | Feb | Mar | Apr | May | Jun | Jul | Aug | Sep | Oct | Nov | Dec 
2010: Jan | Feb | Mar | Apr | May | Jun | Jul | Aug | Sep | Oct | Nov | Dec 
2009: Jan | Feb | Mar | Apr | May | Jun | Jul | Aug | Sep | Oct | Nov | Dec 
2008: Jan | Feb | Mar | Apr | May | Jun | Jul | Aug | Sep | Oct | Nov | Dec 
2007: Jan | Feb | Mar | Apr | May | Jun | Jul | Aug | Sep | Oct | Nov | Dec 
2006: Jan | Feb | Mar | Apr | May | Jun | Jul | Aug | Sep | Oct | Nov | Dec 
2005: Jan | Feb | Mar | Apr | May | Jun | Jul | Aug | Sep | Oct | Nov | Dec 
2004: Jan | Feb | Mar | Apr | May | Jun | Jul | Aug | Sep | Oct | Nov | Dec 
2003: Jan | Feb | Mar | Apr | May | Jun | Jul | Aug | Sep | Oct | Nov | Dec 

Report for 2021 10
MONTHLY CLIMATOLOGICAL SUMMARY for OCT. 2021 NAME: Vantage Pro Plus CITY: Sand Point STATE: MI ELEV: 598 ft LAT: 43 54' 37" N LONG: 83 23' 03" W TEMPERATURE (F), RAIN (in), WIND SPEED (mph) HEAT COOL AVG MEAN DEG DEG WIND DOM DAY TEMP HIGH TIME LOW TIME DAYS DAYS RAIN SPEED HIGH TIME DIR ------------------------------------------------------------------------------------ 1 61.8 70.2 5:00p 55.5 7:50a 4.0 0.9 0.00 1.1 7.0 11:10a NE 2 65.7 71.3 3:50p 61.1 8:10a 0.9 1.6 0.00 1.5 8.0 4:30a NE 3 65.9 67.0 3:30p 64.4 11:50p 0.0 0.9 0.00 1.2 7.0 8:00p NE 4 63.0 64.6 12:30a 61.4 6:10p 2.0 0.0 0.31 2.6 15.0 3:20p NE 5 62.9 65.6 1:50p 59.7 12:00m 2.1 0.0 0.00 2.3 13.0 3:10p NE 6 62.9 67.7 2:10p 59.7 12:10a 2.4 0.3 0.00 1.7 9.0 7:30p NE 7 63.3 65.4 3:20p 62.2 1:10a 1.7 0.0 0.00 1.7 10.0 10:30a E 8 65.5 69.4 3:40p 62.7 1:30a 0.8 1.3 0.41 1.2 8.0 2:10p SE 9 65.0 67.6 3:50p 62.1 11:40p 0.6 0.6 0.00 1.4 13.0 1:50p NE 10 67.2 70.5 5:10p 62.4 12:10a 0.1 2.3 0.18 2.8 15.0 3:10p SE 11 70.8 75.0 2:50p 67.8 6:50a 0.0 5.8 0.01 2.3 9.0 12:00m NW 12 67.7 71.5 2:30a 64.8 7:00p 0.0 2.7 0.01 3.4 13.0 6:30p SE 13 65.4 69.5 4:30p 62.8 7:40a 0.6 0.9 0.02 2.2 16.0 12:10a SW 14 66.8 71.0 3:10p 62.4 12:00m 0.1 2.0 0.07 1.8 16.0 12:00m NE 15 60.9 64.3 5:00p 57.9 10:20p 4.1 0.0 0.11 1.3 9.0 12:20a NW 16 57.4 58.7 1:40a 52.4 4:30a 1.4 0.0 0.07 3.3 21.0 3:50a NW 17 18 19 20 21 22 23 24 25 26 27 28 29 30 31 ------------------------------------------------------------------------------------- 64.5 75.0 11 52.4 16 20.8 19.3 1.19 2.0 21.0 16 NE Max >= 90.0: 0 Max <= 32.0: 0 Min <= 32.0: 0 Min <= 0.0: 0 Max Rain: 0.41 ON 10/08/21 Days of Rain: 7 (>.01 in) 4 (>.1 in) 0 (>1 in) Heat Base: 65.0 Cool Base: 65.0 Method: Integration