NOAA-Style Climate Reports

2021: Jan | Feb | Mar | Apr | May | Jun | Jul | Aug | Sep | Oct | Nov | Dec 
2020: Jan | Feb | Mar | Apr | May | Jun | Jul | Aug | Sep | Oct | Nov | Dec 
2019: Jan | Feb | Mar | Apr | May | Jun | Jul | Aug | Sep | Oct | Nov | Dec 
2018: Jan | Feb | Mar | Apr | May | Jun | Jul | Aug | Sep | Oct | Nov | Dec 
2017: Jan | Feb | Mar | Apr | May | Jun | Jul | Aug | Sep | Oct | Nov | Dec 
2016: Jan | Feb | Mar | Apr | May | Jun | Jul | Aug | Sep | Oct | Nov | Dec 
2015: Jan | Feb | Mar | Apr | May | Jun | Jul | Aug | Sep | Oct | Nov | Dec 
2014: Jan | Feb | Mar | Apr | May | Jun | Jul | Aug | Sep | Oct | Nov | Dec 
2013: Jan | Feb | Mar | Apr | May | Jun | Jul | Aug | Sep | Oct | Nov | Dec 
2012: Jan | Feb | Mar | Apr | May | Jun | Jul | Aug | Sep | Oct | Nov | Dec 
2011: Jan | Feb | Mar | Apr | May | Jun | Jul | Aug | Sep | Oct | Nov | Dec 
2010: Jan | Feb | Mar | Apr | May | Jun | Jul | Aug | Sep | Oct | Nov | Dec 
2009: Jan | Feb | Mar | Apr | May | Jun | Jul | Aug | Sep | Oct | Nov | Dec 
2008: Jan | Feb | Mar | Apr | May | Jun | Jul | Aug | Sep | Oct | Nov | Dec 
2007: Jan | Feb | Mar | Apr | May | Jun | Jul | Aug | Sep | Oct | Nov | Dec 
2006: Jan | Feb | Mar | Apr | May | Jun | Jul | Aug | Sep | Oct | Nov | Dec 
2005: Jan | Feb | Mar | Apr | May | Jun | Jul | Aug | Sep | Oct | Nov | Dec 
2004: Jan | Feb | Mar | Apr | May | Jun | Jul | Aug | Sep | Oct | Nov | Dec 
2003: Jan | Feb | Mar | Apr | May | Jun | Jul | Aug | Sep | Oct | Nov | Dec 

Report for 2020 09
MONTHLY CLIMATOLOGICAL SUMMARY for SEP. 2020 NAME: Vantage Pro Plus CITY: Sand Point STATE: MI ELEV: 598 ft LAT: 43 54' 37" N LONG: 83 23' 03" W TEMPERATURE (F), RAIN (in), WIND SPEED (mph) HEAT COOL AVG MEAN DEG DEG WIND DOM DAY TEMP HIGH TIME LOW TIME DAYS DAYS RAIN SPEED HIGH TIME DIR ------------------------------------------------------------------------------------ 1 68.9 72.5 2:00p 66.8 10:20p 0.0 3.9 0.19 4.6 19.0 11:40p NE 2 71.9 78.1 4:50p 67.9 12:10a 0.0 6.9 0.00 9.9 30.0 8:10a WSW 3 69.2 78.2 3:10p 62.5 6:40a 0.2 4.5 0.06 10.3 40.0 3:40p WNW 4 66.0 71.3 4:50p 61.3 6:40a 1.0 2.1 0.01 7.7 24.0 11:10a WSW 5 64.2 67.6 6:50p 60.1 7:10a 1.3 0.5 0.03 5.9 25.0 10:00a WSW 6 65.2 70.6 3:50p 58.4 5:30a 1.7 1.9 0.01 10.2 37.0 10:40p SSE 7 67.8 71.7 1:30p 60.9 12:00m 0.4 3.2 0.11 7.8 51.0 1:30a WSW 8 58.7 61.4 12:50a 54.4 10:50a 6.3 0.0 0.36 5.7 18.0 11:30a ENE 9 59.3 61.1 4:10p 56.4 6:20a 5.7 0.0 0.09 4.1 17.0 7:50a NE 10 57.4 59.7 12:50a 55.3 6:10a 7.6 0.0 0.10 2.1 11.0 4:10a NE 11 58.3 63.0 1:10p 55.3 10:40p 6.7 0.0 0.00 3.0 14.0 11:40a NE 12 62.0 69.0 4:40p 55.5 12:10a 4.1 1.0 0.00 5.9 15.0 10:20a ESE 13 66.4 70.7 4:10p 63.5 12:00m 0.2 1.7 0.21 7.1 27.0 9:30a WSW 14 58.3 63.5 12:10a 52.7 10:10p 6.7 0.0 0.00 2.8 12.0 2:30p NE 15 60.3 68.2 6:00p 53.0 5:50a 5.2 0.5 0.00 12.7 25.0 3:30p SW 16 64.6 71.0 3:30p 60.9 8:40a 1.5 1.2 0.00 11.5 29.0 4:40a SW 17 57.1 62.4 12:10a 54.1 8:20p 7.9 0.0 0.00 2.7 17.0 7:10p NE 18 52.1 55.6 12:50p 46.9 11:50p 12.9 0.0 0.00 3.2 17.0 12:20p NE 19 53.3 58.9 5:10p 46.8 12:10a 11.7 0.0 0.00 5.7 17.0 3:00p WSW 20 57.3 65.1 3:40p 49.3 6:20a 7.7 0.0 0.00 7.5 15.0 8:40p SE 21 58.8 67.9 4:00p 51.9 7:30a 6.3 0.1 0.00 7.1 18.0 9:10p SSE 22 61.0 69.0 4:30p 54.5 5:10a 4.6 0.6 0.00 7.3 19.0 12:40a SW 23 64.7 70.8 4:00p 59.1 7:40a 2.0 1.7 0.00 4.1 14.0 8:20a WSW 24 64.1 70.6 2:50p 61.3 7:30a 1.6 0.7 0.00 4.3 14.0 8:00a SW 25 65.4 74.8 4:40p 58.0 9:10a 2.1 2.5 0.00 3.6 20.0 11:50p SSE 26 68.4 73.5 4:50p 62.4 7:20a 0.3 3.7 0.00 9.0 20.0 12:40a S 27 68.7 72.9 4:20p 65.9 12:00m 0.0 3.7 0.00 10.6 29.0 10:00a SW 28 58.6 66.1 12:10a 54.1 3:10p 6.5 0.0 0.45 3.5 23.0 11:40p NW 29 57.6 60.9 3:30p 54.5 6:40a 7.4 0.0 0.00 11.7 25.0 1:00a WSW 30 55.5 57.9 5:50p 51.5 1:50p 9.5 0.0 1.17 12.2 31.0 8:00p SW ------------------------------------------------------------------------------------- 62.0 78.2 3 46.8 19 129.1 40.4 2.79 6.8 51.0 7 NE Max >= 90.0: 0 Max <= 32.0: 0 Min <= 32.0: 0 Min <= 0.0: 0 Max Rain: 1.17 ON 09/30/20 Days of Rain: 10 (>.01 in) 6 (>.1 in) 1 (>1 in) Heat Base: 65.0 Cool Base: 65.0 Method: Integration