NOAA-Style Climate Reports

2021: Jan | Feb | Mar | Apr | May | Jun | Jul | Aug | Sep | Oct | Nov | Dec 
2020: Jan | Feb | Mar | Apr | May | Jun | Jul | Aug | Sep | Oct | Nov | Dec 
2019: Jan | Feb | Mar | Apr | May | Jun | Jul | Aug | Sep | Oct | Nov | Dec 
2018: Jan | Feb | Mar | Apr | May | Jun | Jul | Aug | Sep | Oct | Nov | Dec 
2017: Jan | Feb | Mar | Apr | May | Jun | Jul | Aug | Sep | Oct | Nov | Dec 
2016: Jan | Feb | Mar | Apr | May | Jun | Jul | Aug | Sep | Oct | Nov | Dec 
2015: Jan | Feb | Mar | Apr | May | Jun | Jul | Aug | Sep | Oct | Nov | Dec 
2014: Jan | Feb | Mar | Apr | May | Jun | Jul | Aug | Sep | Oct | Nov | Dec 
2013: Jan | Feb | Mar | Apr | May | Jun | Jul | Aug | Sep | Oct | Nov | Dec 
2012: Jan | Feb | Mar | Apr | May | Jun | Jul | Aug | Sep | Oct | Nov | Dec 
2011: Jan | Feb | Mar | Apr | May | Jun | Jul | Aug | Sep | Oct | Nov | Dec 
2010: Jan | Feb | Mar | Apr | May | Jun | Jul | Aug | Sep | Oct | Nov | Dec 
2009: Jan | Feb | Mar | Apr | May | Jun | Jul | Aug | Sep | Oct | Nov | Dec 
2008: Jan | Feb | Mar | Apr | May | Jun | Jul | Aug | Sep | Oct | Nov | Dec 
2007: Jan | Feb | Mar | Apr | May | Jun | Jul | Aug | Sep | Oct | Nov | Dec 
2006: Jan | Feb | Mar | Apr | May | Jun | Jul | Aug | Sep | Oct | Nov | Dec 
2005: Jan | Feb | Mar | Apr | May | Jun | Jul | Aug | Sep | Oct | Nov | Dec 
2004: Jan | Feb | Mar | Apr | May | Jun | Jul | Aug | Sep | Oct | Nov | Dec 
2003: Jan | Feb | Mar | Apr | May | Jun | Jul | Aug | Sep | Oct | Nov | Dec 

Report for 2020 11
MONTHLY CLIMATOLOGICAL SUMMARY for NOV. 2020 NAME: Vantage Pro Plus CITY: Sand Point STATE: MI ELEV: 598 ft LAT: 43 54' 37" N LONG: 83 23' 03" W TEMPERATURE (F), RAIN (in), WIND SPEED (mph) HEAT COOL AVG MEAN DEG DEG WIND DOM DAY TEMP HIGH TIME LOW TIME DAYS DAYS RAIN SPEED HIGH TIME DIR ------------------------------------------------------------------------------------ 1 39.3 47.4 12:40a 33.4 11:50p 25.7 0.0 0.08 11.2 54.0 5:00a W 2 38.8 45.4 5:10p 33.2 5:20a 26.2 0.0 0.00 12.7 34.0 4:00p WSW 3 44.8 52.1 11:10p 40.4 7:30a 20.2 0.0 0.00 6.1 23.0 11:10p SW 4 51.2 59.6 3:40p 45.4 4:40a 13.8 0.0 0.00 10.5 24.0 10:40a SSW 5 50.6 54.8 2:40p 47.9 11:10p 14.4 0.0 0.00 7.7 23.0 11:10a SSW 6 51.4 58.3 8:00p 46.5 2:00a 13.6 0.0 0.00 7.2 21.0 11:50p SW 7 54.7 61.0 3:10p 51.9 3:00a 10.3 0.0 0.00 9.9 24.0 7:00a SW 8 55.4 65.3 3:10p 49.2 8:20a 9.6 0.0 0.00 4.1 14.0 12:10p SSW 9 57.5 66.6 3:10p 53.7 4:40a 7.5 0.0 0.00 5.5 15.0 1:50a SSE 10 61.1 66.4 9:00p 57.0 12:30a 4.0 0.1 0.00 10.5 34.0 11:20p SSW 11 44.9 59.0 12:10a 39.1 12:00m 20.1 0.0 0.25 14.9 38.0 5:20a WSW 12 42.6 48.1 3:00p 37.2 7:40a 22.4 0.0 0.00 7.1 15.0 8:50a SSW 13 40.4 43.8 1:10p 34.3 11:50p 24.6 0.0 0.01 7.0 21.0 9:40a W 14 37.5 43.2 3:50p 31.9 6:20a 27.5 0.0 0.00 10.5 27.0 11:40p SE 15 43.7 50.5 11:40a 38.3 12:00m 21.3 0.0 0.50 25.0 55.0 4:30p WSW 16 36.8 40.0 2:50p 34.7 11:40p 28.2 0.0 0.00 10.3 37.0 12:40a W 17 32.9 35.7 1:40p 31.2 9:30a 32.1 0.0 0.00 5.2 24.0 8:30a NW 18 35.4 40.6 4:20p 30.5 2:20a 29.6 0.0 0.00 8.0 22.0 7:30p SSW 19 46.2 52.8 11:10p 39.7 1:40a 18.8 0.0 0.00 15.3 28.0 10:50a SSW 20 48.3 53.2 3:50p 41.4 12:00m 16.7 0.0 0.00 10.4 25.0 12:50a SW 21 38.2 41.4 12:10a 34.2 11:40p 26.8 0.0 0.00 3.2 12.0 9:00p NW 22 36.9 39.6 1:00p 34.4 12:10a 28.1 0.0 0.00 4.3 12.0 7:30a NE 23 36.6 43.1 12:10p 30.6 12:00m 28.4 0.0 0.04 6.0 20.0 4:40a NW 24 32.5 36.0 3:50p 28.2 5:40a 32.5 0.0 0.05 7.1 26.0 6:50p SE 25 39.6 43.3 11:10p 35.8 12:10a 25.4 0.0 0.42 5.4 18.0 1:10a SSE 26 41.7 43.3 12:10a 40.5 9:10a 23.3 0.0 0.02 7.4 22.0 7:40p WSW 27 40.8 42.0 5:10p 36.8 12:00m 24.2 0.0 0.00 5.1 15.0 4:30a W 28 38.4 42.9 4:00p 34.6 6:50a 26.6 0.0 0.00 13.3 27.0 1:00p SW 29 41.3 45.8 3:20p 37.1 4:30a 23.7 0.0 0.00 11.3 22.0 1:10a SW 30 34.9 41.4 12:10a 30.4 12:00m 30.1 0.0 0.03 3.8 19.0 12:20p NNW ------------------------------------------------------------------------------------- 43.1 66.6 9 28.2 24 655.7 0.1 1.40 8.9 55.0 15 SW Max >= 90.0: 0 Max <= 32.0: 0 Min <= 32.0: 6 Min <= 0.0: 0 Max Rain: 0.50 ON 11/15/20 Days of Rain: 8 (>.01 in) 3 (>.1 in) 0 (>1 in) Heat Base: 65.0 Cool Base: 65.0 Method: Integration