NOAA-Style Climate Reports

2021: Jan | Feb | Mar | Apr | May | Jun | Jul | Aug | Sep | Oct | Nov | Dec 
2020: Jan | Feb | Mar | Apr | May | Jun | Jul | Aug | Sep | Oct | Nov | Dec 
2019: Jan | Feb | Mar | Apr | May | Jun | Jul | Aug | Sep | Oct | Nov | Dec 
2018: Jan | Feb | Mar | Apr | May | Jun | Jul | Aug | Sep | Oct | Nov | Dec 
2017: Jan | Feb | Mar | Apr | May | Jun | Jul | Aug | Sep | Oct | Nov | Dec 
2016: Jan | Feb | Mar | Apr | May | Jun | Jul | Aug | Sep | Oct | Nov | Dec 
2015: Jan | Feb | Mar | Apr | May | Jun | Jul | Aug | Sep | Oct | Nov | Dec 
2014: Jan | Feb | Mar | Apr | May | Jun | Jul | Aug | Sep | Oct | Nov | Dec 
2013: Jan | Feb | Mar | Apr | May | Jun | Jul | Aug | Sep | Oct | Nov | Dec 
2012: Jan | Feb | Mar | Apr | May | Jun | Jul | Aug | Sep | Oct | Nov | Dec 
2011: Jan | Feb | Mar | Apr | May | Jun | Jul | Aug | Sep | Oct | Nov | Dec 
2010: Jan | Feb | Mar | Apr | May | Jun | Jul | Aug | Sep | Oct | Nov | Dec 
2009: Jan | Feb | Mar | Apr | May | Jun | Jul | Aug | Sep | Oct | Nov | Dec 
2008: Jan | Feb | Mar | Apr | May | Jun | Jul | Aug | Sep | Oct | Nov | Dec 
2007: Jan | Feb | Mar | Apr | May | Jun | Jul | Aug | Sep | Oct | Nov | Dec 
2006: Jan | Feb | Mar | Apr | May | Jun | Jul | Aug | Sep | Oct | Nov | Dec 
2005: Jan | Feb | Mar | Apr | May | Jun | Jul | Aug | Sep | Oct | Nov | Dec 
2004: Jan | Feb | Mar | Apr | May | Jun | Jul | Aug | Sep | Oct | Nov | Dec 
2003: Jan | Feb | Mar | Apr | May | Jun | Jul | Aug | Sep | Oct | Nov | Dec 

Report for 2020 12
MONTHLY CLIMATOLOGICAL SUMMARY for DEC. 2020 NAME: Vantage Pro Plus CITY: Sand Point STATE: MI ELEV: 598 ft LAT: 43 54' 37" N LONG: 83 23' 03" W TEMPERATURE (F), RAIN (in), WIND SPEED (mph) HEAT COOL AVG MEAN DEG DEG WIND DOM DAY TEMP HIGH TIME LOW TIME DAYS DAYS RAIN SPEED HIGH TIME DIR ------------------------------------------------------------------------------------ 1 31.7 36.4 5:00p 28.4 8:10a 33.3 0.0 0.00 4.1 19.0 12:40p NW 2 36.6 42.0 12:50p 31.9 4:40a 28.4 0.0 0.02 9.2 24.0 11:20p NW 3 36.4 37.7 1:00a 35.4 9:20p 28.6 0.0 0.00 15.5 27.0 3:00a WSW 4 37.5 40.8 2:00p 34.2 12:00m 27.5 0.0 0.03 7.1 24.0 4:20a SW 5 31.0 34.2 12:10a 29.5 10:30p 34.0 0.0 0.00 2.2 13.0 7:10a NE 6 31.4 32.5 3:10p 29.9 3:30a 33.6 0.0 0.00 2.3 11.0 2:40a NW 7 32.3 34.6 2:00p 30.6 6:10a 32.7 0.0 0.00 1.9 12.0 11:20a NW 8 33.0 36.3 6:00p 29.2 6:20a 32.0 0.0 0.00 10.1 29.0 7:30p SW 9 37.6 39.9 9:40p 35.5 2:10a 27.4 0.0 0.00 7.7 28.0 12:20a WSW 10 36.0 40.3 4:10p 31.9 8:20a 29.0 0.0 0.00 4.7 12.0 9:30p WSW 11 38.2 41.2 1:40p 34.0 8:20a 26.8 0.0 0.00 2.6 12.0 10:40p NE 12 37.5 40.7 3:30p 31.2 12:00m 27.5 0.0 1.25 4.5 19.0 5:50a ENE 13 30.0 31.8 10:50p 27.7 9:20a 35.0 0.0 0.00 4.5 16.0 11:50a W 14 29.6 33.4 2:00a 25.0 10:00p 35.4 0.0 0.00 8.8 28.0 4:00a W 15 24.9 26.8 1:20p 23.3 8:30a 40.1 0.0 0.00 3.7 19.0 1:00a NW 16 27.3 29.4 2:20p 25.2 2:40a 37.7 0.0 0.00 4.2 14.0 12:00p E 17 29.1 31.6 2:30p 26.9 1:10a 35.9 0.0 0.00 1.5 11.0 12:10a ESE 18 30.4 32.4 1:50p 29.2 12:10a 34.6 0.0 0.00 2.4 11.0 8:30a N 19 32.2 33.6 11:10a 29.9 1:20a 32.8 0.0 0.00 1.5 10.0 3:40a N 20 33.7 35.0 7:10a 32.5 8:50p 31.3 0.0 0.00 0.0 1.0 6:40p N 21 33.7 35.0 2:10p 32.9 12:10a 31.3 0.0 0.01 0.0 1.0 4:00a SW 22 32.5 34.1 12:40p 31.5 9:50a 32.5 0.0 0.02 0.0 1.0 1:10a NW 23 38.9 45.6 11:30p 32.7 12:10a 26.1 0.0 0.00 1.2 15.0 11:20p NW 24 30.8 45.1 12:30a 24.1 12:00m 34.2 0.0 0.01 8.5 34.0 6:10a WSW 25 23.0 25.6 8:50p 20.4 8:10a 42.0 0.0 0.01 6.8 26.0 11:10p NW 26 26.7 29.1 3:50p 22.4 12:10a 38.3 0.0 0.00 7.0 26.0 2:30a W 27 30.2 34.9 11:50p 27.3 12:30a 34.8 0.0 0.06 2.2 10.0 3:50p SE 28 31.0 35.3 12:40a 26.7 10:50p 34.0 0.0 0.09 6.7 27.0 4:50p W 29 25.0 27.4 1:10a 21.5 8:10a 40.0 0.0 0.00 3.7 22.0 2:10a NW 30 31.1 35.0 3:10p 25.3 1:30a 33.9 0.0 0.01 6.2 27.0 7:20p W 31 28.9 30.9 11:40a 23.6 12:00m 36.1 0.0 0.00 4.7 23.0 6:10a W ------------------------------------------------------------------------------------- 31.9 45.6 23 20.4 25 1026.8 0.0 1.51 4.7 34.0 24 NW Max >= 90.0: 0 Max <= 32.0: 8 Min <= 32.0: 24 Min <= 0.0: 0 Max Rain: 1.25 ON 12/12/20 Days of Rain: 6 (>.01 in) 1 (>.1 in) 1 (>1 in) Heat Base: 65.0 Cool Base: 65.0 Method: Integration